    
{"id":94294,"date":"2026-09-04T11:56:56","date_gmt":"2026-09-04T09:56:56","guid":{"rendered":"https:\/\/www.praha7.cz\/?page_id=94294"},"modified":"2026-09-04T12:02:25","modified_gmt":"2026-09-04T10:02:25","slug":"uzemni-plan-su-hl-m-prahy-metropolitni-plan","status":"publish","type":"page","link":"https:\/\/www.praha7.cz\/potrebuji-zaridit\/stavba-rekonstrukce\/planovani-stavby\/uzemni-plan-su-hl-m-prahy-metropolitni-plan\/","title":{"rendered":"\u00dazemn\u00ed pl\u00e1n S\u00da hl. m. Prahy (Metropolitn\u00ed pl\u00e1n)"},"content":{"rendered":"<p>\u00dazemn\u00edm pl\u00e1nem pro hlavn\u00ed m\u011bsto Prahu je tzv. <strong>Metropolitn\u00ed pl\u00e1n (MPP)<\/strong>, schv\u00e1len\u00fd a&nbsp;vydan\u00fd formou opat\u0159en\u00ed obecn\u00e9 povahy <strong>\u010d. 001\/2026<\/strong> Zastupitelstvem hl. m. Prahy dne 28.&nbsp;5.&nbsp;2026. Metropolitn\u00ed pl\u00e1n <strong>nabyl \u00fa\u010dinnosti dne 1.&nbsp;9.&nbsp;2026<\/strong> a&nbsp;nahradil p\u0159edchoz\u00ed \u00fazemn\u00ed pl\u00e1n z\u00a0roku 1999 platn\u00fd ke dni 31.&nbsp;8.&nbsp;2026.<br \/>\r\n<br \/>\r\n<\/p>\r\n<p>Aktu\u00e1ln\u00ed verze Metropolitn\u00edho pl\u00e1nu je k\u00a0dispozici:<br \/>\r\n<br \/>\r\na) ve webov\u00e9 prohl\u00ed\u017eec\u00ed aplikaci IPR Praha na webu <a href=\"https:\/\/plan.praha.eu\/\">plan.praha.eu<\/a><br \/>\r\n<br \/>\r\nb) na webu po\u0159izovatele: <a href=\"https:\/\/praha.eu\/metropolitni-plan\">praha.eu\/metropolitni-plan<\/a> (v&nbsp;sekci \u201eSchv\u00e1len\u00fd a&nbsp;vydan\u00fd n\u00e1vrh, \u00fa\u010dinn\u00fd od 1.&nbsp;9.&nbsp;2026\u201c)<br \/>\r\n<br \/>\r\nc) ke sta\u017een\u00ed po jednotliv\u00fdch \u010d\u00e1stech v&nbsp;p\u0159ehledn\u00e9 struktu\u0159e na webu po\u0159izovatele specializovan\u00e9ho na Metropolitn\u00ed pl\u00e1n: <a href=\"https:\/\/praha.eu\/web\/metropolitniplan\/oop\">praha.eu\/web\/metropolitniplan\/oop<\/a><\/p>","protected":false},"excerpt":{"rendered":"\u00dazemn\u00edm pl\u00e1nem pro hlavn\u00ed m\u011bsto Prahu je tzv. Metropolitn\u00ed pl\u00e1n (MPP), schv\u00e1len\u00fd a&nbsp;vydan\u00fd formou opat\u0159en\u00ed obecn\u00e9 povahy \u010d. 001\/2026 Zastupitelstvem hl. m. Prahy dne 28.&nbsp;5.&nbsp;2026. Metropolitn\u00ed pl\u00e1n nabyl \u00fa\u010dinnosti dne 1.&nbsp;9.&nbsp;2026 a&nbsp;nahradil p\u0159edchoz\u00ed \u00fazemn\u00ed pl\u00e1n z\u00a0roku 1999 platn\u00fd ke dni 31.&nbsp;8.&nbsp;2026. Aktu\u00e1ln\u00ed verze Metropolitn\u00edho pl\u00e1nu je k\u00a0dispozici: a) ve webov\u00e9 prohl\u00ed\u017eec\u00ed aplikaci IPR Praha na [&hellip;]","protected":false},"author":76,"featured_media":0,"parent":6640,"menu_order":0,"comment_status":"closed","ping_status":"closed","template":"","meta":[],"_links":{"self":[{"href":"https:\/\/www.praha7.cz\/api\/wp\/v2\/pages\/94294"}],"collection":[{"href":"https:\/\/www.praha7.cz\/api\/wp\/v2\/pages"}],"about":[{"href":"https:\/\/www.praha7.cz\/api\/wp\/v2\/types\/page"}],"author":[{"embeddable":true,"href":"https:\/\/www.praha7.cz\/api\/wp\/v2\/users\/76"}],"replies":[{"embeddable":true,"href":"https:\/\/www.praha7.cz\/api\/wp\/v2\/comments?post=94294"}],"version-history":[{"count":3,"href":"https:\/\/www.praha7.cz\/api\/wp\/v2\/pages\/94294\/revisions"}],"predecessor-version":[{"id":94301,"href":"https:\/\/www.praha7.cz\/api\/wp\/v2\/pages\/94294\/revisions\/94301"}],"up":[{"embeddable":true,"href":"https:\/\/www.praha7.cz\/api\/wp\/v2\/pages\/6640"}],"wp:attachment":[{"href":"https:\/\/www.praha7.cz\/api\/wp\/v2\/media?parent=94294"}],"curies":[{"name":"wp","href":"https:\/\/api.w.org\/{rel}","templated":true}]}}

Územní plán SÚ hl. m. Prahy (Metropolitní plán)

<p>Územním plánem pro hlavní město Prahu je tzv. <strong>Metropolitní plán (MPP)</strong>, schválený a&nbsp;vydaný formou opatření obecné povahy <strong>č. 001/2026</strong> Zastupitelstvem hl. m. Prahy dne 28.&nbsp;5.&nbsp;2026. Metropolitní plán <strong>nabyl účinnosti dne 1.&nbsp;9.&nbsp;2026</strong> a&nbsp;nahradil předchozí územní plán z roku 1999 platný ke dni 31.&nbsp;8.&nbsp;2026.<br />
<br />
</p>
<p>Aktuální verze Metropolitního plánu je k dispozici:<br />
<br />
a) ve webové prohlížecí aplikaci IPR Praha na webu <a href="https://plan.praha.eu/">plan.praha.eu</a><br />
<br />
b) na webu pořizovatele: <a href="https://praha.eu/metropolitni-plan">praha.eu/metropolitni-plan</a> (v&nbsp;sekci „Schválený a&nbsp;vydaný návrh, účinný od 1.&nbsp;9.&nbsp;2026“)<br />
<br />
c) ke stažení po jednotlivých částech v&nbsp;přehledné struktuře na webu pořizovatele specializovaného na Metropolitní plán: <a href="https://praha.eu/web/metropolitniplan/oop">praha.eu/web/metropolitniplan/oop</a></p>

Územním plánem pro hlavní město Prahu je tzv. Metropolitní plán (MPP), schválený a&nbsp;vydaný formou opatření obecné povahy č. 001/2026 Zastupitelstvem hl. m. Prahy dne 28.&nbsp;5.&nbsp;2026. Metropolitní plán nabyl účinnosti dne 1.&nbsp;9.&nbsp;2026 a&nbsp;nahradil předchozí územní plán z roku 1999 platný ke dni 31.&nbsp;8.&nbsp;2026. Aktuální verze Metropolitního plánu je k dispozici: a) ve webové prohlížecí aplikaci IPR Praha na [&hellip;]
