    
{"id":89706,"date":"2026-02-13T10:58:32","date_gmt":"2026-02-13T09:58:32","guid":{"rendered":"https:\/\/www.praha7.cz\/?page_id=89706"},"modified":"2026-02-13T11:20:41","modified_gmt":"2026-02-13T10:20:41","slug":"podpora-bydleni-v-uzemi-mc-praha-7","status":"publish","type":"page","link":"https:\/\/www.praha7.cz\/temata\/programy-eu\/podpora-bydleni-v-uzemi-mc-praha-7\/","title":{"rendered":"Podpora bydlen\u00ed v&nbsp;\u00fazem\u00ed M\u010c Praha&nbsp;7"},"content":{"rendered":"<p><a href=\"https:\/\/www.praha7.cz\/temata\/programy-eu\/podpora-bydleni-v-uzemi-mc-praha-7\/logo_eu\/\" rel=\"attachment wp-att-89707\"><img loading=\"lazy\" src=\"https:\/\/www.praha7.cz\/wp-content\/uploads\/2026\/02\/logo_eu-600x155.jpg\" alt=\"\" width=\"348\" height=\"90\" class=\"alignnone wp-image-89707 \" srcset=\"https:\/\/www.praha7.cz\/wp-content\/uploads\/2026\/02\/logo_eu-600x155.jpg 600w, https:\/\/www.praha7.cz\/wp-content\/uploads\/2026\/02\/logo_eu.jpg 602w\" sizes=\"(max-width: 348px) 100vw, 348px\" \/><\/a><\/p>\r\n<p><strong>N\u00e1zev projektu<\/strong>: Podpora bydlen\u00ed v&nbsp;\u00fazem\u00ed M\u010c Praha&nbsp;7<\/p>\r\n<p><strong>Reg. \u010d. projektu<\/strong>: CZ.03.02.01\/00\/24_064\/0005577<\/p>\r\n<p><strong>Realizace projektu<\/strong>: 1.&nbsp;1.&nbsp;2026 \u2013 30.&nbsp;6.&nbsp;2028<\/p>\r\n<p><strong>Rozpo\u010det projektu<\/strong>: 8&nbsp;506&nbsp;669,50&nbsp;K\u010d (spolufinancov\u00e1no EU \/ Opera\u010dn\u00ed program Zam\u011bstnanost plus)<\/p>\r\n<p>Projekt M\u010c Praha&nbsp;7 se zam\u011b\u0159uje na stabilizaci a&nbsp;prevenci ztr\u00e1ty bydlen\u00ed u&nbsp;osob soci\u00e1ln\u011b vylou\u010den\u00fdch a\u00a0osob soci\u00e1ln\u00edm vylou\u010den\u00edm ohro\u017een\u00fdch. Sou\u010d\u00e1st\u00ed je posilov\u00e1n\u00ed stabiliza\u010dn\u00edch mechanism\u016f, komunitn\u00ed pr\u00e1ce, syst\u00e9mov\u00fd case management, p\u0159enos dobr\u00e9 praxe a&nbsp;vzd\u011bl\u00e1v\u00e1n\u00ed.<\/p>\r\n<p>C\u00edlem projektu je pos\u00edlit preventivn\u00ed a&nbsp;stabiliza\u010dn\u00ed mechanismy v&nbsp;\u00fazem\u00ed Prahy&nbsp;7 tak, aby se sni\u017eovalo riziko ztr\u00e1ty bydlen\u00ed a&nbsp;opakovan\u00e9ho propadu do bytov\u00e9 nouze, a&nbsp;to zejm\u00e9na skrze koordinaci podpory nap\u0159\u00ed\u010d sektory, komunitn\u00ed pr\u00e1ci a&nbsp;syst\u00e9mov\u00fd case management.<\/p>\r\n<p><strong>KL\u00cd\u010cOV\u00c9 AKTIVITY PROJEKTU<\/strong><\/p>\r\n<p>Aktivita 2: Podp\u016frn\u00e1 syst\u00e9mov\u00e1 opat\u0159en\u00ed \u2013 \u010dinnosti v&nbsp;oblasti koordinace a&nbsp;s\u00ed\u0165ov\u00e1n\u00ed<\/p>\r\n<p>1) Prevence ztr\u00e1ty bydlen\u00ed<br \/>\r\nAktivita je zam\u011b\u0159ena na koordinaci podpory a&nbsp;prevenci krizov\u00fdch situac\u00ed. Vznik\u00e1\/posiluje spolupr\u00e1ce v\u00a0\u00fazem\u00ed, sd\u00edlen\u00ed informac\u00ed a&nbsp;rozvoj mapy slu\u017eeb v\u010detn\u011b identifikace mezer v&nbsp;podpo\u0159e.<\/p>\r\n<p>2) Komunitn\u00ed pr\u00e1ce a&nbsp;bytov\u00fd ombudsman<br \/>\r\nSou\u010d\u00e1st\u00ed je rozvoj komunitn\u00edch aktivit podporuj\u00edc\u00edch sousedsk\u00e9 sou\u017eit\u00ed, prevenci konflikt\u016f a&nbsp;posilov\u00e1n\u00ed soci\u00e1ln\u00ed soudr\u017enosti; z\u00e1rove\u0148 bytov\u00fd ombudsman podporuje komunikaci mezi pronaj\u00edmateli, obc\u00ed a\u00a0n\u00e1jemci a&nbsp;pracuje s&nbsp;mediac\u00ed a&nbsp;osv\u011btou.<\/p>\r\n<p>3) Syst\u00e9mov\u00fd case management na \u00daM\u010c Praha&nbsp;7<br \/>\r\nCase management je n\u00e1stroj pro koordinaci podpory klient\u016f, tvorbu a&nbsp;aktualizaci pl\u00e1n\u016f podpory, \u0159e\u0161en\u00ed kriz\u00ed a&nbsp;propojov\u00e1n\u00ed slu\u017eeb (nap\u0159. dluhov\u00e9 a&nbsp;pr\u00e1vn\u00ed poradenstv\u00ed, d\u00e1vky, soci\u00e1ln\u00ed a&nbsp;ter\u00e9nn\u00ed pr\u00e1ce, n\u00e1vazn\u00e9 slu\u017eby). Sou\u010d\u00e1st\u00ed je tak\u00e9 rozvoj n\u00e1stroje Caseman pro koordinaci a&nbsp;pr\u00e1ci s&nbsp;daty.<\/p>\r\n<p>Aktivita 3: P\u0159enos dobr\u00e9 praxe a&nbsp;vzd\u011bl\u00e1v\u00e1n\u00ed<\/p>\r\n<p>Aktivita zahrnuje sd\u00edlen\u00ed zku\u0161enost\u00ed a&nbsp;dobr\u00e9 praxe (setk\u00e1v\u00e1n\u00ed s&nbsp;dal\u0161\u00edmi obcemi, workshopy, konference, vzd\u011bl\u00e1v\u00e1n\u00ed t\u00fdmu, PR aktivity). C\u00edlem je zvy\u0161ovat kvalitu podpory a&nbsp;posilovat mezioborovou spolupr\u00e1ci v&nbsp;t\u00e9matu bydlen\u00ed.<\/p>\r\n<p>C\u00cdLOV\u00c9 SKUPINY PROJEKTU<\/p>\r\n<p>&#8211; osoby soci\u00e1ln\u011b vylou\u010den\u00e9 a&nbsp;osoby soci\u00e1ln\u00edm vylou\u010den\u00edm ohro\u017een\u00e9,<\/p>\r\n<p>&#8211; poskytovatel\u00e9 a&nbsp;zadavatel\u00e9 soci\u00e1ln\u00edch slu\u017eeb a&nbsp;dal\u0161\u00edch slu\u017eeb na podporu soci\u00e1ln\u00edho za\u010dle\u0148ov\u00e1n\u00ed,<\/p>\r\n<p>&#8211; ve\u0159ejnost (nap\u0159. zapojen\u00ed do komunitn\u00edch akc\u00ed a&nbsp;osv\u011btov\u00fdch aktivit).<\/p>\r\n<p>PL\u00c1NOVAN\u00c9 V\u00ddSTUPY<\/p>\r\n<p>&#8211; metodika komunitn\u00ed pr\u00e1ce v&nbsp;obecn\u00edm bydlen\u00ed M\u010c Praha&nbsp;7,<\/p>\r\n<p>&#8211; z\u00e1v\u011bre\u010dn\u00e1 evalua\u010dn\u00ed zpr\u00e1va projektu (v\u010detn\u011b zhodnocen\u00ed p\u0159enosu praxe a&nbsp;udr\u017eitelnosti aktivit).<\/p>","protected":false},"excerpt":{"rendered":"N\u00e1zev projektu: Podpora bydlen\u00ed v&nbsp;\u00fazem\u00ed M\u010c Praha&nbsp;7 Reg. \u010d. projektu: CZ.03.02.01\/00\/24_064\/0005577 Realizace projektu: 1.&nbsp;1.&nbsp;2026 \u2013 30.&nbsp;6.&nbsp;2028 Rozpo\u010det projektu: 8&nbsp;506&nbsp;669,50&nbsp;K\u010d (spolufinancov\u00e1no EU \/ Opera\u010dn\u00ed program Zam\u011bstnanost plus) Projekt M\u010c Praha&nbsp;7 se zam\u011b\u0159uje na stabilizaci a&nbsp;prevenci ztr\u00e1ty bydlen\u00ed u&nbsp;osob soci\u00e1ln\u011b vylou\u010den\u00fdch a\u00a0osob soci\u00e1ln\u00edm vylou\u010den\u00edm ohro\u017een\u00fdch. Sou\u010d\u00e1st\u00ed je posilov\u00e1n\u00ed stabiliza\u010dn\u00edch mechanism\u016f, komunitn\u00ed pr\u00e1ce, syst\u00e9mov\u00fd case management, p\u0159enos dobr\u00e9 [&hellip;]","protected":false},"author":76,"featured_media":0,"parent":6116,"menu_order":0,"comment_status":"closed","ping_status":"closed","template":"","meta":[],"_links":{"self":[{"href":"https:\/\/www.praha7.cz\/api\/wp\/v2\/pages\/89706"}],"collection":[{"href":"https:\/\/www.praha7.cz\/api\/wp\/v2\/pages"}],"about":[{"href":"https:\/\/www.praha7.cz\/api\/wp\/v2\/types\/page"}],"author":[{"embeddable":true,"href":"https:\/\/www.praha7.cz\/api\/wp\/v2\/users\/76"}],"replies":[{"embeddable":true,"href":"https:\/\/www.praha7.cz\/api\/wp\/v2\/comments?post=89706"}],"version-history":[{"count":3,"href":"https:\/\/www.praha7.cz\/api\/wp\/v2\/pages\/89706\/revisions"}],"predecessor-version":[{"id":89719,"href":"https:\/\/www.praha7.cz\/api\/wp\/v2\/pages\/89706\/revisions\/89719"}],"up":[{"embeddable":true,"href":"https:\/\/www.praha7.cz\/api\/wp\/v2\/pages\/6116"}],"wp:attachment":[{"href":"https:\/\/www.praha7.cz\/api\/wp\/v2\/media?parent=89706"}],"curies":[{"name":"wp","href":"https:\/\/api.w.org\/{rel}","templated":true}]}}

Podpora bydlení v&nbsp;území MČ Praha&nbsp;7

<p><a href="https://www.praha7.cz/temata/programy-eu/podpora-bydleni-v-uzemi-mc-praha-7/logo_eu/" rel="attachment wp-att-89707"><img loading="lazy" src="https://www.praha7.cz/wp-content/uploads/2026/02/logo_eu-600x155.jpg" alt="" width="348" height="90" class="alignnone wp-image-89707 " srcset="https://www.praha7.cz/wp-content/uploads/2026/02/logo_eu-600x155.jpg 600w, https://www.praha7.cz/wp-content/uploads/2026/02/logo_eu.jpg 602w" sizes="(max-width: 348px) 100vw, 348px" /></a></p>
<p><strong>Název projektu</strong>: Podpora bydlení v&nbsp;území MČ Praha&nbsp;7</p>
<p><strong>Reg. č. projektu</strong>: CZ.03.02.01/00/24_064/0005577</p>
<p><strong>Realizace projektu</strong>: 1.&nbsp;1.&nbsp;2026 – 30.&nbsp;6.&nbsp;2028</p>
<p><strong>Rozpočet projektu</strong>: 8&nbsp;506&nbsp;669,50&nbsp;Kč (spolufinancováno EU / Operační program Zaměstnanost plus)</p>
<p>Projekt MČ Praha&nbsp;7 se zaměřuje na stabilizaci a&nbsp;prevenci ztráty bydlení u&nbsp;osob sociálně vyloučených a osob sociálním vyloučením ohrožených. Součástí je posilování stabilizačních mechanismů, komunitní práce, systémový case management, přenos dobré praxe a&nbsp;vzdělávání.</p>
<p>Cílem projektu je posílit preventivní a&nbsp;stabilizační mechanismy v&nbsp;území Prahy&nbsp;7 tak, aby se snižovalo riziko ztráty bydlení a&nbsp;opakovaného propadu do bytové nouze, a&nbsp;to zejména skrze koordinaci podpory napříč sektory, komunitní práci a&nbsp;systémový case management.</p>
<p><strong>KLÍČOVÉ AKTIVITY PROJEKTU</strong></p>
<p>Aktivita 2: Podpůrná systémová opatření – činnosti v&nbsp;oblasti koordinace a&nbsp;síťování</p>
<p>1) Prevence ztráty bydlení<br />
Aktivita je zaměřena na koordinaci podpory a&nbsp;prevenci krizových situací. Vzniká/posiluje spolupráce v území, sdílení informací a&nbsp;rozvoj mapy služeb včetně identifikace mezer v&nbsp;podpoře.</p>
<p>2) Komunitní práce a&nbsp;bytový ombudsman<br />
Součástí je rozvoj komunitních aktivit podporujících sousedské soužití, prevenci konfliktů a&nbsp;posilování sociální soudržnosti; zároveň bytový ombudsman podporuje komunikaci mezi pronajímateli, obcí a nájemci a&nbsp;pracuje s&nbsp;mediací a&nbsp;osvětou.</p>
<p>3) Systémový case management na ÚMČ Praha&nbsp;7<br />
Case management je nástroj pro koordinaci podpory klientů, tvorbu a&nbsp;aktualizaci plánů podpory, řešení krizí a&nbsp;propojování služeb (např. dluhové a&nbsp;právní poradenství, dávky, sociální a&nbsp;terénní práce, návazné služby). Součástí je také rozvoj nástroje Caseman pro koordinaci a&nbsp;práci s&nbsp;daty.</p>
<p>Aktivita 3: Přenos dobré praxe a&nbsp;vzdělávání</p>
<p>Aktivita zahrnuje sdílení zkušeností a&nbsp;dobré praxe (setkávání s&nbsp;dalšími obcemi, workshopy, konference, vzdělávání týmu, PR aktivity). Cílem je zvyšovat kvalitu podpory a&nbsp;posilovat mezioborovou spolupráci v&nbsp;tématu bydlení.</p>
<p>CÍLOVÉ SKUPINY PROJEKTU</p>
<p>&#8211; osoby sociálně vyloučené a&nbsp;osoby sociálním vyloučením ohrožené,</p>
<p>&#8211; poskytovatelé a&nbsp;zadavatelé sociálních služeb a&nbsp;dalších služeb na podporu sociálního začleňování,</p>
<p>&#8211; veřejnost (např. zapojení do komunitních akcí a&nbsp;osvětových aktivit).</p>
<p>PLÁNOVANÉ VÝSTUPY</p>
<p>&#8211; metodika komunitní práce v&nbsp;obecním bydlení MČ Praha&nbsp;7,</p>
<p>&#8211; závěrečná evaluační zpráva projektu (včetně zhodnocení přenosu praxe a&nbsp;udržitelnosti aktivit).</p>

Název projektu: Podpora bydlení v&nbsp;území MČ Praha&nbsp;7 Reg. č. projektu: CZ.03.02.01/00/24_064/0005577 Realizace projektu: 1.&nbsp;1.&nbsp;2026 – 30.&nbsp;6.&nbsp;2028 Rozpočet projektu: 8&nbsp;506&nbsp;669,50&nbsp;Kč (spolufinancováno EU / Operační program Zaměstnanost plus) Projekt MČ Praha&nbsp;7 se zaměřuje na stabilizaci a&nbsp;prevenci ztráty bydlení u&nbsp;osob sociálně vyloučených a osob sociálním vyloučením ohrožených. Součástí je posilování stabilizačních mechanismů, komunitní práce, systémový case management, přenos dobré [&hellip;]
