    
{"id":88105,"date":"2025-11-24T15:54:40","date_gmt":"2025-11-24T14:54:40","guid":{"rendered":"https:\/\/www.praha7.cz\/?page_id=88105"},"modified":"2025-11-24T15:54:40","modified_gmt":"2025-11-24T14:54:40","slug":"zona-zakazu-stani","status":"publish","type":"page","link":"https:\/\/www.praha7.cz\/zona-zakazu-stani\/","title":{"rendered":"Z\u00f3na z\u00e1kazu st\u00e1n\u00ed"},"content":{"rendered":"<p>[perex]<\/p>\r\n<p>Upozor\u0148ujeme \u0159idi\u010de, \u017ee na cel\u00e9m\u00a0\u00fazem\u00ed M\u010c Praha&nbsp;7 je vymezena z\u00f3na z\u00e1kazu st\u00e1n\u00ed vozidel. P\u0159\u00edslu\u0161n\u00e9 svisl\u00e9 dopravn\u00ed zna\u010dky jsou um\u00edst\u011bny mnoho let na v\u0161ech p\u0159\u00edjezdov\u00fdch komunikac\u00edch ve sm\u011bru do Prahy&nbsp;7.<\/p>\r\n<p>Na \u00fazem\u00ed m\u011bstsk\u00e9 \u010d\u00e1sti je mo\u017en\u00e9 parkovat automobily pouze v&nbsp;m\u00edstech vyzna\u010den\u00fdch p\u0159\u00edslu\u0161n\u00fdmi parkovac\u00edmi zna\u010dkami, p\u0159\u00edpadn\u011b na komer\u010dn\u00edch parkovi\u0161t\u00edch dle podm\u00ednek spr\u00e1vce \u010di provozovatele parkovi\u0161t\u011b.<\/p>\r\n<p>[\/perex]<\/p>\r\n<p><img loading=\"lazy\" src=\"https:\/\/www.praha7.cz\/wp-content\/uploads\/2025\/11\/znacka-zona-zakazstani.png\" alt=\"\" width=\"692\" height=\"359\" class=\"alignnone  wp-image-88104\" srcset=\"https:\/\/www.praha7.cz\/wp-content\/uploads\/2025\/11\/znacka-zona-zakazstani.png 1077w, https:\/\/www.praha7.cz\/wp-content\/uploads\/2025\/11\/znacka-zona-zakazstani-600x311.png 600w, https:\/\/www.praha7.cz\/wp-content\/uploads\/2025\/11\/znacka-zona-zakazstani-768x399.png 768w\" sizes=\"(max-width: 692px) 100vw, 692px\" \/><\/p>\r\n<p>&nbsp;<\/p>\r\n<p>Tam, kde na ulic\u00edch sch\u00e1z\u00ed parkovac\u00ed zna\u010dky vymezuj\u00edc\u00ed z\u00f3nu placen\u00e9ho st\u00e1n\u00ed, vyhrazen\u00e9 parkov\u00e1n\u00ed, rychloot\u00e1\u010dkov\u00e9 zastaven\u00ed, parkov\u00e1n\u00ed pro invalidy apod., plat\u00ed z\u00e1kaz st\u00e1n\u00ed vozidel.<\/p>\r\n<p>\u00a0St\u00e1n\u00ed vozidel mimo povolen\u00e1 m\u00edsta je dopravn\u00edm p\u0159estupkem a&nbsp;m\u016f\u017ee b\u00fdt \u0159e\u0161eno M\u011bstkou polici\u00ed nebo n\u00e1vazn\u011b v\u011bcn\u011b a&nbsp;m\u00edstn\u011b p\u0159\u00edslu\u0161n\u00fdm spr\u00e1vn\u00edm org\u00e1nem. D\u011bkujeme, \u017ee vyu\u017e\u00edv\u00e1te leg\u00e1ln\u00edch mo\u017enost\u00ed pro zastaven\u00ed i&nbsp;st\u00e1n\u00ed va\u0161ich vozidel na cel\u00e9m \u00fazem\u00ed Prahy&nbsp;7.<\/p>","protected":false},"excerpt":{"rendered":"[perex] Upozor\u0148ujeme \u0159idi\u010de, \u017ee na cel\u00e9m\u00a0\u00fazem\u00ed M\u010c Praha&nbsp;7 je vymezena z\u00f3na z\u00e1kazu st\u00e1n\u00ed vozidel. P\u0159\u00edslu\u0161n\u00e9 svisl\u00e9 dopravn\u00ed zna\u010dky jsou um\u00edst\u011bny mnoho let na v\u0161ech p\u0159\u00edjezdov\u00fdch komunikac\u00edch ve sm\u011bru do Prahy&nbsp;7. Na \u00fazem\u00ed m\u011bstsk\u00e9 \u010d\u00e1sti je mo\u017en\u00e9 parkovat automobily pouze v&nbsp;m\u00edstech vyzna\u010den\u00fdch p\u0159\u00edslu\u0161n\u00fdmi parkovac\u00edmi zna\u010dkami, p\u0159\u00edpadn\u011b na komer\u010dn\u00edch parkovi\u0161t\u00edch dle podm\u00ednek spr\u00e1vce \u010di provozovatele parkovi\u0161t\u011b. [\/perex] [&hellip;]","protected":false},"author":5,"featured_media":0,"parent":0,"menu_order":0,"comment_status":"closed","ping_status":"closed","template":"","meta":[],"_links":{"self":[{"href":"https:\/\/www.praha7.cz\/api\/wp\/v2\/pages\/88105"}],"collection":[{"href":"https:\/\/www.praha7.cz\/api\/wp\/v2\/pages"}],"about":[{"href":"https:\/\/www.praha7.cz\/api\/wp\/v2\/types\/page"}],"author":[{"embeddable":true,"href":"https:\/\/www.praha7.cz\/api\/wp\/v2\/users\/5"}],"replies":[{"embeddable":true,"href":"https:\/\/www.praha7.cz\/api\/wp\/v2\/comments?post=88105"}],"version-history":[{"count":5,"href":"https:\/\/www.praha7.cz\/api\/wp\/v2\/pages\/88105\/revisions"}],"predecessor-version":[{"id":88110,"href":"https:\/\/www.praha7.cz\/api\/wp\/v2\/pages\/88105\/revisions\/88110"}],"wp:attachment":[{"href":"https:\/\/www.praha7.cz\/api\/wp\/v2\/media?parent=88105"}],"curies":[{"name":"wp","href":"https:\/\/api.w.org\/{rel}","templated":true}]}}

Zóna zákazu stání

<p>[perex]</p>
<p>Upozorňujeme řidiče, že na celém území MČ Praha&nbsp;7 je vymezena zóna zákazu stání vozidel. Příslušné svislé dopravní značky jsou umístěny mnoho let na všech příjezdových komunikacích ve směru do Prahy&nbsp;7.</p>
<p>Na území městské části je možné parkovat automobily pouze v&nbsp;místech vyznačených příslušnými parkovacími značkami, případně na komerčních parkovištích dle podmínek správce či provozovatele parkoviště.</p>
<p>[/perex]</p>
<p><img loading="lazy" src="https://www.praha7.cz/wp-content/uploads/2025/11/znacka-zona-zakazstani.png" alt="" width="692" height="359" class="alignnone  wp-image-88104" srcset="https://www.praha7.cz/wp-content/uploads/2025/11/znacka-zona-zakazstani.png 1077w, https://www.praha7.cz/wp-content/uploads/2025/11/znacka-zona-zakazstani-600x311.png 600w, https://www.praha7.cz/wp-content/uploads/2025/11/znacka-zona-zakazstani-768x399.png 768w" sizes="(max-width: 692px) 100vw, 692px" /></p>
<p>&nbsp;</p>
<p>Tam, kde na ulicích schází parkovací značky vymezující zónu placeného stání, vyhrazené parkování, rychlootáčkové zastavení, parkování pro invalidy apod., platí zákaz stání vozidel.</p>
<p> Stání vozidel mimo povolená místa je dopravním přestupkem a&nbsp;může být řešeno Městkou policií nebo návazně věcně a&nbsp;místně příslušným správním orgánem. Děkujeme, že využíváte legálních možností pro zastavení i&nbsp;stání vašich vozidel na celém území Prahy&nbsp;7.</p>

[perex] Upozorňujeme řidiče, že na celém území MČ Praha&nbsp;7 je vymezena zóna zákazu stání vozidel. Příslušné svislé dopravní značky jsou umístěny mnoho let na všech příjezdových komunikacích ve směru do Prahy&nbsp;7. Na území městské části je možné parkovat automobily pouze v&nbsp;místech vyznačených příslušnými parkovacími značkami, případně na komerčních parkovištích dle podmínek správce či provozovatele parkoviště. [/perex] [&hellip;]
