    
{"id":8421,"date":"2017-10-24T19:27:08","date_gmt":"2017-10-24T17:27:08","guid":{"rendered":"https:\/\/praha7.cz\/?page_id=8421"},"modified":"2026-04-10T11:16:17","modified_gmt":"2026-04-10T09:16:17","slug":"participace","status":"publish","type":"page","link":"https:\/\/www.praha7.cz\/temata\/participace\/","title":{"rendered":"Participace"},"content":{"rendered":"<p>[perex]<\/p>\r\n<p>Participace ob\u010dan\u016f na rozhodov\u00e1n\u00ed je z\u00e1kladn\u00edm p\u0159edpokladem funguj\u00edc\u00ed m\u00edstn\u00ed samospr\u00e1vy. V&nbsp;t\u00e9to oblasti se m\u011bstsk\u00e1 \u010d\u00e1st v\u011bnuje participaci, kter\u00e1 je nad r\u00e1mec b\u011b\u017en\u00fdch mo\u017enost\u00ed zapojen\u00ed ob\u010dan\u016f (volby, jedn\u00e1n\u00ed zastupitelstva, \u00fa\u010dast na jedn\u00e1n\u00edch v\u00fdbor\u016f a&nbsp;komis\u00ed M\u010c Praha&nbsp;7 atd.). Praha&nbsp;7 se dlouhodob\u011b sna\u017e\u00ed participaci ob\u010dan\u016f rozv\u00edjet a&nbsp;podporovat jejich aktivn\u00ed zapojen\u00ed do \u017eivota na Sedmi\u010dce.<\/p>\r\n<p>[\/perex]<\/p>\r\n<p>V\u00edce n\u00e1stroj\u016f participace je \u017e\u00e1douc\u00edch &#8211; jednak funguj\u00ed jako zp\u011btn\u00e1 vazba pro politiky a&nbsp;\u00fa\u0159ad a&nbsp;pom\u00e1haj\u00ed orientovat priority sm\u011brem ke skute\u010dn\u00fdm pot\u0159eb\u00e1m obyvatel, jednak p\u0159irozen\u011b a&nbsp;nezprost\u0159edkovan\u011b informuj\u00ed obyvatele o&nbsp;\u0159e\u0161en\u00fdch probl\u00e9mech a&nbsp;prob\u00edhaj\u00edc\u00edch projektech a&nbsp;d\u00e1vaj\u00ed jim mo\u017enost se pod\u00edlet na hled\u00e1n\u00ed \u0159e\u0161en\u00ed.<\/p>\r\n<p>&nbsp;<\/p>\r\n\n    <div class=\"container-fluid guidelist text-center\">\n        <div class=\"row\">\n            <div class=\"col-xs-12 col-md-6 guidelist-container\">\n                <a href=\"https:\/\/www.praha7.cz\/temata\/mistni-agenda-ma21\/\" class=\"btn btn-block\">M\u00edstn\u00ed agenda MA21<\/a>\n            <\/div>\n            <div class=\"col-xs-12 col-md-6 guidelist-container\">\n                <a href=\"https:\/\/www.praha7.cz\/potrebuji-zaridit\/planujte-sedmicku-s-nami\/\" class=\"btn btn-block\">Pl\u00e1nujte Sedmi\u010dku s&nbsp;n\u00e1mi<\/a>\n            <\/div>\n            <div class=\"col-xs-12 col-md-6 guidelist-container\">\n                <a href=\"https:\/\/www.praha7.cz\/temata\/participace\/zastupitelstvo-mladych\/\" class=\"btn btn-block\">Zastupitelstvo mlad\u00fdch<\/a>\n            <\/div>\n            <div class=\"col-xs-12 col-md-6 guidelist-container\">\n                <a href=\"https:\/\/www.praha7.cz\/?page_id=14672\" class=\"btn btn-block\">Soukrom\u00fd: MAP II Praha&nbsp;7<\/a>\n            <\/div>\n        <\/div>\n    <\/div>\n\n\r\n<p>&nbsp;<\/p>\r\n<p>Krom\u011b povinn\u011b otev\u0159en\u00fdch zased\u00e1n\u00ed zastupitelstva jsou \u00fa\u010dasti ob\u010dan\u016f otev\u0159eny i&nbsp;v\u00fd\u0161e zm\u00edn\u011bn\u00e9 projekty. Ka\u017edoro\u010dn\u011b prob\u00edhaj\u00ed tak\u00e9 participativn\u00ed rozpo\u010dty ve \u0161kol\u00e1ch Prahy&nbsp;7. Ka\u017ed\u00e1 \u0161kola dostane k\u00a0dispozici 50 tis\u00edc korun a\u00a0\u017e\u00e1ci navrhuj\u00ed a\u00a0hlasuj\u00ed o\u00a0zp\u016fsobu jejich vyu\u017eit\u00ed. N\u00e1sledn\u011b pom\u00e1haj\u00ed tak\u00e9 cel\u00fd projekt zrealizovat.<\/p>\r\n<p>&nbsp;<\/p>\r\n<p>Pravideln\u00e9 aktivity jsou dopln\u011bny i&nbsp;mno\u017estv\u00edm jednor\u00e1zov\u00fdch akc\u00ed, kde jsou ob\u010dan\u00e9 v\u00edt\u00e1n\u00ed a&nbsp;mohou uplatnit sv\u016fj n\u00e1zor a&nbsp;p\u0159ipom\u00ednky.<\/p>","protected":false},"excerpt":{"rendered":"[perex] Participace ob\u010dan\u016f na rozhodov\u00e1n\u00ed je z\u00e1kladn\u00edm p\u0159edpokladem funguj\u00edc\u00ed m\u00edstn\u00ed samospr\u00e1vy. V&nbsp;t\u00e9to oblasti se m\u011bstsk\u00e1 \u010d\u00e1st v\u011bnuje participaci, kter\u00e1 je nad r\u00e1mec b\u011b\u017en\u00fdch mo\u017enost\u00ed zapojen\u00ed ob\u010dan\u016f (volby, jedn\u00e1n\u00ed zastupitelstva, \u00fa\u010dast na jedn\u00e1n\u00edch v\u00fdbor\u016f a&nbsp;komis\u00ed M\u010c Praha&nbsp;7 atd.). Praha&nbsp;7 se dlouhodob\u011b sna\u017e\u00ed participaci ob\u010dan\u016f rozv\u00edjet a&nbsp;podporovat jejich aktivn\u00ed zapojen\u00ed do \u017eivota na Sedmi\u010dce. [\/perex] V\u00edce n\u00e1stroj\u016f [&hellip;]","protected":false},"author":17,"featured_media":0,"parent":4798,"menu_order":0,"comment_status":"closed","ping_status":"closed","template":"","meta":[],"_links":{"self":[{"href":"https:\/\/www.praha7.cz\/api\/wp\/v2\/pages\/8421"}],"collection":[{"href":"https:\/\/www.praha7.cz\/api\/wp\/v2\/pages"}],"about":[{"href":"https:\/\/www.praha7.cz\/api\/wp\/v2\/types\/page"}],"author":[{"embeddable":true,"href":"https:\/\/www.praha7.cz\/api\/wp\/v2\/users\/17"}],"replies":[{"embeddable":true,"href":"https:\/\/www.praha7.cz\/api\/wp\/v2\/comments?post=8421"}],"version-history":[{"count":18,"href":"https:\/\/www.praha7.cz\/api\/wp\/v2\/pages\/8421\/revisions"}],"predecessor-version":[{"id":91109,"href":"https:\/\/www.praha7.cz\/api\/wp\/v2\/pages\/8421\/revisions\/91109"}],"up":[{"embeddable":true,"href":"https:\/\/www.praha7.cz\/api\/wp\/v2\/pages\/4798"}],"wp:attachment":[{"href":"https:\/\/www.praha7.cz\/api\/wp\/v2\/media?parent=8421"}],"curies":[{"name":"wp","href":"https:\/\/api.w.org\/{rel}","templated":true}]}}

<p>[perex]</p>
<p>Participace občanů na rozhodování je základním předpokladem fungující místní samosprávy. V&nbsp;této oblasti se městská část věnuje participaci, která je nad rámec běžných možností zapojení občanů (volby, jednání zastupitelstva, účast na jednáních výborů a&nbsp;komisí MČ Praha&nbsp;7 atd.). Praha&nbsp;7 se dlouhodobě snaží participaci občanů rozvíjet a&nbsp;podporovat jejich aktivní zapojení do života na Sedmičce.</p>
<p>[/perex]</p>
<p>Více nástrojů participace je žádoucích &#8211; jednak fungují jako zpětná vazba pro politiky a&nbsp;úřad a&nbsp;pomáhají orientovat priority směrem ke skutečným potřebám obyvatel, jednak přirozeně a&nbsp;nezprostředkovaně informují obyvatele o&nbsp;řešených problémech a&nbsp;probíhajících projektech a&nbsp;dávají jim možnost se podílet na hledání řešení.</p>
<p>&nbsp;</p>

    <div class="container-fluid guidelist text-center">
        <div class="row">
            <div class="col-xs-12 col-md-6 guidelist-container">
                <a href="https://www.praha7.cz/temata/mistni-agenda-ma21/" class="btn btn-block">Místní agenda MA21</a>
            </div>
            <div class="col-xs-12 col-md-6 guidelist-container">
                <a href="https://www.praha7.cz/potrebuji-zaridit/planujte-sedmicku-s-nami/" class="btn btn-block">Plánujte Sedmičku s&nbsp;námi</a>
            </div>
            <div class="col-xs-12 col-md-6 guidelist-container">
                <a href="https://www.praha7.cz/temata/participace/zastupitelstvo-mladych/" class="btn btn-block">Zastupitelstvo mladých</a>
            </div>
            <div class="col-xs-12 col-md-6 guidelist-container">
                <a href="https://www.praha7.cz/?page_id=14672" class="btn btn-block">Soukromý: MAP II Praha&nbsp;7</a>
            </div>
        </div>
    </div>


<p>&nbsp;</p>
<p>Kromě povinně otevřených zasedání zastupitelstva jsou účasti občanů otevřeny i&nbsp;výše zmíněné projekty. Každoročně probíhají také participativní rozpočty ve školách Prahy&nbsp;7. Každá škola dostane k dispozici 50 tisíc korun a žáci navrhují a hlasují o způsobu jejich využití. Následně pomáhají také celý projekt zrealizovat.</p>
<p>&nbsp;</p>
<p>Pravidelné aktivity jsou doplněny i&nbsp;množstvím jednorázových akcí, kde jsou občané vítání a&nbsp;mohou uplatnit svůj názor a&nbsp;připomínky.</p>

[perex] Participace občanů na rozhodování je základním předpokladem fungující místní samosprávy. V&nbsp;této oblasti se městská část věnuje participaci, která je nad rámec běžných možností zapojení občanů (volby, jednání zastupitelstva, účast na jednáních výborů a&nbsp;komisí MČ Praha&nbsp;7 atd.). Praha&nbsp;7 se dlouhodobě snaží participaci občanů rozvíjet a&nbsp;podporovat jejich aktivní zapojení do života na Sedmičce. [/perex] Více nástrojů [&hellip;]
