    
{"id":81754,"date":"2025-01-21T11:28:39","date_gmt":"2025-01-21T10:28:39","guid":{"rendered":"https:\/\/www.praha7.cz\/?page_id=81754"},"modified":"2025-01-21T17:19:02","modified_gmt":"2025-01-21T16:19:02","slug":"architektonicky-manual-prahy-7","status":"publish","type":"page","link":"https:\/\/www.praha7.cz\/temata\/art-district-7\/architektonicky-manual-prahy-7\/","title":{"rendered":"Architektonick\u00fd manu\u00e1l Prahy&nbsp;7"},"content":{"rendered":"<p>Nejv\u00fdrazn\u011bj\u0161\u00ed pam\u00e1tky metropole dokumentuje ned\u00e1vno vznikl\u00fd Pra\u017esk\u00fd architektonick\u00fd manu\u00e1l. Do jeho prvn\u00ed, pilotn\u00ed f\u00e1ze byla za\u0159azena i&nbsp;Praha&nbsp;7 a&nbsp;do tvorby obsahu tohoto manu\u00e1lu se m\u016f\u017eete zapojit i&nbsp;vy. Akademie v\u011bd zp\u0159\u00edstupnila na webov\u00e9 adrese <a href=\"https:\/\/umeleckepamatky.udu.cas.cz\/\" target=\"_blank\" rel=\"noopener\">umeleckepamatky.udu.cas.cz<\/a> port\u00e1l, kter\u00fd m\u00e1 fungovat jako otev\u0159en\u00fd zdroj informac\u00ed o&nbsp;architektu\u0159e.<\/p>\r\n<p>V testovac\u00edm re\u017eimu p\u0159edstavili tv\u016frci projektu spole\u010dn\u011b s&nbsp;Prahou 7 tak\u00e9 Prahu 3 a&nbsp;Prahu 10. Ty toti\u017e pat\u0159\u00ed mezi mlad\u0161\u00ed \u010dtvrti tzv. Velk\u00e9 Prahy, tak\u017ee jejich architektura a&nbsp;pam\u00e1tky jsou nejm\u00e9n\u011b zdokumentovan\u00e9. Port\u00e1l nab\u00edz\u00ed nap\u0159\u00edklad interaktivn\u00ed mapu Sedmi\u010dky obsahuj\u00edc\u00ed stru\u010dn\u00fd popis m\u00edstn\u00edch pam\u011btihodnost\u00ed a&nbsp;z\u00e1rove\u0148 i&nbsp;odkaz na rozs\u00e1hlej\u0161\u00ed odborn\u00e9 texty, kter\u00e9 poslou\u017e\u00ed nap\u0159\u00edklad badatel\u016fm.<\/p>\r\n<h3><a href=\"https:\/\/umeleckepamatky.udu.cas.cz\/lokace\/2-test\" target=\"_blank\" rel=\"noopener\">Architektonick\u00fd manu\u00e1l Prahy&nbsp;7<\/a><\/h3>\r\n<p>Sou\u010d\u00e1st\u00ed ka\u017ed\u00e9ho hesla jsou aktu\u00e1ln\u00ed i&nbsp;historick\u00e9 sn\u00edmky popisovan\u00fdch objekt\u016f a&nbsp;oblast\u00ed. Ty poch\u00e1zej\u00ed nejen z&nbsp;ofici\u00e1ln\u00edch archiv\u016f, ale i&nbsp;ze soukrom\u00fdch sb\u00edrek. Nov\u00e1 elektronick\u00e1 datab\u00e1ze je toti\u017e otev\u0159en\u00e1 ve\u0159ejnosti, tak\u017ee ji m\u016f\u017ee roz\u0161i\u0159ovat a&nbsp;dopl\u0148ovat prakticky kdokoli. Pokud tedy vlastn\u00edte zaj\u00edmavou dobovou fotografii, o&nbsp;ni\u017e byste se r\u00e1di pod\u011blili, sta\u010d\u00ed ji zkr\u00e1tka nahr\u00e1t.<\/p>\r\n<p>Vedle architektonick\u00e9ho manu\u00e1lu p\u0159ibl\u00ed\u017e\u00ed Prahu 7 z\u00e1jemc\u016fm taky nov\u00fd ti\u0161t\u011bn\u00fd pr\u016fvodce s&nbsp;mapkou, kter\u00fd je od konce ledna 2025 k&nbsp;dost\u00e1n\u00ed v&nbsp;Informa\u010dn\u00edm centru Milady Hor\u00e1kov\u00e9 2 a&nbsp;na radnici Prahy&nbsp;7. Doporu\u010duje patn\u00e1ct konkr\u00e9tn\u00edch lokalit, kter\u00e9 jsou pro Sedmi\u010dku z&nbsp;architektonick\u00e9ho hlediska v\u00fdznamn\u00e9, upozor\u0148uje ale i&nbsp;na dal\u0161\u00ed zaj\u00edmav\u00e1 m\u00edsta v&nbsp;na\u0161\u00ed mimo\u0159\u00e1dn\u011b zaj\u00edmav\u00e9 \u010dtvrti.<\/p>\r\n<p>&nbsp;<\/p>\r\n<p><img loading=\"lazy\" src=\"https:\/\/www.praha7.cz\/wp-content\/uploads\/2025\/01\/logo_eu_mk_npo_.png\" alt=\"\" width=\"1234\" height=\"135\" class=\"alignnone size-full wp-image-81786\" srcset=\"https:\/\/www.praha7.cz\/wp-content\/uploads\/2025\/01\/logo_eu_mk_npo_.png 1234w, https:\/\/www.praha7.cz\/wp-content\/uploads\/2025\/01\/logo_eu_mk_npo_-600x66.png 600w, https:\/\/www.praha7.cz\/wp-content\/uploads\/2025\/01\/logo_eu_mk_npo_-768x84.png 768w\" sizes=\"(max-width: 1234px) 100vw, 1234px\" \/><\/p>","protected":false},"excerpt":{"rendered":"Nejv\u00fdrazn\u011bj\u0161\u00ed pam\u00e1tky metropole dokumentuje ned\u00e1vno vznikl\u00fd Pra\u017esk\u00fd architektonick\u00fd manu\u00e1l. Do jeho prvn\u00ed, pilotn\u00ed f\u00e1ze byla za\u0159azena i&nbsp;Praha&nbsp;7 a&nbsp;do tvorby obsahu tohoto manu\u00e1lu se m\u016f\u017eete zapojit i&nbsp;vy. Akademie v\u011bd zp\u0159\u00edstupnila na webov\u00e9 adrese umeleckepamatky.udu.cas.cz port\u00e1l, kter\u00fd m\u00e1 fungovat jako otev\u0159en\u00fd zdroj informac\u00ed o&nbsp;architektu\u0159e. V&nbsp;testovac\u00edm re\u017eimu p\u0159edstavili tv\u016frci projektu spole\u010dn\u011b s&nbsp;Prahou 7 tak\u00e9 Prahu 3 a&nbsp;Prahu [&hellip;]","protected":false},"author":251,"featured_media":0,"parent":5491,"menu_order":0,"comment_status":"closed","ping_status":"closed","template":"","meta":[],"_links":{"self":[{"href":"https:\/\/www.praha7.cz\/api\/wp\/v2\/pages\/81754"}],"collection":[{"href":"https:\/\/www.praha7.cz\/api\/wp\/v2\/pages"}],"about":[{"href":"https:\/\/www.praha7.cz\/api\/wp\/v2\/types\/page"}],"author":[{"embeddable":true,"href":"https:\/\/www.praha7.cz\/api\/wp\/v2\/users\/251"}],"replies":[{"embeddable":true,"href":"https:\/\/www.praha7.cz\/api\/wp\/v2\/comments?post=81754"}],"version-history":[{"count":3,"href":"https:\/\/www.praha7.cz\/api\/wp\/v2\/pages\/81754\/revisions"}],"predecessor-version":[{"id":82062,"href":"https:\/\/www.praha7.cz\/api\/wp\/v2\/pages\/81754\/revisions\/82062"}],"up":[{"embeddable":true,"href":"https:\/\/www.praha7.cz\/api\/wp\/v2\/pages\/5491"}],"wp:attachment":[{"href":"https:\/\/www.praha7.cz\/api\/wp\/v2\/media?parent=81754"}],"curies":[{"name":"wp","href":"https:\/\/api.w.org\/{rel}","templated":true}]}}

Architektonický manuál Prahy&nbsp;7

<p>Nejvýraznější památky metropole dokumentuje nedávno vzniklý Pražský architektonický manuál. Do jeho první, pilotní fáze byla zařazena i&nbsp;Praha&nbsp;7 a&nbsp;do tvorby obsahu tohoto manuálu se můžete zapojit i&nbsp;vy. Akademie věd zpřístupnila na webové adrese <a href="https://umeleckepamatky.udu.cas.cz/" target="_blank" rel="noopener">umeleckepamatky.udu.cas.cz</a> portál, který má fungovat jako otevřený zdroj informací o&nbsp;architektuře.</p>
<p>V testovacím režimu představili tvůrci projektu společně s&nbsp;Prahou 7 také Prahu 3 a&nbsp;Prahu 10. Ty totiž patří mezi mladší čtvrti tzv. Velké Prahy, takže jejich architektura a&nbsp;památky jsou nejméně zdokumentované. Portál nabízí například interaktivní mapu Sedmičky obsahující stručný popis místních pamětihodností a&nbsp;zároveň i&nbsp;odkaz na rozsáhlejší odborné texty, které poslouží například badatelům.</p>
<h3><a href="https://umeleckepamatky.udu.cas.cz/lokace/2-test" target="_blank" rel="noopener">Architektonický manuál Prahy&nbsp;7</a></h3>
<p>Součástí každého hesla jsou aktuální i&nbsp;historické snímky popisovaných objektů a&nbsp;oblastí. Ty pocházejí nejen z&nbsp;oficiálních archivů, ale i&nbsp;ze soukromých sbírek. Nová elektronická databáze je totiž otevřená veřejnosti, takže ji může rozšiřovat a&nbsp;doplňovat prakticky kdokoli. Pokud tedy vlastníte zajímavou dobovou fotografii, o&nbsp;niž byste se rádi podělili, stačí ji zkrátka nahrát.</p>
<p>Vedle architektonického manuálu přiblíží Prahu 7 zájemcům taky nový tištěný průvodce s&nbsp;mapkou, který je od konce ledna 2025 k&nbsp;dostání v&nbsp;Informačním centru Milady Horákové 2 a&nbsp;na radnici Prahy&nbsp;7. Doporučuje patnáct konkrétních lokalit, které jsou pro Sedmičku z&nbsp;architektonického hlediska významné, upozorňuje ale i&nbsp;na další zajímavá místa v&nbsp;naší mimořádně zajímavé čtvrti.</p>
<p>&nbsp;</p>
<p><img loading="lazy" src="https://www.praha7.cz/wp-content/uploads/2025/01/logo_eu_mk_npo_.png" alt="" width="1234" height="135" class="alignnone size-full wp-image-81786" srcset="https://www.praha7.cz/wp-content/uploads/2025/01/logo_eu_mk_npo_.png 1234w, https://www.praha7.cz/wp-content/uploads/2025/01/logo_eu_mk_npo_-600x66.png 600w, https://www.praha7.cz/wp-content/uploads/2025/01/logo_eu_mk_npo_-768x84.png 768w" sizes="(max-width: 1234px) 100vw, 1234px" /></p>

Nejvýraznější památky metropole dokumentuje nedávno vzniklý Pražský architektonický manuál. Do jeho první, pilotní fáze byla zařazena i&nbsp;Praha&nbsp;7 a&nbsp;do tvorby obsahu tohoto manuálu se můžete zapojit i&nbsp;vy. Akademie věd zpřístupnila na webové adrese umeleckepamatky.udu.cas.cz portál, který má fungovat jako otevřený zdroj informací o&nbsp;architektuře. V&nbsp;testovacím režimu představili tvůrci projektu společně s&nbsp;Prahou 7 také Prahu 3 a&nbsp;Prahu [&hellip;]
