    
{"id":80839,"date":"2024-12-03T16:05:52","date_gmt":"2024-12-03T15:05:52","guid":{"rendered":"https:\/\/www.praha7.cz\/?page_id=80839"},"modified":"2025-04-01T13:46:10","modified_gmt":"2025-04-01T11:46:10","slug":"komercni-pronajem","status":"publish","type":"page","link":"https:\/\/www.praha7.cz\/potrebuji-zaridit\/byty\/novi-najemnici\/komercni-pronajem\/","title":{"rendered":"Komer\u010dn\u00ed pron\u00e1jem"},"content":{"rendered":"<p>V sou\u010dasn\u00e9 dob\u011b nen\u00ed sout\u011b\u017e na komer\u010dn\u00ed pron\u00e1jem vyps\u00e1na.\u00a0<\/p>","protected":false},"excerpt":{"rendered":"V sou\u010dasn\u00e9 dob\u011b nen\u00ed sout\u011b\u017e na komer\u010dn\u00ed pron\u00e1jem vyps\u00e1na.\u00a0","protected":false},"author":76,"featured_media":0,"parent":17928,"menu_order":0,"comment_status":"closed","ping_status":"closed","template":"","meta":[],"_links":{"self":[{"href":"https:\/\/www.praha7.cz\/api\/wp\/v2\/pages\/80839"}],"collection":[{"href":"https:\/\/www.praha7.cz\/api\/wp\/v2\/pages"}],"about":[{"href":"https:\/\/www.praha7.cz\/api\/wp\/v2\/types\/page"}],"author":[{"embeddable":true,"href":"https:\/\/www.praha7.cz\/api\/wp\/v2\/users\/76"}],"replies":[{"embeddable":true,"href":"https:\/\/www.praha7.cz\/api\/wp\/v2\/comments?post=80839"}],"version-history":[{"count":14,"href":"https:\/\/www.praha7.cz\/api\/wp\/v2\/pages\/80839\/revisions"}],"predecessor-version":[{"id":83247,"href":"https:\/\/www.praha7.cz\/api\/wp\/v2\/pages\/80839\/revisions\/83247"}],"up":[{"embeddable":true,"href":"https:\/\/www.praha7.cz\/api\/wp\/v2\/pages\/17928"}],"wp:attachment":[{"href":"https:\/\/www.praha7.cz\/api\/wp\/v2\/media?parent=80839"}],"curies":[{"name":"wp","href":"https:\/\/api.w.org\/{rel}","templated":true}]}}

Komerční pronájem

<p>V současné době není soutěž na komerční pronájem vypsána. </p>

V současné době není soutěž na komerční pronájem vypsána.
