    
{"id":77102,"date":"2024-06-20T11:31:37","date_gmt":"2024-06-20T09:31:37","guid":{"rendered":"https:\/\/www.praha7.cz\/?page_id=77102"},"modified":"2024-09-13T15:53:09","modified_gmt":"2024-09-13T13:53:09","slug":"map-iv","status":"publish","type":"page","link":"https:\/\/www.praha7.cz\/temata\/programy-eu\/map-iv\/","title":{"rendered":"MAP IV"},"content":{"rendered":"<p>&nbsp;<\/p>\r\n<p><img loading=\"lazy\" src=\"https:\/\/www.praha7.cz\/wp-content\/uploads\/2024\/06\/EUMSMT-Barevne-CMYK-600x86.jpg\" alt=\"\" width=\"600\" height=\"86\" class=\"alignnone size-medium wp-image-77103\" srcset=\"https:\/\/www.praha7.cz\/wp-content\/uploads\/2024\/06\/EUMSMT-Barevne-CMYK-600x86.jpg 600w, https:\/\/www.praha7.cz\/wp-content\/uploads\/2024\/06\/EUMSMT-Barevne-CMYK-1500x214.jpg 1500w, https:\/\/www.praha7.cz\/wp-content\/uploads\/2024\/06\/EUMSMT-Barevne-CMYK-768x110.jpg 768w, https:\/\/www.praha7.cz\/wp-content\/uploads\/2024\/06\/EUMSMT-Barevne-CMYK-1536x219.jpg 1536w, https:\/\/www.praha7.cz\/wp-content\/uploads\/2024\/06\/EUMSMT-Barevne-CMYK-2048x292.jpg 2048w\" sizes=\"(max-width: 600px) 100vw, 600px\" \/><\/p>\r\n<p>&nbsp;<\/p>\r\n<p>Prim\u00e1rn\u00edm c\u00edlem projektu MAP IV (M\u00edstn\u00ed ak\u010dn\u00ed pl\u00e1ny rozvoje vzd\u011bl\u00e1v\u00e1n\u00ed IV &#8211; spr\u00e1vn\u00ed obvod Praha&nbsp;7, reg. \u010d.: CZ.02.02.XX\/0023_017\/0008373) v\u00a0\u00fazem\u00ed Prahy\u00a07 je pokra\u010dov\u00e1n\u00ed a\u00a0dal\u0161\u00ed rozvoj aktivit zapo\u010dat\u00fdch v\u00a0r\u00e1mci MAP I, II\u00a0a\u00a0III. C\u00edlem realizace MAP IV je i&nbsp;nad\u00e1le zlep\u0161ovat kvalitu vzd\u011bl\u00e1v\u00e1n\u00ed v\u00a0mate\u0159sk\u00fdch a\u00a0z\u00e1kladn\u00edch \u0161kol\u00e1ch na \u00fazem\u00ed M\u010c P7 prost\u0159ednictv\u00edm podpory spolupr\u00e1ce \u0161kol, z\u0159izovatel\u016f a\u00a0ostatn\u00edch akt\u00e9r\u016f ve vzd\u011bl\u00e1v\u00e1n\u00ed. Prim\u00e1rn\u00edm smyslem projektu je dal\u0161\u00ed zefektivn\u011bn\u00ed komunikace, prohlouben\u00ed spole\u010dn\u00e9ho a&nbsp;ji\u017e osv\u011bd\u010den\u00e9ho vz\u00e1jemn\u00e9ho informov\u00e1n\u00ed, pokra\u010dov\u00e1n\u00ed ve vzd\u011bl\u00e1vac\u00edch aktivit\u00e1ch a\u00a0pl\u00e1nov\u00e1n\u00ed setk\u00e1v\u00e1n\u00ed nejen odborn\u00fdch pracovn\u00edch skupin, ale i&nbsp;\u0161ir\u0161\u00ed ve\u0159ejnosti, pedagog\u016f a&nbsp;rodi\u010d\u016f za \u00fa\u010delem hled\u00e1n\u00ed efektivn\u00edho \u0159e\u0161en\u00ed m\u00edstn\u011b specifick\u00fdch \u010di aktu\u00e1ln\u00edch probl\u00e9m\u016f a\u00a0pot\u0159eb.<\/p>\r\n<p>Na str\u00e1nk\u00e1ch projektu MAP <a href=\"https:\/\/map.praha7.cz\/\" target=\"_blank\" rel=\"noopener\">map.praha7.cz<\/a> naleznete, krom\u011b informac\u00ed o&nbsp;d\u011bn\u00ed v&nbsp;projektu, i&nbsp;povinn\u011b zve\u0159ej\u0148ovan\u00e9 dokumenty, nap\u0159. Statut \u0158\u00edd\u00edc\u00edho v\u00fdboru MAP IV a&nbsp;jeho Jednac\u00ed \u0159\u00e1d, Organiza\u010dn\u00ed strukturu, Komunika\u010dn\u00ed pl\u00e1n, z\u00e1pisy z&nbsp;pracovn\u00edch skupin apod.<\/p>\r\n<p>Na t\u011bchto webov\u00fdch str\u00e1nk\u00e1ch je um\u00edst\u011bn i&nbsp;archiv obsahuj\u00edc\u00ed informace o&nbsp;p\u0159edch\u00e1zej\u00edc\u00edch projektech MAP II a&nbsp;III.\u00a0<\/p>\r\n<p>&nbsp;<\/p>\r\n<p><img loading=\"lazy\" src=\"https:\/\/www.praha7.cz\/wp-content\/uploads\/2024\/06\/logo-MAP-nove-barvy.jpg\" alt=\"\" width=\"150\" height=\"89\" class=\"alignnone wp-image-77111\" \/><\/p>\r\n<p>&nbsp;<\/p>","protected":false},"excerpt":{"rendered":"&nbsp; &nbsp; Prim\u00e1rn\u00edm c\u00edlem projektu MAP IV (M\u00edstn\u00ed ak\u010dn\u00ed pl\u00e1ny rozvoje vzd\u011bl\u00e1v\u00e1n\u00ed IV &#8211; spr\u00e1vn\u00ed obvod Praha&nbsp;7, reg. \u010d.: CZ.02.02.XX\/0023_017\/0008373) v\u00a0\u00fazem\u00ed Prahy\u00a07 je pokra\u010dov\u00e1n\u00ed a\u00a0dal\u0161\u00ed rozvoj aktivit zapo\u010dat\u00fdch v\u00a0r\u00e1mci MAP I, II\u00a0a\u00a0III. C\u00edlem realizace MAP IV je i&nbsp;nad\u00e1le zlep\u0161ovat kvalitu vzd\u011bl\u00e1v\u00e1n\u00ed v\u00a0mate\u0159sk\u00fdch a\u00a0z\u00e1kladn\u00edch \u0161kol\u00e1ch na \u00fazem\u00ed M\u010c P7 prost\u0159ednictv\u00edm podpory spolupr\u00e1ce \u0161kol, z\u0159izovatel\u016f a\u00a0ostatn\u00edch akt\u00e9r\u016f [&hellip;]","protected":false},"author":292,"featured_media":0,"parent":6116,"menu_order":0,"comment_status":"closed","ping_status":"closed","template":"","meta":[],"_links":{"self":[{"href":"https:\/\/www.praha7.cz\/api\/wp\/v2\/pages\/77102"}],"collection":[{"href":"https:\/\/www.praha7.cz\/api\/wp\/v2\/pages"}],"about":[{"href":"https:\/\/www.praha7.cz\/api\/wp\/v2\/types\/page"}],"author":[{"embeddable":true,"href":"https:\/\/www.praha7.cz\/api\/wp\/v2\/users\/292"}],"replies":[{"embeddable":true,"href":"https:\/\/www.praha7.cz\/api\/wp\/v2\/comments?post=77102"}],"version-history":[{"count":15,"href":"https:\/\/www.praha7.cz\/api\/wp\/v2\/pages\/77102\/revisions"}],"predecessor-version":[{"id":78757,"href":"https:\/\/www.praha7.cz\/api\/wp\/v2\/pages\/77102\/revisions\/78757"}],"up":[{"embeddable":true,"href":"https:\/\/www.praha7.cz\/api\/wp\/v2\/pages\/6116"}],"wp:attachment":[{"href":"https:\/\/www.praha7.cz\/api\/wp\/v2\/media?parent=77102"}],"curies":[{"name":"wp","href":"https:\/\/api.w.org\/{rel}","templated":true}]}}

<p>&nbsp;</p>
<p><img loading="lazy" src="https://www.praha7.cz/wp-content/uploads/2024/06/EUMSMT-Barevne-CMYK-600x86.jpg" alt="" width="600" height="86" class="alignnone size-medium wp-image-77103" srcset="https://www.praha7.cz/wp-content/uploads/2024/06/EUMSMT-Barevne-CMYK-600x86.jpg 600w, https://www.praha7.cz/wp-content/uploads/2024/06/EUMSMT-Barevne-CMYK-1500x214.jpg 1500w, https://www.praha7.cz/wp-content/uploads/2024/06/EUMSMT-Barevne-CMYK-768x110.jpg 768w, https://www.praha7.cz/wp-content/uploads/2024/06/EUMSMT-Barevne-CMYK-1536x219.jpg 1536w, https://www.praha7.cz/wp-content/uploads/2024/06/EUMSMT-Barevne-CMYK-2048x292.jpg 2048w" sizes="(max-width: 600px) 100vw, 600px" /></p>
<p>&nbsp;</p>
<p>Primárním cílem projektu MAP IV (Místní akční plány rozvoje vzdělávání IV &#8211; správní obvod Praha&nbsp;7, reg. č.: CZ.02.02.XX/0023_017/0008373) v území Prahy 7 je pokračování a další rozvoj aktivit započatých v rámci MAP I, II a III. Cílem realizace MAP IV je i&nbsp;nadále zlepšovat kvalitu vzdělávání v mateřských a základních školách na území MČ P7 prostřednictvím podpory spolupráce škol, zřizovatelů a ostatních aktérů ve vzdělávání. Primárním smyslem projektu je další zefektivnění komunikace, prohloubení společného a&nbsp;již osvědčeného vzájemného informování, pokračování ve vzdělávacích aktivitách a plánování setkávání nejen odborných pracovních skupin, ale i&nbsp;širší veřejnosti, pedagogů a&nbsp;rodičů za účelem hledání efektivního řešení místně specifických či aktuálních problémů a potřeb.</p>
<p>Na stránkách projektu MAP <a href="https://map.praha7.cz/" target="_blank" rel="noopener">map.praha7.cz</a> naleznete, kromě informací o&nbsp;dění v&nbsp;projektu, i&nbsp;povinně zveřejňované dokumenty, např. Statut Řídícího výboru MAP IV a&nbsp;jeho Jednací řád, Organizační strukturu, Komunikační plán, zápisy z&nbsp;pracovních skupin apod.</p>
<p>Na těchto webových stránkách je umístěn i&nbsp;archiv obsahující informace o&nbsp;předcházejících projektech MAP II a&nbsp;III. </p>
<p>&nbsp;</p>
<p><img loading="lazy" src="https://www.praha7.cz/wp-content/uploads/2024/06/logo-MAP-nove-barvy.jpg" alt="" width="150" height="89" class="alignnone wp-image-77111" /></p>
<p>&nbsp;</p>

&nbsp; &nbsp; Primárním cílem projektu MAP IV (Místní akční plány rozvoje vzdělávání IV &#8211; správní obvod Praha&nbsp;7, reg. č.: CZ.02.02.XX/0023_017/0008373) v území Prahy 7 je pokračování a další rozvoj aktivit započatých v rámci MAP I, II a III. Cílem realizace MAP IV je i&nbsp;nadále zlepšovat kvalitu vzdělávání v mateřských a základních školách na území MČ P7 prostřednictvím podpory spolupráce škol, zřizovatelů a ostatních aktérů [&hellip;]
