    
{"id":75969,"date":"2024-05-14T11:55:33","date_gmt":"2024-05-14T09:55:33","guid":{"rendered":"https:\/\/www.praha7.cz\/?page_id=75969"},"modified":"2024-05-14T11:55:33","modified_gmt":"2024-05-14T09:55:33","slug":"terminy-zapisu-do-detskych-skupin-na-skolni-rok-2024-2025","status":"publish","type":"page","link":"https:\/\/www.praha7.cz\/potrebuji-zaridit\/skolstvi\/detske-skupiny\/terminy-zapisu-do-detskych-skupin-na-skolni-rok-2024-2025\/","title":{"rendered":"Term\u00edny z\u00e1pis\u016f do d\u011btsk\u00fdch skupin na \u0161koln\u00ed rok 2024\/2025"},"content":{"rendered":"<h3><strong>D\u011btsk\u00e1 skupina Kulihr\u00e1\u0161ek<\/strong><\/h3>\r\n<p>Z\u00e1pis d\u011bt\u00ed do d\u011btsk\u00e9 skupiny bude prob\u00edhat <strong>6.&nbsp;6.&nbsp;2024, 9.00\u201311.00 v&nbsp;budov\u011b mate\u0159sk\u00e9 \u0161koly Kosteln\u00ed<\/strong>, Kosteln\u00ed 37\/7, Praha&nbsp;7<\/p>\r\n<ul>\r\n\t<li>Kapacita d\u011btsk\u00e9 skupiny: 12 d\u011bt\u00ed ve v\u011bku od 3 let do za\u010d\u00e1tku \u0161koln\u00ed doch\u00e1zky<\/li>\r\n\t<li>M\u00edsto provozu d\u011btsk\u00e9 skupiny: Veletr\u017en\u00ed 33, Praha7<\/li>\r\n\t<li>Provoz za\u0159\u00edzen\u00ed: ve v\u0161edn\u00ed dny od 8 do 16 hodin<\/li>\r\n<\/ul>\r\n<p>V\u00edce informac\u00ed naleznete na: M\u0160 Kosteln\u00ed (<a href=\"https:\/\/www.mskostelni.cz\/detska-skupina\/\">mskostelni.cz<\/a>)<\/p>\r\n<hr \/>\r\n<h3>D\u011btsk\u00e1 skupina Dome\u010dek<\/h3>\r\n<p>Z\u00e1pis d\u011bt\u00ed do d\u011btsk\u00e9 skupiny bude prob\u00edhat <strong>6.&nbsp;6.&nbsp;2024, 9.00\u201311.00 v&nbsp;budov\u011b Fakultn\u00ed mate\u0159sk\u00e9 \u0161koly Na V\u00fd\u0161in\u00e1ch<\/strong>, Na V\u00fd\u0161in\u00e1ch 3\/1075, Praha&nbsp;7<\/p>\r\n<ul>\r\n\t<li>Kapacita d\u011btsk\u00e9 skupiny: 12 d\u011bt\u00ed ve v\u011bku od 3 let do za\u010d\u00e1tku \u0161koln\u00ed doch\u00e1zky<\/li>\r\n\t<li>M\u00edsto provozu d\u011btsk\u00e9 skupiny: Kr\u00e1lov\u00e1 obora 74, Praha7<\/li>\r\n\t<li>Provoz za\u0159\u00edzen\u00ed: ve v\u0161edn\u00ed dny od 8 do 16 hodin<\/li>\r\n<\/ul>\r\n<p>V\u00edce informac\u00ed naleznete na: FM\u0160 Na V\u00fd\u0161in\u00e1ch (<a href=\"https:\/\/www.msnavysinach.cz\/%f0%9f%91%b6%f0%9f%8f%bc-detska-skupina\/\">msnavysinach.cz<\/a>)<\/p>\r\n<hr \/>\r\n<h3>D\u011btsk\u00e1 skupina Jesli\u010dky<\/h3>\r\n<p>Z\u00e1pis d\u011bt\u00ed do d\u011btsk\u00e9 skupiny bude prob\u00edhat <strong>29.&nbsp;5.\u201330.&nbsp;5.&nbsp;2024, 12.30\u201314.30 v&nbsp;budov\u011b d\u011btsk\u00e9 skupiny <\/strong>Na Manin\u00e1ch 1080\/29a, Praha7 (vchod z&nbsp;ulice U&nbsp;Pergamenky)<\/p>\r\n<ul>\r\n\t<li>Kapacita d\u011btsk\u00e9 skupiny: 15 d\u011bt\u00ed ve v\u011bku od 18 m\u011bs\u00edc\u016f do t\u0159\u00ed let<\/li>\r\n\t<li>M\u00edsto provozu d\u011btsk\u00e9 skupiny: Na Manin\u00e1ch 1080\/29a, Praha7<\/li>\r\n\t<li>Provoz za\u0159\u00edzen\u00ed: ve v\u0161edn\u00ed dny od 7 do 17 hodin<\/li>\r\n<\/ul>\r\n<p>V\u00edce informac\u00ed naleznete na: M\u0160 U&nbsp;Uranie (<a href=\"https:\/\/msuranie.cz\/jeslicky\/\">msuranie.cz<\/a>)<\/p>\r\n<hr \/>\r\n<h3>D\u011btsk\u00e1 skupina Panorama<\/h3>\r\n<p>Z\u00e1pis d\u011bt\u00ed do d\u011btsk\u00e9 skupiny bude prob\u00edhat <strong>5.&nbsp;6.&nbsp;2024, 15.00\u201317.30 v&nbsp;budov\u011b d\u011btsk\u00e9 skupiny<\/strong> V\u00fdstavi\u0161t\u011b 417, Praha7<\/p>\r\n<ul>\r\n\t<li>Kapacita d\u011btsk\u00e9 skupiny: 12 d\u011bt\u00ed ve v\u011bku od 2 let a\u017e do p\u0159ed\u0161koln\u00edho v\u011bku<\/li>\r\n\t<li>M\u00edsto provozu d\u011btsk\u00e9 skupiny: V\u00fdstavi\u0161t\u011b 417, Praha7<\/li>\r\n\t<li>Provoz za\u0159\u00edzen\u00ed: ve v\u0161edn\u00ed dny od 8 do 16 hodin<\/li>\r\n<\/ul>\r\n<p>V\u00edce informac\u00ed naleznete na: DS Panorama (<a href=\"https:\/\/ds-panorama.webnode.cz\/\">webnode.cz<\/a>)<\/p>\r\n<hr \/>\r\n<p>Dokumenty k&nbsp;z\u00e1pis\u016fm do d\u011btsk\u00fdch skupin (viz informace na webov\u00fdch str\u00e1nk\u00e1ch jednotliv\u00fdch d\u011btsk\u00fdch skupin):<\/p>\r\n<ul>\r\n\t<li>\u017d\u00e1dost o&nbsp;p\u0159ijet\u00ed d\u00edt\u011bte do d\u011btsk\u00e9 skupiny<\/li>\r\n\t<li>Eviden\u010dn\u00ed list d\u00edt\u011bte (v\u010detn\u011b potvrzen\u00ed od l\u00e9ka\u0159e + o\u010dkov\u00e1n\u00ed)<\/li>\r\n\t<li>Rodn\u00fd list d\u00edt\u011bte<\/li>\r\n\t<li>Ob\u010dansk\u00fd pr\u016fkaz z\u00e1konn\u00e9ho z\u00e1stupce, ob\u010dan\u00e9 jin\u00fdch st\u00e1t\u016f pas a&nbsp;doklad o&nbsp;pobytu na \u00fazem\u00ed \u010cR<\/li>\r\n\t<li>Potvrzen\u00ed vztahu na trh pr\u00e1ce \u2013 potvrzen\u00ed z&nbsp;\u00fa\u0159adu pr\u00e1ce \/ potvrzen\u00ed ze zam\u011bstn\u00e1n\u00ed \/ potvrzen\u00ed o&nbsp;studiu \/ \u010destn\u00e9 prohl\u00e1\u0161en\u00ed, \u017ee jste OSV\u010c<\/li>\r\n<\/ul>","protected":false},"excerpt":{"rendered":"D\u011btsk\u00e1 skupina Kulihr\u00e1\u0161ek Z\u00e1pis d\u011bt\u00ed do d\u011btsk\u00e9 skupiny bude prob\u00edhat 6.&nbsp;6.&nbsp;2024, 9.00\u201311.00 v&nbsp;budov\u011b mate\u0159sk\u00e9 \u0161koly Kosteln\u00ed, Kosteln\u00ed 37\/7, Praha&nbsp;7 Kapacita d\u011btsk\u00e9 skupiny: 12 d\u011bt\u00ed ve v\u011bku od 3 let do za\u010d\u00e1tku \u0161koln\u00ed doch\u00e1zky M\u00edsto provozu d\u011btsk\u00e9 skupiny: Veletr\u017en\u00ed 33, Praha7 Provoz za\u0159\u00edzen\u00ed: ve v\u0161edn\u00ed dny od 8 do 16 hodin V\u00edce informac\u00ed naleznete na: M\u0160 [&hellip;]","protected":false},"author":76,"featured_media":0,"parent":29638,"menu_order":0,"comment_status":"closed","ping_status":"closed","template":"","meta":[],"_links":{"self":[{"href":"https:\/\/www.praha7.cz\/api\/wp\/v2\/pages\/75969"}],"collection":[{"href":"https:\/\/www.praha7.cz\/api\/wp\/v2\/pages"}],"about":[{"href":"https:\/\/www.praha7.cz\/api\/wp\/v2\/types\/page"}],"author":[{"embeddable":true,"href":"https:\/\/www.praha7.cz\/api\/wp\/v2\/users\/76"}],"replies":[{"embeddable":true,"href":"https:\/\/www.praha7.cz\/api\/wp\/v2\/comments?post=75969"}],"version-history":[{"count":1,"href":"https:\/\/www.praha7.cz\/api\/wp\/v2\/pages\/75969\/revisions"}],"predecessor-version":[{"id":75970,"href":"https:\/\/www.praha7.cz\/api\/wp\/v2\/pages\/75969\/revisions\/75970"}],"up":[{"embeddable":true,"href":"https:\/\/www.praha7.cz\/api\/wp\/v2\/pages\/29638"}],"wp:attachment":[{"href":"https:\/\/www.praha7.cz\/api\/wp\/v2\/media?parent=75969"}],"curies":[{"name":"wp","href":"https:\/\/api.w.org\/{rel}","templated":true}]}}

Termíny zápisů do dětských skupin na školní rok 2024/2025

<h3><strong>Dětská skupina Kulihrášek</strong></h3>
<p>Zápis dětí do dětské skupiny bude probíhat <strong>6.&nbsp;6.&nbsp;2024, 9.00–11.00 v&nbsp;budově mateřské školy Kostelní</strong>, Kostelní 37/7, Praha&nbsp;7</p>
<ul>
	<li>Kapacita dětské skupiny: 12 dětí ve věku od 3 let do začátku školní docházky</li>
	<li>Místo provozu dětské skupiny: Veletržní 33, Praha7</li>
	<li>Provoz zařízení: ve všední dny od 8 do 16 hodin</li>
</ul>
<p>Více informací naleznete na: MŠ Kostelní (<a href="https://www.mskostelni.cz/detska-skupina/">mskostelni.cz</a>)</p>
<hr />
<h3>Dětská skupina Domeček</h3>
<p>Zápis dětí do dětské skupiny bude probíhat <strong>6.&nbsp;6.&nbsp;2024, 9.00–11.00 v&nbsp;budově Fakultní mateřské školy Na Výšinách</strong>, Na Výšinách 3/1075, Praha&nbsp;7</p>
<ul>
	<li>Kapacita dětské skupiny: 12 dětí ve věku od 3 let do začátku školní docházky</li>
	<li>Místo provozu dětské skupiny: Králová obora 74, Praha7</li>
	<li>Provoz zařízení: ve všední dny od 8 do 16 hodin</li>
</ul>
<p>Více informací naleznete na: FMŠ Na Výšinách (<a href="https://www.msnavysinach.cz/%f0%9f%91%b6%f0%9f%8f%bc-detska-skupina/">msnavysinach.cz</a>)</p>
<hr />
<h3>Dětská skupina Jesličky</h3>
<p>Zápis dětí do dětské skupiny bude probíhat <strong>29.&nbsp;5.–30.&nbsp;5.&nbsp;2024, 12.30–14.30 v&nbsp;budově dětské skupiny </strong>Na Maninách 1080/29a, Praha7 (vchod z&nbsp;ulice U&nbsp;Pergamenky)</p>
<ul>
	<li>Kapacita dětské skupiny: 15 dětí ve věku od 18 měsíců do tří let</li>
	<li>Místo provozu dětské skupiny: Na Maninách 1080/29a, Praha7</li>
	<li>Provoz zařízení: ve všední dny od 7 do 17 hodin</li>
</ul>
<p>Více informací naleznete na: MŠ U&nbsp;Uranie (<a href="https://msuranie.cz/jeslicky/">msuranie.cz</a>)</p>
<hr />
<h3>Dětská skupina Panorama</h3>
<p>Zápis dětí do dětské skupiny bude probíhat <strong>5.&nbsp;6.&nbsp;2024, 15.00–17.30 v&nbsp;budově dětské skupiny</strong> Výstaviště 417, Praha7</p>
<ul>
	<li>Kapacita dětské skupiny: 12 dětí ve věku od 2 let až do předškolního věku</li>
	<li>Místo provozu dětské skupiny: Výstaviště 417, Praha7</li>
	<li>Provoz zařízení: ve všední dny od 8 do 16 hodin</li>
</ul>
<p>Více informací naleznete na: DS Panorama (<a href="https://ds-panorama.webnode.cz/">webnode.cz</a>)</p>
<hr />
<p>Dokumenty k&nbsp;zápisům do dětských skupin (viz informace na webových stránkách jednotlivých dětských skupin):</p>
<ul>
	<li>Žádost o&nbsp;přijetí dítěte do dětské skupiny</li>
	<li>Evidenční list dítěte (včetně potvrzení od lékaře + očkování)</li>
	<li>Rodný list dítěte</li>
	<li>Občanský průkaz zákonného zástupce, občané jiných států pas a&nbsp;doklad o&nbsp;pobytu na území ČR</li>
	<li>Potvrzení vztahu na trh práce – potvrzení z&nbsp;úřadu práce / potvrzení ze zaměstnání / potvrzení o&nbsp;studiu / čestné prohlášení, že jste OSVČ</li>
</ul>

Dětská skupina Kulihrášek Zápis dětí do dětské skupiny bude probíhat 6.&nbsp;6.&nbsp;2024, 9.00–11.00 v&nbsp;budově mateřské školy Kostelní, Kostelní 37/7, Praha&nbsp;7 Kapacita dětské skupiny: 12 dětí ve věku od 3 let do začátku školní docházky Místo provozu dětské skupiny: Veletržní 33, Praha7 Provoz zařízení: ve všední dny od 8 do 16 hodin Více informací naleznete na: MŠ [&hellip;]
