    
{"id":75798,"date":"2024-05-07T09:55:06","date_gmt":"2024-05-07T07:55:06","guid":{"rendered":"https:\/\/www.praha7.cz\/?page_id=75798"},"modified":"2025-12-11T13:06:38","modified_gmt":"2025-12-11T12:06:38","slug":"hriste-umelecka","status":"publish","type":"page","link":"https:\/\/www.praha7.cz\/potrebuji-zaridit\/planujte-sedmicku-s-nami\/hriste-pro-deti\/hriste-umelecka\/","title":{"rendered":"H\u0159i\u0161t\u011b Um\u011bleck\u00e1"},"content":{"rendered":"<p>M\u011bstsk\u00e1 \u010d\u00e1st Praha&nbsp;7 pl\u00e1nuje revitalizaci st\u00e1vaj\u00edc\u00edho \u0161koln\u00edho h\u0159i\u0161t\u011b a&nbsp;jeho otev\u0159en\u00ed v\u00a0dob\u011b mimo v\u00fduku i&nbsp;pro ve\u0159ejnost. D\u011btsk\u00e9 h\u0159i\u0161t\u011b Um\u011bleck\u00e1 se nach\u00e1z\u00ed v\u00a0are\u00e1lu Fakultn\u00ed z\u00e1kladn\u00ed \u0161koly Um\u011bleck\u00e1 u&nbsp;vznikaj\u00edc\u00edho pr\u016fchodu k\u00a0vlakov\u00e9 zast\u00e1vce Praha-V\u00fdstavi\u0161t\u011b a&nbsp;do Stromovky. V\u00a0r\u00e1mci nov\u00e9ho pr\u016fchodu je plocha h\u0159i\u0161t\u011b roz\u0161\u00ed\u0159ena p\u0159i respektov\u00e1n\u00ed ve\u0161ker\u00e9 st\u00e1vaj\u00edc\u00ed zelen\u011b. H\u0159i\u0161t\u011b bude ur\u010deno v\u011bkov\u00e9 skupin\u011b d\u011bt\u00ed ve v\u011bku 5 a\u017e 12 let (1.&nbsp;stupe\u0148 Z\u0160). Ned\u00edlnou sou\u010d\u00e1st\u00ed kvalitn\u00edho pl\u00e1nov\u00e1n\u00ed ve\u0159ejn\u00e9ho prostranstv\u00ed je i&nbsp;sb\u011br podn\u011bt\u016f\u00a0 od ve\u0159ejnosti. V\u00a0tomto p\u0159\u00edpad\u011b jsme se zam\u011b\u0159ili zejm\u00e9na na z\u00e1stupce \u0161koln\u00edch za\u0159\u00edzen\u00ed, ale i&nbsp;ve\u0159ejnost, kter\u00e1 bude m\u00edsto u\u017e\u00edvat.<\/p>\r\n<p>&nbsp;<\/p>\r\n<p><strong>N\u00e1vrh podoby DH Um\u011bleck\u00e1<\/strong><\/p>\r\n<p><a href=\"https:\/\/www.praha7.cz\/wp-content\/uploads\/2025\/12\/navrh_hriste_Umelecka.jpg\" target=\"_blank\" rel=\"noopener\"><img loading=\"lazy\" src=\"https:\/\/www.praha7.cz\/wp-content\/uploads\/2025\/12\/navrh_hriste_Umelecka-1376x1000.jpg\" alt=\"\" width=\"640\" height=\"465\" class=\"alignnone size-large wp-image-88435\" srcset=\"https:\/\/www.praha7.cz\/wp-content\/uploads\/2025\/12\/navrh_hriste_Umelecka-1376x1000.jpg 1376w, https:\/\/www.praha7.cz\/wp-content\/uploads\/2025\/12\/navrh_hriste_Umelecka-551x400.jpg 551w, https:\/\/www.praha7.cz\/wp-content\/uploads\/2025\/12\/navrh_hriste_Umelecka-768x558.jpg 768w, https:\/\/www.praha7.cz\/wp-content\/uploads\/2025\/12\/navrh_hriste_Umelecka-1536x1116.jpg 1536w, https:\/\/www.praha7.cz\/wp-content\/uploads\/2025\/12\/navrh_hriste_Umelecka.jpg 1755w\" sizes=\"(max-width: 640px) 100vw, 640px\" \/><\/a><\/p>\r\n<h3><\/h3>\r\n<h3><strong>Participace<br \/>\r\n<\/strong><\/h3>\r\n<p>V prvn\u00ed f\u00e1zi prob\u011bhl hloubkov\u00fd rozhovor k&nbsp;provozu h\u0159i\u0161t\u011b na setk\u00e1n\u00ed se z\u00e1stupci \u0161koln\u00edch za\u0159\u00edzen\u00ed uskute\u010dn\u011bn\u00fd v&nbsp;m\u00edst\u011b realizace (FZ\u0160 Um\u011bleck\u00e1, v\u010detn\u011b vedouc\u00ed dru\u017einy a&nbsp;z\u00e1stupce Spolku rodi\u010d\u016f, M\u0160 U&nbsp;Stud\u00e1nky). Na z\u00e1klad\u011b toho byl dopracov\u00e1n dotazn\u00edk pro ve\u0159ejnost, kter\u00fd byl v&nbsp;pr\u016fb\u011bhu b\u0159ezna a&nbsp;na za\u010d\u00e1tku dubna 2024 vypln\u011bn koordin\u00e1torkou participace se 100 respondenty v&nbsp;okol\u00ed h\u0159i\u0161t\u011b. V\u00fdsledkem je n\u00e1vrh doporu\u010den\u00ed a&nbsp;preferenc\u00ed, kter\u00e9 jsou sou\u010d\u00e1st\u00ed zad\u00e1n\u00ed na revitalizaci h\u0159i\u0161t\u011b.<\/p>\r\n<h3><br \/>\r\n<strong>Vyhodnocen\u00ed<\/strong><\/h3>\r\n<p>Mezi dotazovan\u00fdmi byli p\u0159edev\u0161\u00edm \u017e\u00e1ci Fakultn\u00ed um\u011bleck\u00e9 \u0161koly, p\u0159\u00edpadn\u011b M\u0160 U&nbsp;Stud\u00e1nky, \u00fa\u010dastn\u00edci kurz\u016f v&nbsp;TJ Sokol, n\u00e1v\u0161t\u011bvn\u00edci h\u0159i\u0161t\u011b Ka\u0161t\u00e1nek nebo kolemjdouc\u00ed a&nbsp;okoln\u00ed obyvatel\u00e9 \u2013 z\u00a0v\u011bt\u0161\u00ed \u010d\u00e1st\u00ed nav\u0161t\u011bvuj\u00edc\u00edch \u0161koln\u00ed instituce (61&nbsp;%), p\u0159ev\u00e1\u017en\u011b bydl\u00edc\u00edch v\u00a0okol\u00ed h\u0159i\u0161t\u011b (45,8%) nebo v\u00a0oblasti Letn\u00e9 (33,6). Budouc\u00ed h\u0159i\u0161t\u011b by podle dotazn\u00edku nav\u0161t\u00edvilo respondent\u016f n\u011bkolikr\u00e1t t\u00fddn\u011b (51%).<\/p>\r\n<p>Z\u00e1v\u011bry o&nbsp;preferovan\u00fdch prvc\u00edch ve\u0159ejnosti ukazuj\u00ed na v\u011bt\u0161inovou shodu s\u00a0navrhovan\u00fdmi prvky u&nbsp;z\u00e1stupc\u016f \u0161koln\u00edch instituc\u00ed, v\u010detn\u011b um\u00edst\u011bn\u00ed ping-pongov\u00e9ho stolu. U&nbsp;eduka\u010dn\u00edch prvk\u016f jsou odli\u0161n\u00e9 preference (zvukov\u00e9 prvky nedoporu\u010dov\u00e1ny z\u00e1stupci \u0161koly kv\u016fli v\u00fduce). Zat\u00edmco na za\u010d\u00e1tku byly nejv\u00edce preferov\u00e1ny \u0161plhac\u00ed prvky (nap\u0159. provazov\u00fd \u017eeb\u0159\u00edk, s\u00ed\u0165, lezeck\u00e1 st\u011bna), u&nbsp;voln\u00e9 ot\u00e1zky na konci dotazn\u00edku bylo t\u00e9\u017e dopl\u0148ov\u00e1no WC nebo hern\u00ed vodn\u00ed prvky. V&nbsp;dotazn\u00edkov\u00e9m \u0161et\u0159en\u00ed bylo nejv\u00edce oce\u0148ov\u00e1no sezen\u00ed tytu alt\u00e1nku a&nbsp;dome\u010dku, pak i&nbsp;lavice se stolem. Mezi dal\u0161\u00edmi prvky m\u011bla ohlas tunelov\u00e1 \u010di velk\u00e1 skluzavka, pevn\u00e1 opi\u010d\u00ed dr\u00e1ha (balan\u010dn\u00ed prvek), hn\u00edzdo (houpac\u00ed prvek), bludi\u0161t\u011b (eduka\u010dn\u00ed prvek) nebo sestavy pr\u016flezek.<\/p>\r\n<hr \/>\r\n<p><strong><span style=\"color: #008000;\"><a href=\"https:\/\/www.praha7.cz\/wp-content\/uploads\/2024\/05\/VYSTUP-z-dotaznikoveho-setreni_DH-Umelecka.docx\" style=\"color: #008000;\">Podrobn\u00fd v\u00fdstup z\u00a0dotazn\u00edkov\u00e9ho \u0161et\u0159en\u00ed<\/a><\/span><\/strong><\/p>\r\n<div class=\"shortcode-container container-fluid no-bottom-padding \">\n\t<div class=\"row shortcode-row no-bottom-border\">\n\t\t <div class=\"row contact-item\">\n\t\t\t<div class=\"col-xs-8 col-md-7 contact-info\">\n\t\t\t\t<h3>Nov\u00e1kov\u00e1 Tereza, MgA.<\/h3>\n\t\t\t\t<span>referentka - koordin\u00e1tor participace<\/span><br>\n\t\t\t\t<span>dve\u0159e 7.07<\/span><br>\n\t\t\t\t<span>tel. <a>+420220144107<\/a><\/span><br>\n                <span>gsm. <a href=\"tel:+420776069138\">+420776069138<\/a><\/span><br>\n\t\t\t\t<a href=\"mailto:novakovat@praha7.cz\">novakovat@praha7.cz<\/a><br>\n\t\t\t<\/div>\n\t\t<\/div>\n\t<\/div>\n<\/div>","protected":false},"excerpt":{"rendered":"M\u011bstsk\u00e1 \u010d\u00e1st Praha&nbsp;7 pl\u00e1nuje revitalizaci st\u00e1vaj\u00edc\u00edho \u0161koln\u00edho h\u0159i\u0161t\u011b a&nbsp;jeho otev\u0159en\u00ed v\u00a0dob\u011b mimo v\u00fduku i&nbsp;pro ve\u0159ejnost. D\u011btsk\u00e9 h\u0159i\u0161t\u011b Um\u011bleck\u00e1 se nach\u00e1z\u00ed v\u00a0are\u00e1lu Fakultn\u00ed z\u00e1kladn\u00ed \u0161koly Um\u011bleck\u00e1 u&nbsp;vznikaj\u00edc\u00edho pr\u016fchodu k\u00a0vlakov\u00e9 zast\u00e1vce Praha-V\u00fdstavi\u0161t\u011b a&nbsp;do Stromovky. V\u00a0r\u00e1mci nov\u00e9ho pr\u016fchodu je plocha h\u0159i\u0161t\u011b roz\u0161\u00ed\u0159ena p\u0159i respektov\u00e1n\u00ed ve\u0161ker\u00e9 st\u00e1vaj\u00edc\u00ed zelen\u011b. H\u0159i\u0161t\u011b bude ur\u010deno v\u011bkov\u00e9 skupin\u011b d\u011bt\u00ed ve v\u011bku 5 a\u017e 12 [&hellip;]","protected":false},"author":76,"featured_media":0,"parent":74724,"menu_order":0,"comment_status":"closed","ping_status":"closed","template":"","meta":[],"_links":{"self":[{"href":"https:\/\/www.praha7.cz\/api\/wp\/v2\/pages\/75798"}],"collection":[{"href":"https:\/\/www.praha7.cz\/api\/wp\/v2\/pages"}],"about":[{"href":"https:\/\/www.praha7.cz\/api\/wp\/v2\/types\/page"}],"author":[{"embeddable":true,"href":"https:\/\/www.praha7.cz\/api\/wp\/v2\/users\/76"}],"replies":[{"embeddable":true,"href":"https:\/\/www.praha7.cz\/api\/wp\/v2\/comments?post=75798"}],"version-history":[{"count":4,"href":"https:\/\/www.praha7.cz\/api\/wp\/v2\/pages\/75798\/revisions"}],"predecessor-version":[{"id":88436,"href":"https:\/\/www.praha7.cz\/api\/wp\/v2\/pages\/75798\/revisions\/88436"}],"up":[{"embeddable":true,"href":"https:\/\/www.praha7.cz\/api\/wp\/v2\/pages\/74724"}],"wp:attachment":[{"href":"https:\/\/www.praha7.cz\/api\/wp\/v2\/media?parent=75798"}],"curies":[{"name":"wp","href":"https:\/\/api.w.org\/{rel}","templated":true}]}}

Hřiště Umělecká

<p>Městská část Praha&nbsp;7 plánuje revitalizaci stávajícího školního hřiště a&nbsp;jeho otevření v době mimo výuku i&nbsp;pro veřejnost. Dětské hřiště Umělecká se nachází v areálu Fakultní základní školy Umělecká u&nbsp;vznikajícího průchodu k vlakové zastávce Praha-Výstaviště a&nbsp;do Stromovky. V rámci nového průchodu je plocha hřiště rozšířena při respektování veškeré stávající zeleně. Hřiště bude určeno věkové skupině dětí ve věku 5 až 12 let (1.&nbsp;stupeň ZŠ). Nedílnou součástí kvalitního plánování veřejného prostranství je i&nbsp;sběr podnětů  od veřejnosti. V tomto případě jsme se zaměřili zejména na zástupce školních zařízení, ale i&nbsp;veřejnost, která bude místo užívat.</p>
<p>&nbsp;</p>
<p><strong>Návrh podoby DH Umělecká</strong></p>
<p><a href="https://www.praha7.cz/wp-content/uploads/2025/12/navrh_hriste_Umelecka.jpg" target="_blank" rel="noopener"><img loading="lazy" src="https://www.praha7.cz/wp-content/uploads/2025/12/navrh_hriste_Umelecka-1376x1000.jpg" alt="" width="640" height="465" class="alignnone size-large wp-image-88435" srcset="https://www.praha7.cz/wp-content/uploads/2025/12/navrh_hriste_Umelecka-1376x1000.jpg 1376w, https://www.praha7.cz/wp-content/uploads/2025/12/navrh_hriste_Umelecka-551x400.jpg 551w, https://www.praha7.cz/wp-content/uploads/2025/12/navrh_hriste_Umelecka-768x558.jpg 768w, https://www.praha7.cz/wp-content/uploads/2025/12/navrh_hriste_Umelecka-1536x1116.jpg 1536w, https://www.praha7.cz/wp-content/uploads/2025/12/navrh_hriste_Umelecka.jpg 1755w" sizes="(max-width: 640px) 100vw, 640px" /></a></p>
<h3></h3>
<h3><strong>Participace<br />
</strong></h3>
<p>V první fázi proběhl hloubkový rozhovor k&nbsp;provozu hřiště na setkání se zástupci školních zařízení uskutečněný v&nbsp;místě realizace (FZŠ Umělecká, včetně vedoucí družiny a&nbsp;zástupce Spolku rodičů, MŠ U&nbsp;Studánky). Na základě toho byl dopracován dotazník pro veřejnost, který byl v&nbsp;průběhu března a&nbsp;na začátku dubna 2024 vyplněn koordinátorkou participace se 100 respondenty v&nbsp;okolí hřiště. Výsledkem je návrh doporučení a&nbsp;preferencí, které jsou součástí zadání na revitalizaci hřiště.</p>
<h3><br />
<strong>Vyhodnocení</strong></h3>
<p>Mezi dotazovanými byli především žáci Fakultní umělecké školy, případně MŠ U&nbsp;Studánky, účastníci kurzů v&nbsp;TJ Sokol, návštěvníci hřiště Kaštánek nebo kolemjdoucí a&nbsp;okolní obyvatelé – z větší částí navštěvujících školní instituce (61&nbsp;%), převážně bydlících v okolí hřiště (45,8%) nebo v oblasti Letné (33,6). Budoucí hřiště by podle dotazníku navštívilo respondentů několikrát týdně (51%).</p>
<p>Závěry o&nbsp;preferovaných prvcích veřejnosti ukazují na většinovou shodu s navrhovanými prvky u&nbsp;zástupců školních institucí, včetně umístění ping-pongového stolu. U&nbsp;edukačních prvků jsou odlišné preference (zvukové prvky nedoporučovány zástupci školy kvůli výuce). Zatímco na začátku byly nejvíce preferovány šplhací prvky (např. provazový žebřík, síť, lezecká stěna), u&nbsp;volné otázky na konci dotazníku bylo též doplňováno WC nebo herní vodní prvky. V&nbsp;dotazníkovém šetření bylo nejvíce oceňováno sezení tytu altánku a&nbsp;domečku, pak i&nbsp;lavice se stolem. Mezi dalšími prvky měla ohlas tunelová či velká skluzavka, pevná opičí dráha (balanční prvek), hnízdo (houpací prvek), bludiště (edukační prvek) nebo sestavy průlezek.</p>
<hr />
<p><strong><span style="color: #008000;"><a href="https://www.praha7.cz/wp-content/uploads/2024/05/VYSTUP-z-dotaznikoveho-setreni_DH-Umelecka.docx" style="color: #008000;">Podrobný výstup z dotazníkového šetření</a></span></strong></p>
<div class="shortcode-container container-fluid no-bottom-padding ">
	<div class="row shortcode-row no-bottom-border">
		 <div class="row contact-item">
			<div class="col-xs-8 col-md-7 contact-info">
				<h3>Nováková Tereza, MgA.</h3>
				<span>referentka - koordinátor participace</span><br>
				<span>dveře 7.07</span><br>
				<span>tel. <a>+420220144107</a></span><br>
                <span>gsm. <a href="tel:+420776069138">+420776069138</a></span><br>
				<a href="mailto:novakovat@praha7.cz">novakovat@praha7.cz</a><br>
			</div>
		</div>
	</div>
</div>

Městská část Praha&nbsp;7 plánuje revitalizaci stávajícího školního hřiště a&nbsp;jeho otevření v době mimo výuku i&nbsp;pro veřejnost. Dětské hřiště Umělecká se nachází v areálu Fakultní základní školy Umělecká u&nbsp;vznikajícího průchodu k vlakové zastávce Praha-Výstaviště a&nbsp;do Stromovky. V rámci nového průchodu je plocha hřiště rozšířena při respektování veškeré stávající zeleně. Hřiště bude určeno věkové skupině dětí ve věku 5 až 12 [&hellip;]
