    
{"id":73485,"date":"2024-02-07T09:43:22","date_gmt":"2024-02-07T08:43:22","guid":{"rendered":"https:\/\/www.praha7.cz\/?page_id=73485"},"modified":"2024-05-29T12:11:37","modified_gmt":"2024-05-29T10:11:37","slug":"osoby-ohrozene-domacim-nasilim","status":"publish","type":"page","link":"https:\/\/www.praha7.cz\/potrebuji-zaridit\/socialni-oblast\/osoby-ohrozene-domacim-nasilim\/","title":{"rendered":"Osoby ohro\u017een\u00e9 dom\u00e1c\u00edm n\u00e1sil\u00edm"},"content":{"rendered":"<p>[perex]<\/p>\r\n<p>Nebojte se po\u017e\u00e1dat o&nbsp;pomoc! Ohro\u017een\u00e9 osoby pot\u0159ebuj\u00ed v\u010dasnou a&nbsp;\u00fa\u010dinnou pomoc, ochranu a&nbsp;podporu. Pokud se c\u00edt\u00edte jako ob\u011b\u0165 dom\u00e1c\u00edho n\u00e1sil\u00ed, m\u016f\u017eete se obr\u00e1tit na soci\u00e1ln\u00ed pracovn\u00edky <a href=\"https:\/\/www.praha7.cz\/radnice\/organizacni-struktura\/odbor-socialnich-veci\/\">Odboru soci\u00e1ln\u00edch v\u011bc\u00ed<\/a>, kte\u0159\u00ed v\u00e1m ve spolupr\u00e1ci s&nbsp;odborn\u00edky pomohou va\u0161i t\u00ed\u017eivou situaci \u0159e\u0161it.<\/p>\r\n<p>[\/perex]<\/p>\r\n<p>P\u0159\u00edpadn\u011b se obra\u0165te p\u0159\u00edmo na n\u011bkterou z\u00a0pom\u00e1haj\u00edc\u00edch organizac\u00ed \u2013 pro radu, pomoc v\u00a0krizi, psychosoci\u00e1ln\u00ed podporu, pr\u00e1vn\u00ed poradenstv\u00ed nebo i&nbsp;azylov\u00e9 bydlen\u00ed.<br \/>\r\n<br \/>\r\n<\/p>\r\n<p><span style=\"color: #0000ff;\"><strong>Acorus<\/strong><\/span><br \/>\r\n<br \/>\r\nPoskytuje osob\u00e1m ohro\u017een\u00fdm dom\u00e1c\u00edm n\u00e1sil\u00edm komplexn\u00ed odbornou pomoc sm\u011b\u0159uj\u00edc\u00ed k&nbsp;p\u0159ekon\u00e1n\u00ed nep\u0159\u00edzniv\u00e9 soci\u00e1ln\u00ed situace a&nbsp;k&nbsp;za\u010dlen\u011bn\u00ed do b\u011b\u017en\u00e9ho \u017eivota bez p\u0159\u00edtomnosti n\u00e1sil\u00ed.<br \/>\r\n<em><a href=\"https:\/\/www.acorus.cz\/\">www.acorus.cz<\/a><\/em><\/p>\r\n<hr \/>\r\n<p><span style=\"color: #0000ff;\"><strong>Locika<\/strong><\/span><br \/>\r\n<br \/>\r\nChr\u00e1n\u00ed z\u00e1jem d\u00edt\u011bte a&nbsp;poskytuje mu i&nbsp;jeho rodi\u010d\u016fm odbornou pomoc.\u00a0<br \/>\r\n<em><a href=\"https:\/\/www.centrumlocika.cz\/\">www.centrumlocika.cz<\/a><\/em><\/p>\r\n<hr \/>\r\n<p><strong><span style=\"color: #0000ff;\">Poradna Magdala Arcidiecezn\u00ed charity Praha<\/span><\/strong><br \/>\r\n<br \/>\r\nSoust\u0159ed\u00ed se na n\u00e1sil\u00ed v&nbsp;bl\u00edzk\u00fdch vztaz\u00edch a&nbsp;obchod s&nbsp;lidmi. Sna\u017e\u00ed se pracovat s&nbsp;celou rodinou, pokud je to v&nbsp;dan\u00e9 situaci mo\u017en\u00e9.<br \/>\r\n<em><a href=\"https:\/\/praha.charita.cz\/sluzby\/magdala\/?gad_source=1&amp;gclid=Cj0KCQjwir2xBhC_ARIsAMTXk87s9skvg1jgKei3k_6IPNAjppeP_dN8qYf75DPNlc60038Be7ezTu8aAmGTEALw_wcB\">praha.charita.cz<\/a><\/em><\/p>\r\n<hr \/>\r\n<p><span style=\"color: #0000ff;\"><strong>B\u00edl\u00fd kruh bezpe\u010d\u00ed<\/strong><\/span><br \/>\r\n<br \/>\r\nTelefonn\u00ed (i&nbsp;anonymn\u00ed) linka pomoci ob\u011btem kriminality a&nbsp;dom\u00e1c\u00edho n\u00e1sil\u00ed.<br \/>\r\n<em><a href=\"https:\/\/www.bkb.cz\/o-nas\/poslani-a-cinnost\/\">www.bkb.cz<\/a><\/em><\/p>\r\n<hr \/>\r\n<p><span style=\"color: #0000ff;\"><strong>Diakonie Praha<\/strong><\/span><br \/>\r\n<br \/>\r\nKrizov\u00e1 pomoc.<br \/>\r\n<em><a href=\"https:\/\/praha.diakonie.cz\/sluzby-pro-lidi-s-autismem-celorepublikove-chybi\/?cilova_skupina=22&amp;kraj=1\">praha.diakonie.cz<\/a><\/em><\/p>\r\n<hr \/>\r\n<p><span style=\"color: #0000ff;\"><strong>Proxima Sociale<\/strong><\/span><br \/>\r\n<br \/>\r\nKrizov\u00e1 pomoc.\u00a0<br \/>\r\n<em><a href=\"https:\/\/www.proximasociale.cz\/poradenske-a-pobytove-programy\/krizova-pomoc\/\">www.proximasociale.cz<\/a><\/em><br \/>\r\n<br \/>\r\n<\/p>","protected":false},"excerpt":{"rendered":"[perex] Nebojte se po\u017e\u00e1dat o&nbsp;pomoc! Ohro\u017een\u00e9 osoby pot\u0159ebuj\u00ed v\u010dasnou a&nbsp;\u00fa\u010dinnou pomoc, ochranu a&nbsp;podporu. Pokud se c\u00edt\u00edte jako ob\u011b\u0165 dom\u00e1c\u00edho n\u00e1sil\u00ed, m\u016f\u017eete se obr\u00e1tit na soci\u00e1ln\u00ed pracovn\u00edky Odboru soci\u00e1ln\u00edch v\u011bc\u00ed, kte\u0159\u00ed v\u00e1m ve spolupr\u00e1ci s&nbsp;odborn\u00edky pomohou va\u0161i t\u00ed\u017eivou situaci \u0159e\u0161it. [\/perex] P\u0159\u00edpadn\u011b se obra\u0165te p\u0159\u00edmo na n\u011bkterou z\u00a0pom\u00e1haj\u00edc\u00edch organizac\u00ed \u2013 pro radu, pomoc v\u00a0krizi, psychosoci\u00e1ln\u00ed podporu, [&hellip;]","protected":false},"author":76,"featured_media":0,"parent":1728,"menu_order":0,"comment_status":"closed","ping_status":"closed","template":"","meta":[],"_links":{"self":[{"href":"https:\/\/www.praha7.cz\/api\/wp\/v2\/pages\/73485"}],"collection":[{"href":"https:\/\/www.praha7.cz\/api\/wp\/v2\/pages"}],"about":[{"href":"https:\/\/www.praha7.cz\/api\/wp\/v2\/types\/page"}],"author":[{"embeddable":true,"href":"https:\/\/www.praha7.cz\/api\/wp\/v2\/users\/76"}],"replies":[{"embeddable":true,"href":"https:\/\/www.praha7.cz\/api\/wp\/v2\/comments?post=73485"}],"version-history":[{"count":5,"href":"https:\/\/www.praha7.cz\/api\/wp\/v2\/pages\/73485\/revisions"}],"predecessor-version":[{"id":76418,"href":"https:\/\/www.praha7.cz\/api\/wp\/v2\/pages\/73485\/revisions\/76418"}],"up":[{"embeddable":true,"href":"https:\/\/www.praha7.cz\/api\/wp\/v2\/pages\/1728"}],"wp:attachment":[{"href":"https:\/\/www.praha7.cz\/api\/wp\/v2\/media?parent=73485"}],"curies":[{"name":"wp","href":"https:\/\/api.w.org\/{rel}","templated":true}]}}

Osoby ohrožené domácím násilím

<p>[perex]</p>
<p>Nebojte se požádat o&nbsp;pomoc! Ohrožené osoby potřebují včasnou a&nbsp;účinnou pomoc, ochranu a&nbsp;podporu. Pokud se cítíte jako oběť domácího násilí, můžete se obrátit na sociální pracovníky <a href="https://www.praha7.cz/radnice/organizacni-struktura/odbor-socialnich-veci/">Odboru sociálních věcí</a>, kteří vám ve spolupráci s&nbsp;odborníky pomohou vaši tíživou situaci řešit.</p>
<p>[/perex]</p>
<p>Případně se obraťte přímo na některou z pomáhajících organizací – pro radu, pomoc v krizi, psychosociální podporu, právní poradenství nebo i&nbsp;azylové bydlení.<br />
<br />
</p>
<p><span style="color: #0000ff;"><strong>Acorus</strong></span><br />
<br />
Poskytuje osobám ohroženým domácím násilím komplexní odbornou pomoc směřující k&nbsp;překonání nepříznivé sociální situace a&nbsp;k&nbsp;začlenění do běžného života bez přítomnosti násilí.<br />
<em><a href="https://www.acorus.cz/">www.acorus.cz</a></em></p>
<hr />
<p><span style="color: #0000ff;"><strong>Locika</strong></span><br />
<br />
Chrání zájem dítěte a&nbsp;poskytuje mu i&nbsp;jeho rodičům odbornou pomoc. <br />
<em><a href="https://www.centrumlocika.cz/">www.centrumlocika.cz</a></em></p>
<hr />
<p><strong><span style="color: #0000ff;">Poradna Magdala Arcidiecezní charity Praha</span></strong><br />
<br />
Soustředí se na násilí v&nbsp;blízkých vztazích a&nbsp;obchod s&nbsp;lidmi. Snaží se pracovat s&nbsp;celou rodinou, pokud je to v&nbsp;dané situaci možné.<br />
<em><a href="https://praha.charita.cz/sluzby/magdala/?gad_source=1&amp;gclid=Cj0KCQjwir2xBhC_ARIsAMTXk87s9skvg1jgKei3k_6IPNAjppeP_dN8qYf75DPNlc60038Be7ezTu8aAmGTEALw_wcB">praha.charita.cz</a></em></p>
<hr />
<p><span style="color: #0000ff;"><strong>Bílý kruh bezpečí</strong></span><br />
<br />
Telefonní (i&nbsp;anonymní) linka pomoci obětem kriminality a&nbsp;domácího násilí.<br />
<em><a href="https://www.bkb.cz/o-nas/poslani-a-cinnost/">www.bkb.cz</a></em></p>
<hr />
<p><span style="color: #0000ff;"><strong>Diakonie Praha</strong></span><br />
<br />
Krizová pomoc.<br />
<em><a href="https://praha.diakonie.cz/sluzby-pro-lidi-s-autismem-celorepublikove-chybi/?cilova_skupina=22&amp;kraj=1">praha.diakonie.cz</a></em></p>
<hr />
<p><span style="color: #0000ff;"><strong>Proxima Sociale</strong></span><br />
<br />
Krizová pomoc. <br />
<em><a href="https://www.proximasociale.cz/poradenske-a-pobytove-programy/krizova-pomoc/">www.proximasociale.cz</a></em><br />
<br />
</p>

[perex] Nebojte se požádat o&nbsp;pomoc! Ohrožené osoby potřebují včasnou a&nbsp;účinnou pomoc, ochranu a&nbsp;podporu. Pokud se cítíte jako oběť domácího násilí, můžete se obrátit na sociální pracovníky Odboru sociálních věcí, kteří vám ve spolupráci s&nbsp;odborníky pomohou vaši tíživou situaci řešit. [/perex] Případně se obraťte přímo na některou z pomáhajících organizací – pro radu, pomoc v krizi, psychosociální podporu, [&hellip;]
