    
{"id":73471,"date":"2024-02-06T17:15:06","date_gmt":"2024-02-06T16:15:06","guid":{"rendered":"https:\/\/www.praha7.cz\/?page_id=73471"},"modified":"2024-02-21T11:59:13","modified_gmt":"2024-02-21T10:59:13","slug":"osoby-v-socialni-a-financni-tisni","status":"publish","type":"page","link":"https:\/\/www.praha7.cz\/potrebuji-zaridit\/socialni-oblast\/osoby-v-socialni-a-financni-tisni\/","title":{"rendered":"Osoby v&nbsp;soci\u00e1ln\u00ed a&nbsp;finan\u010dn\u00ed t\u00edsni"},"content":{"rendered":"<p>[perex]<\/p>\r\n<p>Nach\u00e1z\u00edte se v&nbsp;n\u00e1ro\u010dn\u00e9 \u017eivotn\u00ed situaci? Bojujete s&nbsp;financemi, bydlen\u00edm, prac\u00ed, rodinn\u00fdmi probl\u00e9my \u010di V\u00e1s tr\u00e1p\u00ed jin\u00e1 oblast ve Va\u0161em \u017eivot\u011b? V\u017edy se m\u016f\u017eete obr\u00e1tit na soci\u00e1ln\u00ed pracovn\u00edky <a href=\"https:\/\/www.praha7.cz\/radnice\/organizacni-struktura\/odbor-socialnich-veci\/\">Odboru soci\u00e1ln\u00edch v\u011bc\u00ed<\/a>, kte\u0159\u00ed V\u00e1m mohou poradit a&nbsp;prov\u00e9st V\u00e1s mo\u017enostmi, kter\u00e9 poskytuje st\u00e1tn\u00ed soci\u00e1ln\u00ed podpora a&nbsp;dal\u0161\u00ed spolupracuj\u00edc\u00ed organizace.<\/p>\r\n<p>[\/perex]<\/p>\r\n\n    <div class=\"container-fluid guidelist text-center\">\n        <div class=\"row\">\n            <div class=\"col-xs-12 col-md-6 guidelist-container\">\n                <a href=\"https:\/\/www.praha7.cz\/potrebuji-zaridit\/socialni-oblast\/socialni-davky\/\" class=\"btn btn-block\">Soci\u00e1ln\u00ed d\u00e1vky a&nbsp;d\u016fchody<\/a>\n            <\/div>\n            <div class=\"col-xs-12 col-md-6 guidelist-container\">\n                <a href=\"https:\/\/www.praha7.cz\/volny-cas-prehled\/deti\/prispevek-na-krouzky\/\" class=\"btn btn-block\">P\u0159\u00edsp\u011bvek na krou\u017eky<\/a>\n            <\/div>\n            <div class=\"col-xs-12 col-md-6 guidelist-container\">\n                <a href=\"https:\/\/www.praha7.cz\/potrebuji-zaridit\/socialni-oblast\/socialni-sluzby-a-podpora\/potravinova-banka\/\" class=\"btn btn-block\">Potravinov\u00e1 banka<\/a>\n            <\/div>\n            <div class=\"col-xs-12 col-md-6 guidelist-container\">\n                <a href=\"https:\/\/www.praha7.cz\/potrebuji-zaridit\/socialni-oblast\/socialni-sluzby-a-podpora\/nezamestnani\/\" class=\"btn btn-block\">Nezam\u011bstnan\u00ed \/ Praha 7<\/a>\n            <\/div>\n            <div class=\"col-xs-12 col-md-6 guidelist-container\">\n                <a href=\"https:\/\/www.praha7.cz\/potrebuji-zaridit\/socialni-oblast\/osoby-ohrozene-zavislostmi\/\" class=\"btn btn-block\">Osoby ohro\u017een\u00e9 z\u00e1vislostmi<\/a>\n            <\/div>\n        <\/div>\n    <\/div>\n\n\r\n<p>&nbsp;<\/p>","protected":false},"excerpt":{"rendered":"[perex] Nach\u00e1z\u00edte se v&nbsp;n\u00e1ro\u010dn\u00e9 \u017eivotn\u00ed situaci? Bojujete s&nbsp;financemi, bydlen\u00edm, prac\u00ed, rodinn\u00fdmi probl\u00e9my \u010di V\u00e1s tr\u00e1p\u00ed jin\u00e1 oblast ve Va\u0161em \u017eivot\u011b? V\u017edy se m\u016f\u017eete obr\u00e1tit na soci\u00e1ln\u00ed pracovn\u00edky Odboru soci\u00e1ln\u00edch v\u011bc\u00ed, kte\u0159\u00ed V\u00e1m mohou poradit a&nbsp;prov\u00e9st V\u00e1s mo\u017enostmi, kter\u00e9 poskytuje st\u00e1tn\u00ed soci\u00e1ln\u00ed podpora a&nbsp;dal\u0161\u00ed spolupracuj\u00edc\u00ed organizace. [\/perex] &nbsp;","protected":false},"author":292,"featured_media":0,"parent":1728,"menu_order":0,"comment_status":"closed","ping_status":"closed","template":"","meta":[],"_links":{"self":[{"href":"https:\/\/www.praha7.cz\/api\/wp\/v2\/pages\/73471"}],"collection":[{"href":"https:\/\/www.praha7.cz\/api\/wp\/v2\/pages"}],"about":[{"href":"https:\/\/www.praha7.cz\/api\/wp\/v2\/types\/page"}],"author":[{"embeddable":true,"href":"https:\/\/www.praha7.cz\/api\/wp\/v2\/users\/292"}],"replies":[{"embeddable":true,"href":"https:\/\/www.praha7.cz\/api\/wp\/v2\/comments?post=73471"}],"version-history":[{"count":5,"href":"https:\/\/www.praha7.cz\/api\/wp\/v2\/pages\/73471\/revisions"}],"predecessor-version":[{"id":73824,"href":"https:\/\/www.praha7.cz\/api\/wp\/v2\/pages\/73471\/revisions\/73824"}],"up":[{"embeddable":true,"href":"https:\/\/www.praha7.cz\/api\/wp\/v2\/pages\/1728"}],"wp:attachment":[{"href":"https:\/\/www.praha7.cz\/api\/wp\/v2\/media?parent=73471"}],"curies":[{"name":"wp","href":"https:\/\/api.w.org\/{rel}","templated":true}]}}

Osoby v&nbsp;sociální a&nbsp;finanční tísni

<p>[perex]</p>
<p>Nacházíte se v&nbsp;náročné životní situaci? Bojujete s&nbsp;financemi, bydlením, prací, rodinnými problémy či Vás trápí jiná oblast ve Vašem životě? Vždy se můžete obrátit na sociální pracovníky <a href="https://www.praha7.cz/radnice/organizacni-struktura/odbor-socialnich-veci/">Odboru sociálních věcí</a>, kteří Vám mohou poradit a&nbsp;provést Vás možnostmi, které poskytuje státní sociální podpora a&nbsp;další spolupracující organizace.</p>
<p>[/perex]</p>

    <div class="container-fluid guidelist text-center">
        <div class="row">
            <div class="col-xs-12 col-md-6 guidelist-container">
                <a href="https://www.praha7.cz/potrebuji-zaridit/socialni-oblast/socialni-davky/" class="btn btn-block">Sociální dávky a&nbsp;důchody</a>
            </div>
            <div class="col-xs-12 col-md-6 guidelist-container">
                <a href="https://www.praha7.cz/volny-cas-prehled/deti/prispevek-na-krouzky/" class="btn btn-block">Příspěvek na kroužky</a>
            </div>
            <div class="col-xs-12 col-md-6 guidelist-container">
                <a href="https://www.praha7.cz/potrebuji-zaridit/socialni-oblast/socialni-sluzby-a-podpora/potravinova-banka/" class="btn btn-block">Potravinová banka</a>
            </div>
            <div class="col-xs-12 col-md-6 guidelist-container">
                <a href="https://www.praha7.cz/potrebuji-zaridit/socialni-oblast/socialni-sluzby-a-podpora/nezamestnani/" class="btn btn-block">Nezaměstnaní / Praha 7</a>
            </div>
            <div class="col-xs-12 col-md-6 guidelist-container">
                <a href="https://www.praha7.cz/potrebuji-zaridit/socialni-oblast/osoby-ohrozene-zavislostmi/" class="btn btn-block">Osoby ohrožené závislostmi</a>
            </div>
        </div>
    </div>


<p>&nbsp;</p>

[perex] Nacházíte se v&nbsp;náročné životní situaci? Bojujete s&nbsp;financemi, bydlením, prací, rodinnými problémy či Vás trápí jiná oblast ve Vašem životě? Vždy se můžete obrátit na sociální pracovníky Odboru sociálních věcí, kteří Vám mohou poradit a&nbsp;provést Vás možnostmi, které poskytuje státní sociální podpora a&nbsp;další spolupracující organizace. [/perex] &nbsp;
