    
{"id":73466,"date":"2024-02-06T17:02:53","date_gmt":"2024-02-06T16:02:53","guid":{"rendered":"https:\/\/www.praha7.cz\/?page_id=73466"},"modified":"2024-02-21T11:58:36","modified_gmt":"2024-02-21T10:58:36","slug":"osoby-v-bytove-nouzi-a-bez-pristresi","status":"publish","type":"page","link":"https:\/\/www.praha7.cz\/potrebuji-zaridit\/socialni-oblast\/osoby-v-bytove-nouzi-a-bez-pristresi\/","title":{"rendered":"Osoby v&nbsp;bytov\u00e9 nouzi a&nbsp;bez p\u0159\u00edst\u0159e\u0161\u00ed"},"content":{"rendered":"<p>[perex]<br \/>\r\nNach\u00e1z\u00edte se v&nbsp;bytov\u00e9 nouzi \u010di bez p\u0159\u00edst\u0159e\u0161\u00ed? M\u016f\u017eete se obr\u00e1tit na poradensk\u00e9 pracovi\u0161t\u011b <a href=\"https:\/\/www.praha7.cz\/temata\/pomahame\/kontaktni-misto\/\">Kontaktn\u00edho m\u00edsta pro bydlen\u00ed<\/a>, kde V\u00e1m pracovn\u00edk poskytne podporu a&nbsp;navigaci v&nbsp;syst\u00e9mu podpory v&nbsp;oblasti nalezen\u00ed \u010di udr\u017een\u00ed bydlen\u00ed. Osob\u00e1m bez p\u0159\u00edst\u0159e\u0161\u00ed poskytuj\u00ed podporu tak\u00e9 kur\u00e1to\u0159i pro dosp\u011bl\u00e9 <a href=\"https:\/\/www.praha7.cz\/radnice\/organizacni-struktura\/odbor-socialnich-veci\/\">Odboru soci\u00e1ln\u00edch v\u011bc\u00ed<\/a>, kte\u0159\u00ed mohou pomoci s&nbsp;vy\u0159\u00edzen\u00edm d\u00e1vek poskytovan\u00fdch \u00da\u0159adem pr\u00e1ce, nasm\u011brov\u00e1n\u00edm na neziskov\u00e9 organizace, ubytovac\u00ed za\u0159\u00edzen\u00ed \u010di na poskytovatele materi\u00e1ln\u00ed pomoci.<\/p>\r\n<p>[\/perex]<\/p>\r\n\n    <div class=\"container-fluid guidelist text-center\">\n        <div class=\"row\">\n            <div class=\"col-xs-12 col-md-6 guidelist-container\">\n                <a href=\"https:\/\/www.praha7.cz\/potrebuji-zaridit\/socialni-oblast\/osoby-v-bytove-nouzi-a-bez-pristresi\/bytova-nouze\/\" class=\"btn btn-block\">Bytov\u00e1 nouze<\/a>\n            <\/div>\n            <div class=\"col-xs-12 col-md-6 guidelist-container\">\n                <a href=\"https:\/\/www.praha7.cz\/potrebuji-zaridit\/socialni-oblast\/davky-na-bydleni\/\" class=\"btn btn-block\">D\u00e1vky na bydlen\u00ed<\/a>\n            <\/div>\n            <div class=\"col-xs-12 col-md-6 guidelist-container\">\n                <a href=\"https:\/\/www.praha7.cz\/temata\/pomahame\/kontaktni-misto\/\" class=\"btn btn-block\">Kontaktn\u00ed m\u00edsto pro bydlen\u00ed<\/a>\n            <\/div>\n        <\/div>\n    <\/div>\n\n","protected":false},"excerpt":{"rendered":"[perex] Nach\u00e1z\u00edte se v&nbsp;bytov\u00e9 nouzi \u010di bez p\u0159\u00edst\u0159e\u0161\u00ed? M\u016f\u017eete se obr\u00e1tit na poradensk\u00e9 pracovi\u0161t\u011b Kontaktn\u00edho m\u00edsta pro bydlen\u00ed, kde V\u00e1m pracovn\u00edk poskytne podporu a&nbsp;navigaci v&nbsp;syst\u00e9mu podpory v&nbsp;oblasti nalezen\u00ed \u010di udr\u017een\u00ed bydlen\u00ed. Osob\u00e1m bez p\u0159\u00edst\u0159e\u0161\u00ed poskytuj\u00ed podporu tak\u00e9 kur\u00e1to\u0159i pro dosp\u011bl\u00e9 Odboru soci\u00e1ln\u00edch v\u011bc\u00ed, kte\u0159\u00ed mohou pomoci s&nbsp;vy\u0159\u00edzen\u00edm d\u00e1vek poskytovan\u00fdch \u00da\u0159adem pr\u00e1ce, nasm\u011brov\u00e1n\u00edm na neziskov\u00e9 organizace, [&hellip;]","protected":false},"author":292,"featured_media":0,"parent":1728,"menu_order":0,"comment_status":"closed","ping_status":"closed","template":"","meta":[],"_links":{"self":[{"href":"https:\/\/www.praha7.cz\/api\/wp\/v2\/pages\/73466"}],"collection":[{"href":"https:\/\/www.praha7.cz\/api\/wp\/v2\/pages"}],"about":[{"href":"https:\/\/www.praha7.cz\/api\/wp\/v2\/types\/page"}],"author":[{"embeddable":true,"href":"https:\/\/www.praha7.cz\/api\/wp\/v2\/users\/292"}],"replies":[{"embeddable":true,"href":"https:\/\/www.praha7.cz\/api\/wp\/v2\/comments?post=73466"}],"version-history":[{"count":5,"href":"https:\/\/www.praha7.cz\/api\/wp\/v2\/pages\/73466\/revisions"}],"predecessor-version":[{"id":73823,"href":"https:\/\/www.praha7.cz\/api\/wp\/v2\/pages\/73466\/revisions\/73823"}],"up":[{"embeddable":true,"href":"https:\/\/www.praha7.cz\/api\/wp\/v2\/pages\/1728"}],"wp:attachment":[{"href":"https:\/\/www.praha7.cz\/api\/wp\/v2\/media?parent=73466"}],"curies":[{"name":"wp","href":"https:\/\/api.w.org\/{rel}","templated":true}]}}

Osoby v&nbsp;bytové nouzi a&nbsp;bez přístřeší

<p>[perex]<br />
Nacházíte se v&nbsp;bytové nouzi či bez přístřeší? Můžete se obrátit na poradenské pracoviště <a href="https://www.praha7.cz/temata/pomahame/kontaktni-misto/">Kontaktního místa pro bydlení</a>, kde Vám pracovník poskytne podporu a&nbsp;navigaci v&nbsp;systému podpory v&nbsp;oblasti nalezení či udržení bydlení. Osobám bez přístřeší poskytují podporu také kurátoři pro dospělé <a href="https://www.praha7.cz/radnice/organizacni-struktura/odbor-socialnich-veci/">Odboru sociálních věcí</a>, kteří mohou pomoci s&nbsp;vyřízením dávek poskytovaných Úřadem práce, nasměrováním na neziskové organizace, ubytovací zařízení či na poskytovatele materiální pomoci.</p>
<p>[/perex]</p>

    <div class="container-fluid guidelist text-center">
        <div class="row">
            <div class="col-xs-12 col-md-6 guidelist-container">
                <a href="https://www.praha7.cz/potrebuji-zaridit/socialni-oblast/osoby-v-bytove-nouzi-a-bez-pristresi/bytova-nouze/" class="btn btn-block">Bytová nouze</a>
            </div>
            <div class="col-xs-12 col-md-6 guidelist-container">
                <a href="https://www.praha7.cz/potrebuji-zaridit/socialni-oblast/davky-na-bydleni/" class="btn btn-block">Dávky na bydlení</a>
            </div>
            <div class="col-xs-12 col-md-6 guidelist-container">
                <a href="https://www.praha7.cz/temata/pomahame/kontaktni-misto/" class="btn btn-block">Kontaktní místo pro bydlení</a>
            </div>
        </div>
    </div>

[perex] Nacházíte se v&nbsp;bytové nouzi či bez přístřeší? Můžete se obrátit na poradenské pracoviště Kontaktního místa pro bydlení, kde Vám pracovník poskytne podporu a&nbsp;navigaci v&nbsp;systému podpory v&nbsp;oblasti nalezení či udržení bydlení. Osobám bez přístřeší poskytují podporu také kurátoři pro dospělé Odboru sociálních věcí, kteří mohou pomoci s&nbsp;vyřízením dávek poskytovaných Úřadem práce, nasměrováním na neziskové organizace, [&hellip;]
