    
{"id":70013,"date":"2023-09-20T15:28:33","date_gmt":"2023-09-20T13:28:33","guid":{"rendered":"https:\/\/www.praha7.cz\/?page_id=70013"},"modified":"2026-01-13T13:05:58","modified_gmt":"2026-01-13T12:05:58","slug":"zvyhodnene-parkovani-pro-rezidenty-v-garazich-the-fizz","status":"publish","type":"page","link":"https:\/\/www.praha7.cz\/potrebuji-zaridit\/doprava\/parkovani\/zvyhodnene-parkovani-pro-rezidenty-v-garazich-the-fizz\/","title":{"rendered":"Zv\u00fdhodn\u011bn\u00e9 parkov\u00e1n\u00ed pro rezidenty v&nbsp;gar\u00e1\u017e\u00edch The Fizz"},"content":{"rendered":"<p>[perex]<\/p>\r\n<p>Studentsk\u00e1 rezidence The Fizz Praha nab\u00edz\u00ed zv\u00fdhodn\u011bn\u00e9 dlouhodob\u00e9 parkov\u00e1n\u00ed pro ob\u010dany M\u010c Praha&nbsp;7. Cena kryt\u00e9ho parkov\u00e1n\u00ed v&nbsp;podzemn\u00edch gar\u00e1\u017e\u00edch v&nbsp;ul. Na Z\u00e1tor\u00e1ch 1625\/1 nedaleko N\u00e1dra\u017e\u00ed Hole\u0161ovice pro rezidenty sedm\u00e9 m\u011bstsk\u00e9 \u010d\u00e1sti \u010din\u00ed 2&nbsp;572\/m\u011bs\u00edc. Sta\u010d\u00ed vyplnit n\u00ed\u017ee uveden\u00fd formul\u00e1\u0159 a&nbsp;sales team The Fizz v\u00e1s bude kontaktovat.<\/p>\r\n<p>&nbsp;<\/p>\r\n<p style=\"text-align: center;\"><strong>V p\u0159\u00edpad\u011b z\u00e1jmu o&nbsp;zv\u00fdhodn\u011bn\u00e9 parkov\u00e1n\u00ed pro rezidenty <br \/>\r\n<\/strong><strong>vypl\u0148te formul\u00e1\u0159 <a href=\"https:\/\/the-fizz.us15.list-manage.com\/subscribe?u=c6ad1341b7200dde70e0e5ffa&amp;id=0552e4d526\" target=\"_blank\" rel=\"noopener\">ZDE<\/a>.\u00a0<\/strong><\/p>\r\n<p>&nbsp;<\/p>\r\n<p><strong><a href=\"https:\/\/www.the-fizz.com\/cs\/parkovani\/\" target=\"_blank\" rel=\"noopener\">V\u00edce informac\u00ed o&nbsp;parkov\u00e1n\u00ed v&nbsp;rezidenci The Fizz\u00a0<\/a><\/strong><\/p>\r\n<p>[\/perex]<\/p>\r\n<p><img loading=\"lazy\" src=\"https:\/\/www.praha7.cz\/wp-content\/uploads\/2023\/09\/THEFIZZPrague-Parking-1500x1000.jpg\" alt=\"\" width=\"640\" height=\"427\" class=\"alignnone size-large wp-image-70014\" srcset=\"https:\/\/www.praha7.cz\/wp-content\/uploads\/2023\/09\/THEFIZZPrague-Parking-1500x1000.jpg 1500w, https:\/\/www.praha7.cz\/wp-content\/uploads\/2023\/09\/THEFIZZPrague-Parking-600x400.jpg 600w, https:\/\/www.praha7.cz\/wp-content\/uploads\/2023\/09\/THEFIZZPrague-Parking-768x512.jpg 768w, https:\/\/www.praha7.cz\/wp-content\/uploads\/2023\/09\/THEFIZZPrague-Parking-1536x1024.jpg 1536w, https:\/\/www.praha7.cz\/wp-content\/uploads\/2023\/09\/THEFIZZPrague-Parking-2048x1365.jpg 2048w\" sizes=\"(max-width: 640px) 100vw, 640px\" \/><\/p>","protected":false},"excerpt":{"rendered":"[perex] Studentsk\u00e1 rezidence The Fizz Praha nab\u00edz\u00ed zv\u00fdhodn\u011bn\u00e9 dlouhodob\u00e9 parkov\u00e1n\u00ed pro ob\u010dany M\u010c Praha&nbsp;7. Cena kryt\u00e9ho parkov\u00e1n\u00ed v&nbsp;podzemn\u00edch gar\u00e1\u017e\u00edch v&nbsp;ul. Na Z\u00e1tor\u00e1ch 1625\/1 nedaleko N\u00e1dra\u017e\u00ed Hole\u0161ovice pro rezidenty sedm\u00e9 m\u011bstsk\u00e9 \u010d\u00e1sti \u010din\u00ed 2&nbsp;572\/m\u011bs\u00edc. Sta\u010d\u00ed vyplnit n\u00ed\u017ee uveden\u00fd formul\u00e1\u0159 a&nbsp;sales team The Fizz v\u00e1s bude kontaktovat. &nbsp; V&nbsp;p\u0159\u00edpad\u011b z\u00e1jmu o&nbsp;zv\u00fdhodn\u011bn\u00e9 parkov\u00e1n\u00ed pro rezidenty vypl\u0148te formul\u00e1\u0159 [&hellip;]","protected":false},"author":5,"featured_media":0,"parent":3465,"menu_order":0,"comment_status":"closed","ping_status":"closed","template":"","meta":[],"_links":{"self":[{"href":"https:\/\/www.praha7.cz\/api\/wp\/v2\/pages\/70013"}],"collection":[{"href":"https:\/\/www.praha7.cz\/api\/wp\/v2\/pages"}],"about":[{"href":"https:\/\/www.praha7.cz\/api\/wp\/v2\/types\/page"}],"author":[{"embeddable":true,"href":"https:\/\/www.praha7.cz\/api\/wp\/v2\/users\/5"}],"replies":[{"embeddable":true,"href":"https:\/\/www.praha7.cz\/api\/wp\/v2\/comments?post=70013"}],"version-history":[{"count":10,"href":"https:\/\/www.praha7.cz\/api\/wp\/v2\/pages\/70013\/revisions"}],"predecessor-version":[{"id":89037,"href":"https:\/\/www.praha7.cz\/api\/wp\/v2\/pages\/70013\/revisions\/89037"}],"up":[{"embeddable":true,"href":"https:\/\/www.praha7.cz\/api\/wp\/v2\/pages\/3465"}],"wp:attachment":[{"href":"https:\/\/www.praha7.cz\/api\/wp\/v2\/media?parent=70013"}],"curies":[{"name":"wp","href":"https:\/\/api.w.org\/{rel}","templated":true}]}}

Zvýhodněné parkování pro rezidenty v&nbsp;garážích The Fizz

<p>[perex]</p>
<p>Studentská rezidence The Fizz Praha nabízí zvýhodněné dlouhodobé parkování pro občany MČ Praha&nbsp;7. Cena krytého parkování v&nbsp;podzemních garážích v&nbsp;ul. Na Zátorách 1625/1 nedaleko Nádraží Holešovice pro rezidenty sedmé městské části činí 2&nbsp;572/měsíc. Stačí vyplnit níže uvedený formulář a&nbsp;sales team The Fizz vás bude kontaktovat.</p>
<p>&nbsp;</p>
<p style="text-align: center;"><strong>V případě zájmu o&nbsp;zvýhodněné parkování pro rezidenty <br />
</strong><strong>vyplňte formulář <a href="https://the-fizz.us15.list-manage.com/subscribe?u=c6ad1341b7200dde70e0e5ffa&amp;id=0552e4d526" target="_blank" rel="noopener">ZDE</a>. </strong></p>
<p>&nbsp;</p>
<p><strong><a href="https://www.the-fizz.com/cs/parkovani/" target="_blank" rel="noopener">Více informací o&nbsp;parkování v&nbsp;rezidenci The Fizz </a></strong></p>
<p>[/perex]</p>
<p><img loading="lazy" src="https://www.praha7.cz/wp-content/uploads/2023/09/THEFIZZPrague-Parking-1500x1000.jpg" alt="" width="640" height="427" class="alignnone size-large wp-image-70014" srcset="https://www.praha7.cz/wp-content/uploads/2023/09/THEFIZZPrague-Parking-1500x1000.jpg 1500w, https://www.praha7.cz/wp-content/uploads/2023/09/THEFIZZPrague-Parking-600x400.jpg 600w, https://www.praha7.cz/wp-content/uploads/2023/09/THEFIZZPrague-Parking-768x512.jpg 768w, https://www.praha7.cz/wp-content/uploads/2023/09/THEFIZZPrague-Parking-1536x1024.jpg 1536w, https://www.praha7.cz/wp-content/uploads/2023/09/THEFIZZPrague-Parking-2048x1365.jpg 2048w" sizes="(max-width: 640px) 100vw, 640px" /></p>

[perex] Studentská rezidence The Fizz Praha nabízí zvýhodněné dlouhodobé parkování pro občany MČ Praha&nbsp;7. Cena krytého parkování v&nbsp;podzemních garážích v&nbsp;ul. Na Zátorách 1625/1 nedaleko Nádraží Holešovice pro rezidenty sedmé městské části činí 2&nbsp;572/měsíc. Stačí vyplnit níže uvedený formulář a&nbsp;sales team The Fizz vás bude kontaktovat. &nbsp; V&nbsp;případě zájmu o&nbsp;zvýhodněné parkování pro rezidenty vyplňte formulář [&hellip;]
