    
{"id":6539,"date":"2017-09-24T17:53:55","date_gmt":"2017-09-24T15:53:55","guid":{"rendered":"https:\/\/praha7.cz\/?page_id=6539"},"modified":"2017-09-24T18:01:41","modified_gmt":"2017-09-24T16:01:41","slug":"usneseni-rady-ctirad-veverka-letenske-bodlo","status":"publish","type":"page","link":"https:\/\/www.praha7.cz\/potrebuji-zaridit\/dotace\/individualni-dotace\/vysledky-oblast-sportu\/usneseni-rady-ctirad-veverka-letenske-bodlo\/","title":{"rendered":"Usnesen\u00ed Rady Ctirad Veverka &#8211; Letensk\u00e9 bodlo"},"content":{"rendered":"<div id=\"ucUsn_pList\" class=\"usn\">\r\n<h2>Usnesen\u00ed rady M\u010c Praha&nbsp;7<\/h2>\r\n<div class=\"standBody\">\r\n<h3>N\u00e1vrh na poskytnut\u00ed individu\u00e1ln\u00ed dotace v&nbsp;oblasti sportu Ctiradu Veverkovi, I\u010cO: 101&nbsp;35&nbsp;618 za \u00fa\u010delem podpory akce Letensk\u00e9 bodlo<\/h3>\r\n<div class=\"center\"><strong>\u010d. 0732\/16<\/strong><\/div>\r\n<div class=\"center\"><strong>Ze dne 26.7.2016<\/strong><\/div>\r\n<br \/>\r\n<table class=\"documentProperties tableView\">\r\n<tbody>\r\n<tr>\r\n<td><\/td>\r\n<td>Rada m\u011bstsk\u00e9 \u010d\u00e1sti Praha&nbsp;7:<\/td>\r\n<\/tr>\r\n<tr>\r\n<td><strong><\/strong><\/td>\r\n<td><br \/>\r\n<ol class=\"urzList_view\">\r\n\t<li class=\"urzClass1\" style=\"text-align: left;\"><strong>bere na v\u011bdom\u00ed <\/strong><br \/>\r\n <br \/>\r\n<ol class=\"urzOlClass\">\r\n\t<li class=\"urzClass2\"><br \/>\r\n<p>N\u00e1vrh na poskytnut\u00ed individu\u00e1ln\u00ed dotace v&nbsp;oblasti sportu Ctiradu Veverkovi, I\u010cO: 101&nbsp;35&nbsp;618 za \u00fa\u010delem podpory akce Letensk\u00e9 bodlo<\/p>\r\n<\/li>\r\n<\/ol>\r\n<\/li>\r\n\t<li class=\"urzClass1\" style=\"text-align: left;\"><strong>schvaluje<\/strong> <br \/>\r\n <br \/>\r\n<ol class=\"urzOlClass\">\r\n\t<li class=\"urzClass2\"><br \/>\r\n<p>poskytnut\u00ed individu\u00e1ln\u00ed dotace ve v\u00fd\u0161i 10.000 K\u010d, formou ve\u0159ejnopr\u00e1vn\u00ed smlouvy, FO Ctirad Veverka, I\u010cO: 101&nbsp;35&nbsp;618, se s\u00eddlem U&nbsp;stud\u00e1nky 241\/29, 170&nbsp;00 Praha&nbsp;7 &#8211; Bubene\u010d, za \u00fa\u010delem podpory fotbalov\u00e9ho turnaje Letensk\u00e9 bodlo, po\u0159\u00e1dan\u00e9ho v&nbsp;term\u00ednu 06.-27.08.2016 v&nbsp;Letensk\u00fdch sadech, Praha&nbsp;7, hrazeno z&nbsp;rozpo\u010dtu ORJ 421 OKS &#8211; sport<\/p>\r\n<\/li>\r\n\t<li class=\"urzClass2\"><br \/>\r\n<p>text smlouvy o&nbsp;poskytnut\u00ed dotace mezi m\u011bstskou \u010d\u00e1st\u00ed Praha&nbsp;7 a&nbsp;FO Ctirad Veverka, I\u010cO: 101&nbsp;35&nbsp;618 viz p\u0159\u00edloha \u010d. 3<\/p>\r\n<\/li>\r\n\t<li class=\"urzClass2\"><br \/>\r\n<p>uzav\u0159en\u00ed smlouvy o&nbsp;poskytnut\u00ed dotace mezi m\u011bstskou \u010d\u00e1st\u00ed Praha&nbsp;7 a&nbsp;FO Ctirad Veverka, I\u010cO: 101&nbsp;35&nbsp;618 viz p\u0159\u00edloha \u010d. 3<\/p>\r\n<\/li>\r\n<\/ol>\r\n<\/li>\r\n\t<li class=\"urzClass1\" style=\"text-align: left;\"><strong>ukl\u00e1d\u00e1 <\/strong><br \/>\r\n <br \/>\r\n<ol class=\"urzOlClass\">\r\n\t<li class=\"urzClass2\"><br \/>\r\n<p>STA Mgr. Jan \u010ci\u017einsk\u00fd<\/p>\r\n<p>&gt;podepsat smlouvu o&nbsp;poskytnut\u00ed dotace mezi m\u011bstskou \u010d\u00e1st\u00ed Praha&nbsp;7 a&nbsp;FO Ctirad Veverka, I\u010cO: 101&nbsp;35&nbsp;618 viz p\u0159\u00edloha \u010d. 3<br \/>\r\n <span style=\"font-family: inherit; font-size: inherit;\">Term\u00edn: 5.8.2016<\/span><\/p>\r\n<\/li>\r\n\t<li class=\"urzClass2\"><br \/>\r\n<p>VED OKS Bc. Luk\u00e1\u0161 F\u00e1tor<\/p>\r\n<p>&gt;organiza\u010dn\u011b a&nbsp;finan\u010dn\u011b zajistit poskytnut\u00ed individu\u00e1ln\u00ed dotace FO Ctirad Veverka, I\u010cO: 101&nbsp;35&nbsp;618, za \u00fa\u010delem podpory fotbalov\u00e9ho turnaje Letensk\u00e9 bodlo dle \u010dl\u00e1nku II. tohoto usnesen\u00ed<br \/>\r\n <span style=\"font-family: inherit; font-size: inherit;\">Term\u00edn: 27.8.2016<\/span><\/p>\r\n<\/li>\r\n<\/ol>\r\n<\/li>\r\n<\/ol>\r\n<\/td>\r\n<\/tr>\r\n<\/tbody>\r\n<\/table>\r\n<br \/>\r\n<p>Seznam p\u0159\u00edloh:<\/p>\r\n<ul>\r\n\t<li><a href=\"https:\/\/praha7.cz\/wp-content\/uploads\/2017\/09\/732_16_pril1.doc\" target=\"_blank\" rel=\"noopener\">\u010d. 1 &#8211; D\u016fvodov\u00e1 zpr\u00e1va<\/a><\/li>\r\n\t<li><a href=\"https:\/\/praha7.cz\/wp-content\/uploads\/2017\/09\/732_16_pril2.pdf\" target=\"_blank\" rel=\"noopener\">\u010d. 2 &#8211; \u017d\u00e1dost o&nbsp;poskytnut\u00ed dotace &#8211; Ctirad Veverka, I\u010cO: 101&nbsp;35&nbsp;618<\/a><\/li>\r\n\t<li><a href=\"https:\/\/praha7.cz\/wp-content\/uploads\/2017\/09\/732_16_pril3.doc\" target=\"_blank\" rel=\"noopener\">\u010d. 3 &#8211; Smlouva o&nbsp;poskytnut\u00ed dotace mezi m\u011bstskou \u010d\u00e1st\u00ed Praha&nbsp;7 a&nbsp;FO Ctirad Veverka, I\u010cO: 101&nbsp;35&nbsp;618<\/a><\/li>\r\n\t<li><a href=\"https:\/\/praha7.cz\/wp-content\/uploads\/2017\/09\/732_16_pril4.pdf\" target=\"_blank\" rel=\"noopener\">\u010d. 4 &#8211; V\u00fdpis ze \u017eivnostensk\u00e9ho rejst\u0159\u00edku &#8211; FO Ctirad Veverka, I\u010cO: 101&nbsp;35&nbsp;618<\/a><\/li>\r\n<\/ul>\r\n<\/div>\r\n<\/div>","protected":false},"excerpt":{"rendered":"Usnesen\u00ed rady M\u010c Praha&nbsp;7 N\u00e1vrh na poskytnut\u00ed individu\u00e1ln\u00ed dotace v&nbsp;oblasti sportu Ctiradu Veverkovi, I\u010cO: 101&nbsp;35&nbsp;618 za \u00fa\u010delem podpory akce Letensk\u00e9 bodlo \u010d. 0732\/16 Ze dne 26.7.2016 Rada m\u011bstsk\u00e9 \u010d\u00e1sti Praha&nbsp;7: bere na v\u011bdom\u00ed N\u00e1vrh na poskytnut\u00ed individu\u00e1ln\u00ed dotace v&nbsp;oblasti sportu Ctiradu Veverkovi, I\u010cO: 101&nbsp;35&nbsp;618 za \u00fa\u010delem podpory akce Letensk\u00e9 bodlo schvaluje poskytnut\u00ed individu\u00e1ln\u00ed dotace ve [&hellip;]","protected":false},"author":17,"featured_media":0,"parent":6400,"menu_order":0,"comment_status":"closed","ping_status":"closed","template":"","meta":[],"_links":{"self":[{"href":"https:\/\/www.praha7.cz\/api\/wp\/v2\/pages\/6539"}],"collection":[{"href":"https:\/\/www.praha7.cz\/api\/wp\/v2\/pages"}],"about":[{"href":"https:\/\/www.praha7.cz\/api\/wp\/v2\/types\/page"}],"author":[{"embeddable":true,"href":"https:\/\/www.praha7.cz\/api\/wp\/v2\/users\/17"}],"replies":[{"embeddable":true,"href":"https:\/\/www.praha7.cz\/api\/wp\/v2\/comments?post=6539"}],"version-history":[{"count":2,"href":"https:\/\/www.praha7.cz\/api\/wp\/v2\/pages\/6539\/revisions"}],"predecessor-version":[{"id":6559,"href":"https:\/\/www.praha7.cz\/api\/wp\/v2\/pages\/6539\/revisions\/6559"}],"up":[{"embeddable":true,"href":"https:\/\/www.praha7.cz\/api\/wp\/v2\/pages\/6400"}],"wp:attachment":[{"href":"https:\/\/www.praha7.cz\/api\/wp\/v2\/media?parent=6539"}],"curies":[{"name":"wp","href":"https:\/\/api.w.org\/{rel}","templated":true}]}}

Usnesení Rady Ctirad Veverka &#8211; Letenské bodlo

<div id="ucUsn_pList" class="usn">
<h2>Usnesení rady MČ Praha&nbsp;7</h2>
<div class="standBody">
<h3>Návrh na poskytnutí individuální dotace v&nbsp;oblasti sportu Ctiradu Veverkovi, IČO: 101&nbsp;35&nbsp;618 za účelem podpory akce Letenské bodlo</h3>
<div class="center"><strong>č. 0732/16</strong></div>
<div class="center"><strong>Ze dne 26.7.2016</strong></div>
<br />
<table class="documentProperties tableView">
<tbody>
<tr>
<td></td>
<td>Rada městské části Praha&nbsp;7:</td>
</tr>
<tr>
<td><strong></strong></td>
<td><br />
<ol class="urzList_view">
	<li class="urzClass1" style="text-align: left;"><strong>bere na vědomí </strong><br />
 <br />
<ol class="urzOlClass">
	<li class="urzClass2"><br />
<p>Návrh na poskytnutí individuální dotace v&nbsp;oblasti sportu Ctiradu Veverkovi, IČO: 101&nbsp;35&nbsp;618 za účelem podpory akce Letenské bodlo</p>
</li>
</ol>
</li>
	<li class="urzClass1" style="text-align: left;"><strong>schvaluje</strong> <br />
 <br />
<ol class="urzOlClass">
	<li class="urzClass2"><br />
<p>poskytnutí individuální dotace ve výši 10.000 Kč, formou veřejnoprávní smlouvy, FO Ctirad Veverka, IČO: 101&nbsp;35&nbsp;618, se sídlem U&nbsp;studánky 241/29, 170&nbsp;00 Praha&nbsp;7 &#8211; Bubeneč, za účelem podpory fotbalového turnaje Letenské bodlo, pořádaného v&nbsp;termínu 06.-27.08.2016 v&nbsp;Letenských sadech, Praha&nbsp;7, hrazeno z&nbsp;rozpočtu ORJ 421 OKS &#8211; sport</p>
</li>
	<li class="urzClass2"><br />
<p>text smlouvy o&nbsp;poskytnutí dotace mezi městskou částí Praha&nbsp;7 a&nbsp;FO Ctirad Veverka, IČO: 101&nbsp;35&nbsp;618 viz příloha č. 3</p>
</li>
	<li class="urzClass2"><br />
<p>uzavření smlouvy o&nbsp;poskytnutí dotace mezi městskou částí Praha&nbsp;7 a&nbsp;FO Ctirad Veverka, IČO: 101&nbsp;35&nbsp;618 viz příloha č. 3</p>
</li>
</ol>
</li>
	<li class="urzClass1" style="text-align: left;"><strong>ukládá </strong><br />
 <br />
<ol class="urzOlClass">
	<li class="urzClass2"><br />
<p>STA Mgr. Jan Čižinský</p>
<p>&gt;podepsat smlouvu o&nbsp;poskytnutí dotace mezi městskou částí Praha&nbsp;7 a&nbsp;FO Ctirad Veverka, IČO: 101&nbsp;35&nbsp;618 viz příloha č. 3<br />
 <span style="font-family: inherit; font-size: inherit;">Termín: 5.8.2016</span></p>
</li>
	<li class="urzClass2"><br />
<p>VED OKS Bc. Lukáš Fátor</p>
<p>&gt;organizačně a&nbsp;finančně zajistit poskytnutí individuální dotace FO Ctirad Veverka, IČO: 101&nbsp;35&nbsp;618, za účelem podpory fotbalového turnaje Letenské bodlo dle článku II. tohoto usnesení<br />
 <span style="font-family: inherit; font-size: inherit;">Termín: 27.8.2016</span></p>
</li>
</ol>
</li>
</ol>
</td>
</tr>
</tbody>
</table>
<br />
<p>Seznam příloh:</p>
<ul>
	<li><a href="https://praha7.cz/wp-content/uploads/2017/09/732_16_pril1.doc" target="_blank" rel="noopener">č. 1 &#8211; Důvodová zpráva</a></li>
	<li><a href="https://praha7.cz/wp-content/uploads/2017/09/732_16_pril2.pdf" target="_blank" rel="noopener">č. 2 &#8211; Žádost o&nbsp;poskytnutí dotace &#8211; Ctirad Veverka, IČO: 101&nbsp;35&nbsp;618</a></li>
	<li><a href="https://praha7.cz/wp-content/uploads/2017/09/732_16_pril3.doc" target="_blank" rel="noopener">č. 3 &#8211; Smlouva o&nbsp;poskytnutí dotace mezi městskou částí Praha&nbsp;7 a&nbsp;FO Ctirad Veverka, IČO: 101&nbsp;35&nbsp;618</a></li>
	<li><a href="https://praha7.cz/wp-content/uploads/2017/09/732_16_pril4.pdf" target="_blank" rel="noopener">č. 4 &#8211; Výpis ze živnostenského rejstříku &#8211; FO Ctirad Veverka, IČO: 101&nbsp;35&nbsp;618</a></li>
</ul>
</div>
</div>

Usnesení rady MČ Praha&nbsp;7 Návrh na poskytnutí individuální dotace v&nbsp;oblasti sportu Ctiradu Veverkovi, IČO: 101&nbsp;35&nbsp;618 za účelem podpory akce Letenské bodlo č. 0732/16 Ze dne 26.7.2016 Rada městské části Praha&nbsp;7: bere na vědomí Návrh na poskytnutí individuální dotace v&nbsp;oblasti sportu Ctiradu Veverkovi, IČO: 101&nbsp;35&nbsp;618 za účelem podpory akce Letenské bodlo schvaluje poskytnutí individuální dotace ve [&hellip;]
