    
{"id":64007,"date":"2023-02-03T12:28:56","date_gmt":"2023-02-03T11:28:56","guid":{"rendered":"https:\/\/www.praha7.cz\/?page_id=64007"},"modified":"2023-02-03T15:04:51","modified_gmt":"2023-02-03T14:04:51","slug":"privozni","status":"publish","type":"page","link":"https:\/\/www.praha7.cz\/potrebuji-zaridit\/planujte-sedmicku-s-nami\/revitalizace-verejnych-prostranstvi\/privozni\/","title":{"rendered":"P\u0159\u00edvozn\u00ed"},"content":{"rendered":"<p>M\u010c Praha&nbsp;7 nechala zpracovat koncep\u010dn\u00ed studii k\u00a0ulici P\u0159\u00edvozn\u00ed v\u00a0Hole\u0161ovic\u00edch. Studie navrhuje \u00fapravy a&nbsp;nov\u00e9 uspo\u0159\u00e1d\u00e1n\u00ed t\u00e9to ulice s\u00a0ohledem na pl\u00e1novan\u00fd rozvoj lokality i&nbsp;p\u0159ipravovan\u00e9 projekty m\u011bstsk\u00e9 \u010d\u00e1sti situovan\u00e9 v\u00a0bl\u00edzkosti ulice.<\/p>\r\n<p>&nbsp;<\/p>\r\n<p><img loading=\"lazy\" src=\"https:\/\/www.praha7.cz\/wp-content\/uploads\/2023\/02\/P\u0159\u00edvozn\u00ed_studie.png\" alt=\"\" width=\"1089\" height=\"734\" class=\"alignnone size-full wp-image-64008\" srcset=\"https:\/\/www.praha7.cz\/wp-content\/uploads\/2023\/02\/P\u0159\u00edvozn\u00ed_studie.png 1089w, https:\/\/www.praha7.cz\/wp-content\/uploads\/2023\/02\/P\u0159\u00edvozn\u00ed_studie-593x400.png 593w, https:\/\/www.praha7.cz\/wp-content\/uploads\/2023\/02\/P\u0159\u00edvozn\u00ed_studie-768x518.png 768w\" sizes=\"(max-width: 1089px) 100vw, 1089px\" \/><\/p>\r\n<p>&nbsp;<\/p>\r\n<p>V ulici P\u0159\u00edvozn\u00ed jsou evidov\u00e1ny z\u00e1m\u011bry soukrom\u00fdch vlastn\u00edk\u016f, kter\u00e9 by m\u011bly v\u00e9st ke zm\u011bn\u011b vyu\u017eit\u00ed st\u00e1vaj\u00edc\u00edch objekt\u016f. Sou\u010dasn\u011b jsou p\u0159ipravov\u00e1ny projekty m\u011bstsk\u00e9 \u010d\u00e1sti v&nbsp;nedalek\u00e9m sousedstv\u00ed, jako je nov\u00fd park U&nbsp;Vody nebo Z\u0160 Jana Vod\u0148ansk\u00e9ho, s\u00a0jejich\u017e realizac\u00ed v\u00fdznam ulice d\u00e1le vzroste. Koncep\u010dn\u00ed studie ulice P\u0159\u00edvozn\u00ed navrhuje roz\u0161\u00ed\u0159en\u00ed chodn\u00edk\u016f, bezbari\u00e9rov\u00e9 \u00fapravy p\u0159echod\u016f, dopln\u011bn\u00ed cyklopruh\u016f, zalo\u017een\u00ed nov\u00e9ho oboustrann\u00e9ho stromo\u0159ad\u00ed a&nbsp;dal\u0161\u00ed \u00fapravy.<\/p>\r\n<p>Zpracov\u00e1van\u00e1 studie byla b\u011bhem \u010dervna 2022 formou kulat\u00e9ho stolu konzultov\u00e1na s&nbsp;dot\u010den\u00fdmi org\u00e1ny a&nbsp;organizacemi i&nbsp;s&nbsp;vlastn\u00edky a&nbsp;spr\u00e1vci in\u017een\u00fdrsk\u00fdch s\u00edt\u00ed. Stejn\u011b tak prob\u011bhlo v&nbsp;lednu a&nbsp;v&nbsp;\u010dervnu 2022 setk\u00e1n\u00ed s&nbsp;vlastn\u00edky nemovitost\u00ed v&nbsp;ulici.<\/p>\r\n<h3>S\u00a0koncep\u010dn\u00ed studi\u00ed se m\u016f\u017eete sezn\u00e1mit zde:<\/h3>\r\n<p><strong><a href=\"https:\/\/www.praha7.cz\/wp-content\/uploads\/2023\/02\/01_studie_P\u0159\u00edvozn\u00ed_sou\u010dasn\u00fd_stav.pdf\" target=\"_blank\" rel=\"noopener\">Studie P\u0159\u00edvozn\u00ed &#8211; sou\u010dasn\u00fd stav<\/a><\/strong><\/p>\r\n<p><a href=\"https:\/\/www.praha7.cz\/wp-content\/uploads\/2023\/02\/02_studie_P\u0159\u00edvozn\u00ed_koncept.pdf\" target=\"_blank\" rel=\"noopener\"><strong>Studie P\u0159\u00edvozn\u00ed &#8211; koncept<\/strong><\/a><\/p>\r\n<p><strong><a href=\"https:\/\/www.praha7.cz\/wp-content\/uploads\/2023\/02\/03_studie_P\u0159\u00edvozn\u00ed_n\u00e1vrh.pdf\" target=\"_blank\" rel=\"noopener\">Studie P\u0159\u00edvozn\u00ed &#8211; n\u00e1vrh<\/a><\/strong><\/p>","protected":false},"excerpt":{"rendered":"M\u010c Praha&nbsp;7 nechala zpracovat koncep\u010dn\u00ed studii k\u00a0ulici P\u0159\u00edvozn\u00ed v\u00a0Hole\u0161ovic\u00edch. Studie navrhuje \u00fapravy a&nbsp;nov\u00e9 uspo\u0159\u00e1d\u00e1n\u00ed t\u00e9to ulice s\u00a0ohledem na pl\u00e1novan\u00fd rozvoj lokality i&nbsp;p\u0159ipravovan\u00e9 projekty m\u011bstsk\u00e9 \u010d\u00e1sti situovan\u00e9 v\u00a0bl\u00edzkosti ulice. &nbsp; &nbsp; V&nbsp;ulici P\u0159\u00edvozn\u00ed jsou evidov\u00e1ny z\u00e1m\u011bry soukrom\u00fdch vlastn\u00edk\u016f, kter\u00e9 by m\u011bly v\u00e9st ke zm\u011bn\u011b vyu\u017eit\u00ed st\u00e1vaj\u00edc\u00edch objekt\u016f. Sou\u010dasn\u011b jsou p\u0159ipravov\u00e1ny projekty m\u011bstsk\u00e9 \u010d\u00e1sti v&nbsp;nedalek\u00e9m sousedstv\u00ed, [&hellip;]","protected":false},"author":5,"featured_media":0,"parent":47700,"menu_order":0,"comment_status":"closed","ping_status":"closed","template":"","meta":[],"_links":{"self":[{"href":"https:\/\/www.praha7.cz\/api\/wp\/v2\/pages\/64007"}],"collection":[{"href":"https:\/\/www.praha7.cz\/api\/wp\/v2\/pages"}],"about":[{"href":"https:\/\/www.praha7.cz\/api\/wp\/v2\/types\/page"}],"author":[{"embeddable":true,"href":"https:\/\/www.praha7.cz\/api\/wp\/v2\/users\/5"}],"replies":[{"embeddable":true,"href":"https:\/\/www.praha7.cz\/api\/wp\/v2\/comments?post=64007"}],"version-history":[{"count":6,"href":"https:\/\/www.praha7.cz\/api\/wp\/v2\/pages\/64007\/revisions"}],"predecessor-version":[{"id":64017,"href":"https:\/\/www.praha7.cz\/api\/wp\/v2\/pages\/64007\/revisions\/64017"}],"up":[{"embeddable":true,"href":"https:\/\/www.praha7.cz\/api\/wp\/v2\/pages\/47700"}],"wp:attachment":[{"href":"https:\/\/www.praha7.cz\/api\/wp\/v2\/media?parent=64007"}],"curies":[{"name":"wp","href":"https:\/\/api.w.org\/{rel}","templated":true}]}}

Přívozní

<p>MČ Praha&nbsp;7 nechala zpracovat koncepční studii k ulici Přívozní v Holešovicích. Studie navrhuje úpravy a&nbsp;nové uspořádání této ulice s ohledem na plánovaný rozvoj lokality i&nbsp;připravované projekty městské části situované v blízkosti ulice.</p>
<p>&nbsp;</p>
<p><img loading="lazy" src="https://www.praha7.cz/wp-content/uploads/2023/02/Přívozní_studie.png" alt="" width="1089" height="734" class="alignnone size-full wp-image-64008" srcset="https://www.praha7.cz/wp-content/uploads/2023/02/Přívozní_studie.png 1089w, https://www.praha7.cz/wp-content/uploads/2023/02/Přívozní_studie-593x400.png 593w, https://www.praha7.cz/wp-content/uploads/2023/02/Přívozní_studie-768x518.png 768w" sizes="(max-width: 1089px) 100vw, 1089px" /></p>
<p>&nbsp;</p>
<p>V ulici Přívozní jsou evidovány záměry soukromých vlastníků, které by měly vést ke změně využití stávajících objektů. Současně jsou připravovány projekty městské části v&nbsp;nedalekém sousedství, jako je nový park U&nbsp;Vody nebo ZŠ Jana Vodňanského, s jejichž realizací význam ulice dále vzroste. Koncepční studie ulice Přívozní navrhuje rozšíření chodníků, bezbariérové úpravy přechodů, doplnění cyklopruhů, založení nového oboustranného stromořadí a&nbsp;další úpravy.</p>
<p>Zpracovávaná studie byla během června 2022 formou kulatého stolu konzultována s&nbsp;dotčenými orgány a&nbsp;organizacemi i&nbsp;s&nbsp;vlastníky a&nbsp;správci inženýrských sítí. Stejně tak proběhlo v&nbsp;lednu a&nbsp;v&nbsp;červnu 2022 setkání s&nbsp;vlastníky nemovitostí v&nbsp;ulici.</p>
<h3>S koncepční studií se můžete seznámit zde:</h3>
<p><strong><a href="https://www.praha7.cz/wp-content/uploads/2023/02/01_studie_Přívozní_současný_stav.pdf" target="_blank" rel="noopener">Studie Přívozní &#8211; současný stav</a></strong></p>
<p><a href="https://www.praha7.cz/wp-content/uploads/2023/02/02_studie_Přívozní_koncept.pdf" target="_blank" rel="noopener"><strong>Studie Přívozní &#8211; koncept</strong></a></p>
<p><strong><a href="https://www.praha7.cz/wp-content/uploads/2023/02/03_studie_Přívozní_návrh.pdf" target="_blank" rel="noopener">Studie Přívozní &#8211; návrh</a></strong></p>

MČ Praha&nbsp;7 nechala zpracovat koncepční studii k ulici Přívozní v Holešovicích. Studie navrhuje úpravy a&nbsp;nové uspořádání této ulice s ohledem na plánovaný rozvoj lokality i&nbsp;připravované projekty městské části situované v blízkosti ulice. &nbsp; &nbsp; V&nbsp;ulici Přívozní jsou evidovány záměry soukromých vlastníků, které by měly vést ke změně využití stávajících objektů. Současně jsou připravovány projekty městské části v&nbsp;nedalekém sousedství, [&hellip;]
