    
{"id":63848,"date":"2023-01-30T11:31:45","date_gmt":"2023-01-30T10:31:45","guid":{"rendered":"https:\/\/www.praha7.cz\/?page_id=63848"},"modified":"2023-01-30T11:31:45","modified_gmt":"2023-01-30T10:31:45","slug":"rozvoj-udrzitelne-mestske-dopravy-mestska-cast-praha-7","status":"publish","type":"page","link":"https:\/\/www.praha7.cz\/temata\/programy-eu\/rozvoj-udrzitelne-mestske-dopravy-mestska-cast-praha-7\/","title":{"rendered":"Rozvoj udr\u017eiteln\u00e9 m\u011bstsk\u00e9 dopravy &#8211; m\u011bstsk\u00e1 \u010d\u00e1st Praha&nbsp;7"},"content":{"rendered":"<p><a href=\"https:\/\/www.praha7.cz\/logo_e_auta\/\"><img loading=\"lazy\" src=\"https:\/\/www.praha7.cz\/wp-content\/uploads\/2023\/01\/logo_e_auta-1500x354.jpg\" alt=\"\" width=\"640\" height=\"151\" class=\"alignnone wp-image-63850 size-large\" srcset=\"https:\/\/www.praha7.cz\/wp-content\/uploads\/2023\/01\/logo_e_auta-1500x354.jpg 1500w, https:\/\/www.praha7.cz\/wp-content\/uploads\/2023\/01\/logo_e_auta-600x141.jpg 600w, https:\/\/www.praha7.cz\/wp-content\/uploads\/2023\/01\/logo_e_auta-768x181.jpg 768w\" sizes=\"(max-width: 640px) 100vw, 640px\" \/><\/a><\/p>\r\n<p>&nbsp;<\/p>\r\n<p><strong>N\u00e1zev projektu<\/strong>: Rozvoj udr\u017eiteln\u00e9 m\u011bstsk\u00e9 dopravy &#8211; m\u011bstsk\u00e1 \u010d\u00e1st Praha&nbsp;7<\/p>\r\n<p><strong>Registra\u010dn\u00ed \u010d\u00edslo projektu<\/strong>: 5220300100<\/p>\r\n<p><strong>Term\u00edn realizace projektu<\/strong>: 1.8.2022 \u2013 31.12.2024<\/p>\r\n<p>&nbsp;<\/p>\r\n<p><strong>Z\u00e1kladn\u00ed informace o&nbsp;projektu:<br \/>\r\n<\/strong>M\u011bstsk\u00e1 \u010d\u00e1st Praha&nbsp;7 z\u00edskala podporu na realizaci projektu ze St\u00e1tn\u00edho fondu \u017eivotn\u00edho prost\u0159ed\u00ed \u010cR z\u00a0v\u00fdzvy \u010d. 3\/2022 v\u00a0r\u00e1mci N\u00e1rodn\u00edho programu \u017divotn\u00ed prost\u0159ed\u00ed ve v\u00fd\u0161i 726\u00a0000,- K\u010d.<\/p>\r\n<p>P\u0159edm\u011btem projektu je po\u0159\u00edzen\u00ed dvou nov\u00fdch elektromobil\u016f, kter\u00e9 nahrad\u00ed st\u00e1vaj\u00edc\u00ed dv\u011b vozidla na fosiln\u00ed paliva. Realizac\u00ed projektu dojde ke zlep\u0161en\u00ed kvality ovzdu\u0161\u00ed a&nbsp;sn\u00ed\u017een\u00ed emis\u00ed z&nbsp;dopravy.<\/p>","protected":false},"excerpt":{"rendered":"&nbsp; N\u00e1zev projektu: Rozvoj udr\u017eiteln\u00e9 m\u011bstsk\u00e9 dopravy &#8211; m\u011bstsk\u00e1 \u010d\u00e1st Praha&nbsp;7 Registra\u010dn\u00ed \u010d\u00edslo projektu: 5220300100 Term\u00edn realizace projektu: 1.8.2022 \u2013 31.12.2024 &nbsp; Z\u00e1kladn\u00ed informace o&nbsp;projektu: M\u011bstsk\u00e1 \u010d\u00e1st Praha&nbsp;7 z\u00edskala podporu na realizaci projektu ze St\u00e1tn\u00edho fondu \u017eivotn\u00edho prost\u0159ed\u00ed \u010cR z\u00a0v\u00fdzvy \u010d. 3\/2022 v\u00a0r\u00e1mci N\u00e1rodn\u00edho programu \u017divotn\u00ed prost\u0159ed\u00ed ve v\u00fd\u0161i 726\u00a0000,- K\u010d. P\u0159edm\u011btem projektu je po\u0159\u00edzen\u00ed [&hellip;]","protected":false},"author":76,"featured_media":0,"parent":6116,"menu_order":0,"comment_status":"closed","ping_status":"closed","template":"","meta":[],"_links":{"self":[{"href":"https:\/\/www.praha7.cz\/api\/wp\/v2\/pages\/63848"}],"collection":[{"href":"https:\/\/www.praha7.cz\/api\/wp\/v2\/pages"}],"about":[{"href":"https:\/\/www.praha7.cz\/api\/wp\/v2\/types\/page"}],"author":[{"embeddable":true,"href":"https:\/\/www.praha7.cz\/api\/wp\/v2\/users\/76"}],"replies":[{"embeddable":true,"href":"https:\/\/www.praha7.cz\/api\/wp\/v2\/comments?post=63848"}],"version-history":[{"count":2,"href":"https:\/\/www.praha7.cz\/api\/wp\/v2\/pages\/63848\/revisions"}],"predecessor-version":[{"id":63851,"href":"https:\/\/www.praha7.cz\/api\/wp\/v2\/pages\/63848\/revisions\/63851"}],"up":[{"embeddable":true,"href":"https:\/\/www.praha7.cz\/api\/wp\/v2\/pages\/6116"}],"wp:attachment":[{"href":"https:\/\/www.praha7.cz\/api\/wp\/v2\/media?parent=63848"}],"curies":[{"name":"wp","href":"https:\/\/api.w.org\/{rel}","templated":true}]}}

Rozvoj udržitelné městské dopravy &#8211; městská část Praha&nbsp;7

<p><a href="https://www.praha7.cz/logo_e_auta/"><img loading="lazy" src="https://www.praha7.cz/wp-content/uploads/2023/01/logo_e_auta-1500x354.jpg" alt="" width="640" height="151" class="alignnone wp-image-63850 size-large" srcset="https://www.praha7.cz/wp-content/uploads/2023/01/logo_e_auta-1500x354.jpg 1500w, https://www.praha7.cz/wp-content/uploads/2023/01/logo_e_auta-600x141.jpg 600w, https://www.praha7.cz/wp-content/uploads/2023/01/logo_e_auta-768x181.jpg 768w" sizes="(max-width: 640px) 100vw, 640px" /></a></p>
<p>&nbsp;</p>
<p><strong>Název projektu</strong>: Rozvoj udržitelné městské dopravy &#8211; městská část Praha&nbsp;7</p>
<p><strong>Registrační číslo projektu</strong>: 5220300100</p>
<p><strong>Termín realizace projektu</strong>: 1.8.2022 – 31.12.2024</p>
<p>&nbsp;</p>
<p><strong>Základní informace o&nbsp;projektu:<br />
</strong>Městská část Praha&nbsp;7 získala podporu na realizaci projektu ze Státního fondu životního prostředí ČR z výzvy č. 3/2022 v rámci Národního programu Životní prostředí ve výši 726 000,- Kč.</p>
<p>Předmětem projektu je pořízení dvou nových elektromobilů, které nahradí stávající dvě vozidla na fosilní paliva. Realizací projektu dojde ke zlepšení kvality ovzduší a&nbsp;snížení emisí z&nbsp;dopravy.</p>

&nbsp; Název projektu: Rozvoj udržitelné městské dopravy &#8211; městská část Praha&nbsp;7 Registrační číslo projektu: 5220300100 Termín realizace projektu: 1.8.2022 – 31.12.2024 &nbsp; Základní informace o&nbsp;projektu: Městská část Praha&nbsp;7 získala podporu na realizaci projektu ze Státního fondu životního prostředí ČR z výzvy č. 3/2022 v rámci Národního programu Životní prostředí ve výši 726 000,- Kč. Předmětem projektu je pořízení [&hellip;]
