    
{"id":6203,"date":"2017-09-21T18:49:05","date_gmt":"2017-09-21T16:49:05","guid":{"rendered":"https:\/\/praha7.cz\/?page_id=6203"},"modified":"2025-05-27T22:28:35","modified_gmt":"2025-05-27T20:28:35","slug":"uklid-verejneho-prostranstvi","status":"publish","type":"page","link":"https:\/\/www.praha7.cz\/temata\/uklid-v-praze-7\/uklid-verejneho-prostranstvi\/","title":{"rendered":"\u00daklid ve\u0159ejn\u00e9ho prostranstv\u00ed"},"content":{"rendered":"<p style=\"text-align: justify;\">[perex]<\/p>\r\n<p>\u00daklid ve\u0159ejn\u00e9ho prostranstv\u00ed zaji\u0161\u0165uje firma <a href=\"https:\/\/www.7usro.cz\/\">7U, s.r.o.<\/a> Jej\u00edm z\u0159izovatelem a&nbsp;jedin\u00fdm vlastn\u00edkem je m\u011bstsk\u00e1 \u010d\u00e1st. Do \u00faklidov\u00e9ho a&nbsp;\u00fadr\u017ebov\u00e9ho portfolia 7U pat\u0159\u00ed: ru\u010dn\u00ed \u00faklid chodn\u00edk\u016f, strojov\u00fd \u00faklid chodn\u00edk\u016f, splachov\u00e1n\u00ed chodn\u00edk\u016f, \u00faklid pomoc\u00ed ru\u010dn\u00ed mechanizace, \u00faklid ps\u00edch exkrement\u016f, vyv\u00e1\u017een\u00ed a&nbsp;\u00fadr\u017eba odpadkov\u00fdch ko\u0161\u016f, \u00faklid zelen\u00fdch ploch a&nbsp;d\u011btsk\u00fdch h\u0159i\u0161\u0165 ve spr\u00e1v\u011b M\u010c, likvidace \u010dern\u00fdch skl\u00e1dek, monitorov\u00e1n\u00ed stavu m\u011bstsk\u00e9ho mobili\u00e1\u0159e a&nbsp;jeho drobn\u00e9 opravy a&nbsp;myt\u00ed, p\u00e9\u010de o&nbsp;zele\u0148 ve vybran\u00fdch rab\u00e1tk\u00e1ch, spolupr\u00e1ce s&nbsp;dal\u0161\u00edmi firmami zaji\u0161\u0165uj\u00edc\u00edmi \u00faklid na \u00fazem\u00ed Prahy&nbsp;7 (zejm. pro hlavn\u00ed m\u011bsto Prahu).<\/p>\r\n<p>[\/perex]<\/p>\r\n<h3>Kontakt<\/h3>\r\n<p><strong>\ud83d\udcde Telefonn\u00ed \u010d\u00edslo (virtu\u00e1ln\u00ed \u00fast\u0159edna): +420&nbsp;770&nbsp;129&nbsp;213<\/strong><\/p>\r\n<p>&nbsp;<\/p>\r\n<h3>Jak \u00faklid prob\u00edh\u00e1?<\/h3>\r\n<p>\u00daklid prob\u00edh\u00e1 ka\u017ed\u00fd den v&nbsp;n\u011bkolika etap\u00e1ch. Zahrnuje mechanick\u00e9, pot\u00e9 ru\u010dn\u00ed a&nbsp;splachov\u00e9 \u010di\u0161t\u011bn\u00ed vybran\u00fdch ulic, chodn\u00edk\u016f a&nbsp;jejich okol\u00ed. N\u011bkter\u00e9 \u00faseky jsou udr\u017eov\u00e1ny \u010dast\u011bji, zejm\u00e9na tam, kde je v\u011bt\u0161\u00ed pohyb lid\u00ed. Frekvence \u00faklidu se li\u0161\u00ed podle pot\u0159eby, nejv\u00edce zat\u00ed\u017een\u00e9 lokality mohou b\u00fdt \u010di\u0161t\u011bny i&nbsp;n\u011bkolikr\u00e1t b\u011bhem dne.<\/p>\r\n<h3><br \/>\r\nKolik lid\u00ed na \u00faklidu pracuje?<\/h3>\r\n<p>V sou\u010dasnosti v&nbsp;\u00faklidu zam\u011bstn\u00e1v\u00e1me cca 80 osob. \u010c\u00e1st z&nbsp;nich vy\u017eaduje \u0161irokospektrou podporu v&nbsp;pracovn\u00ed i&nbsp;soci\u00e1ln\u00ed reintegraci.<\/p>\r\n<ul>\r\n\t<li><strong>Soci\u00e1ln\u00ed pr\u00e1ce je kl\u00ed\u010dovou sou\u010d\u00e1st\u00ed na\u0161\u00ed \u010dinnosti. Zam\u011bstn\u00e1v\u00e1me lidi z&nbsp;ohro\u017een\u00fdch skupin, jako jsou osoby bez p\u0159\u00edst\u0159e\u0161\u00ed, dlouhodob\u011b nezam\u011bstnan\u00ed, lid\u00e9 s&nbsp;trestn\u00ed minulost\u00ed nebo ti, kte\u0159\u00ed se pot\u00fdkaj\u00ed s&nbsp;jin\u00fdmi soci\u00e1ln\u00edmi a&nbsp;zdravotn\u00edmi probl\u00e9my.<\/strong><\/li>\r\n\t<li><strong>Nejde jen o&nbsp;pr\u00e1ci, ale o&nbsp;celkovou pomoc s&nbsp;n\u00e1vratem do b\u011b\u017en\u00e9ho \u017eivota. Nab\u00edz\u00edme jim stabiln\u00ed p\u0159\u00edjem, pracovn\u00ed n\u00e1vyky, podporu p\u0159i \u0159e\u0161en\u00ed soci\u00e1ln\u00edch probl\u00e9m\u016f a&nbsp;spolupr\u00e1ci s&nbsp;odborn\u00fdmi organizacemi.<br \/>\r\n<br \/>\r\n<\/strong><\/li>\r\n<\/ul>\r\n<p><strong>Spolupracujeme s:<\/strong><\/p>\r\n<ul>\r\n\t<li><strong>\u00da\u0159adem pr\u00e1ce na pilotn\u00edm projektu IPM \u2013 aneb d\u00e1t pr\u00e1ci nesta\u010d\u00ed<\/strong>, kter\u00fd se zam\u011b\u0159uje na individu\u00e1ln\u00ed podporu soci\u00e1ln\u011b vylou\u010den\u00fdch osob p\u0159i n\u00e1vratu na pracovn\u00ed trh.<\/li>\r\n\t<li><strong>Proba\u010dn\u00ed a&nbsp;media\u010dn\u00ed slu\u017ebou<\/strong>, kter\u00e1 umo\u017e\u0148uje osob\u00e1m s&nbsp;ulo\u017een\u00fdmi obecn\u011b prosp\u011b\u0161n\u00fdmi pracemi odpracovat si sv\u016fj trest formou \u00faklidu ve\u0159ejn\u00e9ho prostranstv\u00ed.<\/li>\r\n\t<li><strong>Neziskov\u00fdmi organizacemi<\/strong>, kter\u00e9 pom\u00e1haj\u00ed na\u0161im zam\u011bstnanc\u016fm \u0159e\u0161it ubytov\u00e1n\u00ed, dluhov\u00e9 poradenstv\u00ed nebo z\u00e1vislosti.<\/li>\r\n<\/ul>\r\n<h3><br \/>\r\nPokuty za zne\u010di\u0161t\u011bn\u00ed ve\u0159ejn\u00e9ho prostoru<\/h3>\r\n<ul>\r\n\t<li>\u010cern\u00e1 skl\u00e1dka u&nbsp;ko\u0161e: 50&nbsp;000&nbsp;K\u010d<\/li>\r\n\t<li>Odkl\u00e1d\u00e1n\u00ed domovn\u00edho odpadu u&nbsp;ko\u0161e: 50&nbsp;000&nbsp;K\u010d<\/li>\r\n\t<li>Ps\u00ed exkrement: do 20&nbsp;000 K\u010d, v&nbsp;opakovan\u00fdch p\u0159\u00edpadech do 30&nbsp;000&nbsp;K\u010d<\/li>\r\n\t<li>Nedopalek: do 20&nbsp;000 K\u010d, v&nbsp;opakovan\u00fdch p\u0159\u00edpadech do 30&nbsp;000&nbsp;K\u010d<\/li>\r\n\t<li>Slupka od ban\u00e1nu: 20&nbsp;000&nbsp;K\u010d<\/li>\r\n\t<li>Neuklizen\u00fd pozemek: do 500&nbsp;000&nbsp;K\u010d<\/li>\r\n\t<li>Zne\u010di\u0161t\u011bn\u00ed pozemn\u00edch komunikac\u00ed: 300&nbsp;000&nbsp;K\u010d<\/li>\r\n<\/ul>","protected":false},"excerpt":{"rendered":"[perex] \u00daklid ve\u0159ejn\u00e9ho prostranstv\u00ed zaji\u0161\u0165uje firma 7U, s.r.o. Jej\u00edm z\u0159izovatelem a&nbsp;jedin\u00fdm vlastn\u00edkem je m\u011bstsk\u00e1 \u010d\u00e1st. Do \u00faklidov\u00e9ho a&nbsp;\u00fadr\u017ebov\u00e9ho portfolia 7U pat\u0159\u00ed: ru\u010dn\u00ed \u00faklid chodn\u00edk\u016f, strojov\u00fd \u00faklid chodn\u00edk\u016f, splachov\u00e1n\u00ed chodn\u00edk\u016f, \u00faklid pomoc\u00ed ru\u010dn\u00ed mechanizace, \u00faklid ps\u00edch exkrement\u016f, vyv\u00e1\u017een\u00ed a&nbsp;\u00fadr\u017eba odpadkov\u00fdch ko\u0161\u016f, \u00faklid zelen\u00fdch ploch a&nbsp;d\u011btsk\u00fdch h\u0159i\u0161\u0165 ve spr\u00e1v\u011b M\u010c, likvidace \u010dern\u00fdch skl\u00e1dek, monitorov\u00e1n\u00ed stavu m\u011bstsk\u00e9ho mobili\u00e1\u0159e [&hellip;]","protected":false},"author":17,"featured_media":0,"parent":6199,"menu_order":0,"comment_status":"closed","ping_status":"closed","template":"","meta":[],"_links":{"self":[{"href":"https:\/\/www.praha7.cz\/api\/wp\/v2\/pages\/6203"}],"collection":[{"href":"https:\/\/www.praha7.cz\/api\/wp\/v2\/pages"}],"about":[{"href":"https:\/\/www.praha7.cz\/api\/wp\/v2\/types\/page"}],"author":[{"embeddable":true,"href":"https:\/\/www.praha7.cz\/api\/wp\/v2\/users\/17"}],"replies":[{"embeddable":true,"href":"https:\/\/www.praha7.cz\/api\/wp\/v2\/comments?post=6203"}],"version-history":[{"count":19,"href":"https:\/\/www.praha7.cz\/api\/wp\/v2\/pages\/6203\/revisions"}],"predecessor-version":[{"id":84538,"href":"https:\/\/www.praha7.cz\/api\/wp\/v2\/pages\/6203\/revisions\/84538"}],"up":[{"embeddable":true,"href":"https:\/\/www.praha7.cz\/api\/wp\/v2\/pages\/6199"}],"wp:attachment":[{"href":"https:\/\/www.praha7.cz\/api\/wp\/v2\/media?parent=6203"}],"curies":[{"name":"wp","href":"https:\/\/api.w.org\/{rel}","templated":true}]}}

Úklid veřejného prostranství

<p style="text-align: justify;">[perex]</p>
<p>Úklid veřejného prostranství zajišťuje firma <a href="https://www.7usro.cz/">7U, s.r.o.</a> Jejím zřizovatelem a&nbsp;jediným vlastníkem je městská část. Do úklidového a&nbsp;údržbového portfolia 7U patří: ruční úklid chodníků, strojový úklid chodníků, splachování chodníků, úklid pomocí ruční mechanizace, úklid psích exkrementů, vyvážení a&nbsp;údržba odpadkových košů, úklid zelených ploch a&nbsp;dětských hřišť ve správě MČ, likvidace černých skládek, monitorování stavu městského mobiliáře a&nbsp;jeho drobné opravy a&nbsp;mytí, péče o&nbsp;zeleň ve vybraných rabátkách, spolupráce s&nbsp;dalšími firmami zajišťujícími úklid na území Prahy&nbsp;7 (zejm. pro hlavní město Prahu).</p>
<p>[/perex]</p>
<h3>Kontakt</h3>
<p><strong>📞 Telefonní číslo (virtuální ústředna): +420&nbsp;770&nbsp;129&nbsp;213</strong></p>
<p>&nbsp;</p>
<h3>Jak úklid probíhá?</h3>
<p>Úklid probíhá každý den v&nbsp;několika etapách. Zahrnuje mechanické, poté ruční a&nbsp;splachové čištění vybraných ulic, chodníků a&nbsp;jejich okolí. Některé úseky jsou udržovány častěji, zejména tam, kde je větší pohyb lidí. Frekvence úklidu se liší podle potřeby, nejvíce zatížené lokality mohou být čištěny i&nbsp;několikrát během dne.</p>
<h3><br />
Kolik lidí na úklidu pracuje?</h3>
<p>V současnosti v&nbsp;úklidu zaměstnáváme cca 80 osob. Část z&nbsp;nich vyžaduje širokospektrou podporu v&nbsp;pracovní i&nbsp;sociální reintegraci.</p>
<ul>
	<li><strong>Sociální práce je klíčovou součástí naší činnosti. Zaměstnáváme lidi z&nbsp;ohrožených skupin, jako jsou osoby bez přístřeší, dlouhodobě nezaměstnaní, lidé s&nbsp;trestní minulostí nebo ti, kteří se potýkají s&nbsp;jinými sociálními a&nbsp;zdravotními problémy.</strong></li>
	<li><strong>Nejde jen o&nbsp;práci, ale o&nbsp;celkovou pomoc s&nbsp;návratem do běžného života. Nabízíme jim stabilní příjem, pracovní návyky, podporu při řešení sociálních problémů a&nbsp;spolupráci s&nbsp;odbornými organizacemi.<br />
<br />
</strong></li>
</ul>
<p><strong>Spolupracujeme s:</strong></p>
<ul>
	<li><strong>Úřadem práce na pilotním projektu IPM – aneb dát práci nestačí</strong>, který se zaměřuje na individuální podporu sociálně vyloučených osob při návratu na pracovní trh.</li>
	<li><strong>Probační a&nbsp;mediační službou</strong>, která umožňuje osobám s&nbsp;uloženými obecně prospěšnými pracemi odpracovat si svůj trest formou úklidu veřejného prostranství.</li>
	<li><strong>Neziskovými organizacemi</strong>, které pomáhají našim zaměstnancům řešit ubytování, dluhové poradenství nebo závislosti.</li>
</ul>
<h3><br />
Pokuty za znečištění veřejného prostoru</h3>
<ul>
	<li>Černá skládka u&nbsp;koše: 50&nbsp;000&nbsp;Kč</li>
	<li>Odkládání domovního odpadu u&nbsp;koše: 50&nbsp;000&nbsp;Kč</li>
	<li>Psí exkrement: do 20&nbsp;000 Kč, v&nbsp;opakovaných případech do 30&nbsp;000&nbsp;Kč</li>
	<li>Nedopalek: do 20&nbsp;000 Kč, v&nbsp;opakovaných případech do 30&nbsp;000&nbsp;Kč</li>
	<li>Slupka od banánu: 20&nbsp;000&nbsp;Kč</li>
	<li>Neuklizený pozemek: do 500&nbsp;000&nbsp;Kč</li>
	<li>Znečištění pozemních komunikací: 300&nbsp;000&nbsp;Kč</li>
</ul>

[perex] Úklid veřejného prostranství zajišťuje firma 7U, s.r.o. Jejím zřizovatelem a&nbsp;jediným vlastníkem je městská část. Do úklidového a&nbsp;údržbového portfolia 7U patří: ruční úklid chodníků, strojový úklid chodníků, splachování chodníků, úklid pomocí ruční mechanizace, úklid psích exkrementů, vyvážení a&nbsp;údržba odpadkových košů, úklid zelených ploch a&nbsp;dětských hřišť ve správě MČ, likvidace černých skládek, monitorování stavu městského mobiliáře [&hellip;]
