    
{"id":58074,"date":"2022-06-03T10:55:15","date_gmt":"2022-06-03T08:55:15","guid":{"rendered":"https:\/\/www.praha7.cz\/?page_id=58074"},"modified":"2024-10-16T10:30:54","modified_gmt":"2024-10-16T08:30:54","slug":"zavedeni-systemu-managementu-rizeni-kvality-v-umc-praha-7","status":"publish","type":"page","link":"https:\/\/www.praha7.cz\/temata\/programy-eu\/zavedeni-systemu-managementu-rizeni-kvality-v-umc-praha-7\/","title":{"rendered":"Zaveden\u00ed syst\u00e9mu managementu \u0159\u00edzen\u00ed kvality v&nbsp;\u00daM\u010c Praha&nbsp;7"},"content":{"rendered":"<p>V\u00a0b\u0159eznu roku 2019 byla zah\u00e1jena realizace dvoulet\u00e9ho projektu Zaveden\u00ed syst\u00e9mu managementu \u0159\u00edzen\u00ed kvality v&nbsp;\u00da\u0159adu m\u011bstsk\u00e9 \u010d\u00e1sti Praha&nbsp;7, registra\u010dn\u00ed \u010d\u00edslo CZ.03.4.74\/0.0\/0.0\/17_118\/0010016. C\u00edlem projektu bylo zaveden\u00ed syst\u00e9mu managementu \u0159\u00edzen\u00ed kvality v&nbsp;\u00fa\u0159adu M\u010c Praha&nbsp;7 cestou implementace standard\u016f ISO 9001:2015 za \u00fa\u010delem zv\u00fd\u0161en\u00ed v\u00fdkonnosti organizace, zlep\u0161en\u00ed kvality poskytovan\u00fdch slu\u017eeb, vnit\u0159n\u00edch a&nbsp;vn\u011bj\u0161\u00edch proces\u016f a&nbsp;podpory rozvoje managementu \u0159\u00edzen\u00ed.<\/p>\r\n<p>&nbsp;<\/p>\r\n<p><a href=\"https:\/\/www.praha7.cz\/temata\/operacni-programy\/operacni-program-zamestnanost\/eu-banner-3\/\" rel=\"attachment wp-att-29895\"><img loading=\"lazy\" src=\"https:\/\/www.praha7.cz\/wp-content\/uploads\/2019\/09\/EU-banner.jpg\" alt=\"\" width=\"670\" height=\"106\" class=\"alignnone size-full wp-image-29895\" srcset=\"https:\/\/www.praha7.cz\/wp-content\/uploads\/2019\/09\/EU-banner.jpg 670w, https:\/\/www.praha7.cz\/wp-content\/uploads\/2019\/09\/EU-banner-600x95.jpg 600w\" sizes=\"(max-width: 670px) 100vw, 670px\" \/><\/a><\/p>\r\n<p>&nbsp;<\/p>\r\n<p>M\u011bstsk\u00e1 \u010d\u00e1st Praha&nbsp;7 m\u00e1 v\u00edce ne\u017e 42&nbsp;000 obyvatel a&nbsp;200 zam\u011bstnanc\u016f \u00daM\u010c P7. Po\u017eadavky na kvalitu poskytovan\u00fdch slu\u017eeb maj\u00ed zvy\u0161uj\u00edc\u00ed se tendence, a&nbsp;to jak z&nbsp;hlediska slu\u017eeb ve\u0159ejn\u00e9 spr\u00e1vy, tak z&nbsp;hlediska zapojen\u00ed zainteresovan\u00fdch stran (klienti, ob\u010dan\u00e9, spolupracuj\u00edc\u00ed instituce, organizace z\u0159izovan\u00e9 M\u010c P7). Projekt reaguje na pot\u0159ebu zefektivnit fungov\u00e1n\u00ed proces\u016f a&nbsp;\u010dinnost\u00ed \u00daM\u010c P7 zam\u011b\u0159en\u00e9ho na\u00a0r\u016fznorod\u00e9 oblasti \u0159\u00edzen\u00ed, tyto procesy a&nbsp;\u010dinnosti sjednotit a&nbsp;integrovat.<\/p>\r\n<p><a href=\"https:\/\/www.praha7.cz\/wp-content\/uploads\/2021\/05\/Manua\u0301l-managementu-kvality_U\u0301MC\u030cP7.pdf\"><strong>Manu\u00e1l managementu kvality \u00da\u0159adu m\u011bstsk\u00e9 \u010d\u00e1sti Praha&nbsp;7<\/strong><\/a><br \/>\r\n<br \/>\r\n<\/p>\r\n<p><strong>Strategick\u00fd pl\u00e1n na obdob\u00ed 2023\u20132030<\/strong><\/p>\r\n<ul>\r\n\t<li><a href=\"https:\/\/www.praha7.cz\/wp-content\/uploads\/2021\/05\/Strategie-M\u010c-P7_Analytick\u00e1-\u010d\u00e1st-3_uprava-velikosti.pdf\">Strategie M\u010c P7 \u2013 Analytick\u00e1 \u010d\u00e1st<\/a><\/li>\r\n\t<li><a href=\"https:\/\/www.praha7.cz\/wp-content\/uploads\/2021\/05\/Strategie-M\u010c-P7_Implementa\u010dn\u00ed-\u010d\u00e1st.pdf\">Strategie M\u010c P7 \u2013 Implementa\u010dn\u00ed \u010d\u00e1st<\/a><\/li>\r\n\t<li><a href=\"https:\/\/www.praha7.cz\/wp-content\/uploads\/2021\/05\/Strategie-M\u010c-P7_N\u00e1vrhov\u00e1-\u010d\u00e1st.pdf\">Strategie M\u010c P7 \u2013 N\u00e1vrhov\u00e1 \u010d\u00e1st<\/a><\/li>\r\n<\/ul>\r\n<p>Projekt je spolufinancov\u00e1n z&nbsp;ESF prost\u0159ednictv\u00edm <a href=\"https:\/\/www.esfcr.cz\/\">Opera\u010dn\u00edho programu Zam\u011bstnanost<\/a>.\u00a0<\/p>","protected":false},"excerpt":{"rendered":"V\u00a0b\u0159eznu roku 2019 byla zah\u00e1jena realizace dvoulet\u00e9ho projektu Zaveden\u00ed syst\u00e9mu managementu \u0159\u00edzen\u00ed kvality v&nbsp;\u00da\u0159adu m\u011bstsk\u00e9 \u010d\u00e1sti Praha&nbsp;7, registra\u010dn\u00ed \u010d\u00edslo CZ.03.4.74\/0.0\/0.0\/17_118\/0010016. C\u00edlem projektu bylo zaveden\u00ed syst\u00e9mu managementu \u0159\u00edzen\u00ed kvality v&nbsp;\u00fa\u0159adu M\u010c Praha&nbsp;7 cestou implementace standard\u016f ISO 9001:2015 za \u00fa\u010delem zv\u00fd\u0161en\u00ed v\u00fdkonnosti organizace, zlep\u0161en\u00ed kvality poskytovan\u00fdch slu\u017eeb, vnit\u0159n\u00edch a&nbsp;vn\u011bj\u0161\u00edch proces\u016f a&nbsp;podpory rozvoje managementu \u0159\u00edzen\u00ed. &nbsp; &nbsp; M\u011bstsk\u00e1 [&hellip;]","protected":false},"author":251,"featured_media":0,"parent":6116,"menu_order":0,"comment_status":"closed","ping_status":"closed","template":"","meta":[],"_links":{"self":[{"href":"https:\/\/www.praha7.cz\/api\/wp\/v2\/pages\/58074"}],"collection":[{"href":"https:\/\/www.praha7.cz\/api\/wp\/v2\/pages"}],"about":[{"href":"https:\/\/www.praha7.cz\/api\/wp\/v2\/types\/page"}],"author":[{"embeddable":true,"href":"https:\/\/www.praha7.cz\/api\/wp\/v2\/users\/251"}],"replies":[{"embeddable":true,"href":"https:\/\/www.praha7.cz\/api\/wp\/v2\/comments?post=58074"}],"version-history":[{"count":3,"href":"https:\/\/www.praha7.cz\/api\/wp\/v2\/pages\/58074\/revisions"}],"predecessor-version":[{"id":58080,"href":"https:\/\/www.praha7.cz\/api\/wp\/v2\/pages\/58074\/revisions\/58080"}],"up":[{"embeddable":true,"href":"https:\/\/www.praha7.cz\/api\/wp\/v2\/pages\/6116"}],"wp:attachment":[{"href":"https:\/\/www.praha7.cz\/api\/wp\/v2\/media?parent=58074"}],"curies":[{"name":"wp","href":"https:\/\/api.w.org\/{rel}","templated":true}]}}

Zavedení systému managementu řízení kvality v&nbsp;ÚMČ Praha&nbsp;7

<p>V březnu roku 2019 byla zahájena realizace dvouletého projektu Zavedení systému managementu řízení kvality v&nbsp;Úřadu městské části Praha&nbsp;7, registrační číslo CZ.03.4.74/0.0/0.0/17_118/0010016. Cílem projektu bylo zavedení systému managementu řízení kvality v&nbsp;úřadu MČ Praha&nbsp;7 cestou implementace standardů ISO 9001:2015 za účelem zvýšení výkonnosti organizace, zlepšení kvality poskytovaných služeb, vnitřních a&nbsp;vnějších procesů a&nbsp;podpory rozvoje managementu řízení.</p>
<p>&nbsp;</p>
<p><a href="https://www.praha7.cz/temata/operacni-programy/operacni-program-zamestnanost/eu-banner-3/" rel="attachment wp-att-29895"><img loading="lazy" src="https://www.praha7.cz/wp-content/uploads/2019/09/EU-banner.jpg" alt="" width="670" height="106" class="alignnone size-full wp-image-29895" srcset="https://www.praha7.cz/wp-content/uploads/2019/09/EU-banner.jpg 670w, https://www.praha7.cz/wp-content/uploads/2019/09/EU-banner-600x95.jpg 600w" sizes="(max-width: 670px) 100vw, 670px" /></a></p>
<p>&nbsp;</p>
<p>Městská část Praha&nbsp;7 má více než 42&nbsp;000 obyvatel a&nbsp;200 zaměstnanců ÚMČ P7. Požadavky na kvalitu poskytovaných služeb mají zvyšující se tendence, a&nbsp;to jak z&nbsp;hlediska služeb veřejné správy, tak z&nbsp;hlediska zapojení zainteresovaných stran (klienti, občané, spolupracující instituce, organizace zřizované MČ P7). Projekt reaguje na potřebu zefektivnit fungování procesů a&nbsp;činností ÚMČ P7 zaměřeného na různorodé oblasti řízení, tyto procesy a&nbsp;činnosti sjednotit a&nbsp;integrovat.</p>
<p><a href="https://www.praha7.cz/wp-content/uploads/2021/05/Manuál-managementu-kvality_ÚMČP7.pdf"><strong>Manuál managementu kvality Úřadu městské části Praha&nbsp;7</strong></a><br />
<br />
</p>
<p><strong>Strategický plán na období 2023–2030</strong></p>
<ul>
	<li><a href="https://www.praha7.cz/wp-content/uploads/2021/05/Strategie-MČ-P7_Analytická-část-3_uprava-velikosti.pdf">Strategie MČ P7 – Analytická část</a></li>
	<li><a href="https://www.praha7.cz/wp-content/uploads/2021/05/Strategie-MČ-P7_Implementační-část.pdf">Strategie MČ P7 – Implementační část</a></li>
	<li><a href="https://www.praha7.cz/wp-content/uploads/2021/05/Strategie-MČ-P7_Návrhová-část.pdf">Strategie MČ P7 – Návrhová část</a></li>
</ul>
<p>Projekt je spolufinancován z&nbsp;ESF prostřednictvím <a href="https://www.esfcr.cz/">Operačního programu Zaměstnanost</a>. </p>

V březnu roku 2019 byla zahájena realizace dvouletého projektu Zavedení systému managementu řízení kvality v&nbsp;Úřadu městské části Praha&nbsp;7, registrační číslo CZ.03.4.74/0.0/0.0/17_118/0010016. Cílem projektu bylo zavedení systému managementu řízení kvality v&nbsp;úřadu MČ Praha&nbsp;7 cestou implementace standardů ISO 9001:2015 za účelem zvýšení výkonnosti organizace, zlepšení kvality poskytovaných služeb, vnitřních a&nbsp;vnějších procesů a&nbsp;podpory rozvoje managementu řízení. &nbsp; &nbsp; Městská [&hellip;]
