    
{"id":51880,"date":"2021-10-20T14:44:22","date_gmt":"2021-10-20T12:44:22","guid":{"rendered":"https:\/\/www.praha7.cz\/?page_id=51880"},"modified":"2026-04-01T10:49:17","modified_gmt":"2026-04-01T08:49:17","slug":"strategie-2030","status":"publish","type":"page","link":"https:\/\/www.praha7.cz\/temata\/strategicky-plan\/strategie-2030\/","title":{"rendered":"Strategie Prahy&nbsp;7"},"content":{"rendered":"<p><strong>Zastupitelstvo M\u010c Praha&nbsp;7 na sv\u00e9m zased\u00e1n\u00ed v&nbsp;pond\u011bl\u00ed 24.&nbsp;1.&nbsp;2022 schv\u00e1lilo novou Strategii Prahy&nbsp;7. Inovativn\u011b pojat\u00fd dokument d\u00e1v\u00e1 nahl\u00e9dnout do bl\u00edzk\u00e9 budoucnosti Sedmi\u010dky a&nbsp;p\u0159edstavuje jednotliv\u00e9 oblasti d\u016fle\u017eit\u00e9 pro kvalitn\u00ed fungov\u00e1n\u00ed m\u011bstsk\u00e9 \u010d\u00e1sti a&nbsp;spokojen\u00fd \u017eivot jej\u00edch obyvatel.<\/strong><\/p>\r\n<p>Strategie Prahy&nbsp;7 p\u0159ibli\u017euje hlavn\u00ed oblasti, na kter\u00e9 se bude Sedmi\u010dka v&nbsp;n\u00e1sleduj\u00edc\u00edch letech zam\u011b\u0159ovat, soust\u0159ed\u00ed se na kl\u00ed\u010dov\u00e9 aspekty strategick\u00e9ho \u0159\u00edzen\u00ed na \u00fa\u0159ad\u011b a&nbsp;nastavuje efektivn\u00ed koordinaci a&nbsp;propojen\u00ed projektov\u00fdch a&nbsp;participativn\u00edch aktivit m\u011bstsk\u00e9 \u010d\u00e1sti od zastupitel\u016f a\u017e po ob\u010dany.<\/p>\r\n<p><em>\u201eChceme, aby Praha&nbsp;7 byla \u010dtvrt\u00ed na cel\u00fd \u017eivot. Aby se u&nbsp;n\u00e1s l\u00edbilo d\u011btem, proto\u017ee tady maj\u00ed hodn\u011b p\u0159\u00edle\u017eitost\u00ed, kde si hr\u00e1t a&nbsp;za\u017e\u00edvat dobrodru\u017estv\u00ed. Aby to tu bavilo mlad\u00e9, proto\u017ee to na Sedmi\u010dce \u017eije. Aby tu byla radost zalo\u017eit rodinu, proto\u017ee je tu dost \u0161kolek, skv\u011bl\u00fdch \u0161kol a&nbsp;m\u00edst, kde tr\u00e1vit s\u00a0d\u011btmi voln\u00fd \u010das. A&nbsp;aby se tu dob\u0159e \u017eilo i&nbsp;ve st\u00e1\u0159\u00ed, proto\u017ee budete m\u00edt, kam se obr\u00e1tit o&nbsp;pomoc, a\u017e nebudete na v\u0161echno sta\u010dit sami. Ka\u017ed\u00fd z\u00a0n\u00e1s se m\u016f\u017ee zapojit a&nbsp;pom\u00e1hat n\u00e1m napl\u00e1novat, aby budoucnost Prahy&nbsp;7 byla takov\u00e1, jakou si p\u0159ejeme,\u201c<\/em> uvedl <em><strong>starosta Prahy&nbsp;7 Jan \u010ci\u017einsk\u00fd<\/strong><\/em>.<\/p>\r\n<p>Sou\u010dasn\u00fd p\u0159\u00edstup ke Strategii je pro Prahu 7, ale i&nbsp;v&nbsp;kontextu cel\u00e9 Prahy, p\u0159elomov\u00fdm po\u010dinem. M\u00edsto mnohostr\u00e1nkov\u00e9ho statick\u00e9ho dokumentu schvalovan\u00e9ho a&nbsp;fixovan\u00e9ho na dlouhou dobu nyn\u00ed Sedmi\u010dka klade podstatn\u011b v\u011bt\u0161\u00ed d\u016fraz na samotn\u00fd mechanismus a&nbsp;proces strategick\u00e9ho \u0159\u00edzen\u00ed. D\u00edky tomu se ve Strategii Prahy&nbsp;7 bude v\u00fdrazn\u011bji odr\u00e1\u017eet dynamika b\u011b\u017en\u00e9ho \u017eivota a&nbsp;aktu\u00e1ln\u00ed pot\u0159eby obyvatel Prahy&nbsp;7.<\/p>\r\n<p><em>C\u00edlem je, aby Strategie Prahy&nbsp;7 nebyla pouze dokumentem, kter\u00fd skon\u010d\u00ed n\u011bkde v&nbsp;\u0161upl\u00edku nebo zapadne na webu m\u011bstsk\u00e9 \u010d\u00e1sti. D\u016fle\u017eit\u00e1 je cesta, kter\u00e1 povede k&nbsp;jej\u00edmu napl\u0148ov\u00e1n\u00ed a&nbsp;kter\u00e1 bude pr\u016fb\u011b\u017en\u011b odr\u00e1\u017eet r\u016fzn\u00e9 str\u00e1nky \u017eivota v&nbsp;Praze 7 a&nbsp;aktu\u00e1ln\u00ed pot\u0159eby obyvatel.<\/em><\/p>\r\n<p>Na p\u0159\u00edprav\u011b Strategie Prahy&nbsp;7 se pod\u00edleli radn\u00ed a&nbsp;zastupitel\u00e9 m\u011bstsk\u00e9 \u010d\u00e1sti bez rozd\u00edlu politick\u00e9 p\u0159\u00edslu\u0161nosti, pracovn\u00edci \u00fa\u0159adu i&nbsp;ob\u010dan\u00e9, kte\u0159\u00ed byli oslovov\u00e1n\u00ed v&nbsp;r\u00e1mci tematick\u00fdch pracovn\u00edch skupin. T\u00edm v\u0161ak jejich role zdaleka nekon\u010d\u00ed.<\/p>\r\n<h3>S aktu\u00e1ln\u00ed verz\u00ed Strategie Prahy&nbsp;7 se m\u016f\u017eete sezn\u00e1mit <a href=\"https:\/\/www.praha7.cz\/wp-content\/uploads\/2026\/01\/Strategie-Prahy-7-verze-5.-2025.pdf\" target=\"_blank\" rel=\"noopener\">ZDE<\/a>.\u00a0<br \/>\r\n<br \/>\r\n<\/h3>\r\n        <div class=\"collapse-block\">\r\n            <div class=\"card-header\" role=\"tab\" id=\"headingf8a7f2fde8b34ebfac4e4e34841f7d6e4422496e\">\r\n                                        <p data-toggle=\"collapse\" href=\"#collapsef8a7f2fde8b34ebfac4e4e34841f7d6e4422496e\" aria-controls=\"collapsef8a7f2fde8b34ebfac4e4e34841f7d6e4422496e\">\r\n                            Archiv                            <i class=\"fa fa-2x fa-angle-down\" aria-hidden=\"true\"><\/i>\r\n                        <\/p>\r\n                                \r\n            <\/div>\r\n\r\n            <div id=\"collapsef8a7f2fde8b34ebfac4e4e34841f7d6e4422496e\" class=\"collapse\" data-id=\"f8a7f2fde8b34ebfac4e4e34841f7d6e4422496e\" role=\"tabpanel\" aria-labelledby=\"headingf8a7f2fde8b34ebfac4e4e34841f7d6e4422496e\">\r\n                <div class=\"card-block\">\r\n    \r\n<p><a href=\"https:\/\/www.praha7.cz\/wp-content\/uploads\/2025\/12\/2.-Strategie-Prahy-7-2024.pdf\" target=\"_blank\" rel=\"noopener\">Strategie Prahy&nbsp;7, k&nbsp;16.&nbsp;12.&nbsp;2024<\/a><\/p>\r\n<p><a href=\"https:\/\/www.praha7.cz\/wp-content\/uploads\/2024\/01\/Strategie-Prahy-7-3.-verze-fina\u0301lni\u0301.pdf\" target=\"_blank\" rel=\"noopener\">Strategie Prahy&nbsp;7, k&nbsp;18.&nbsp;12.&nbsp;2023<\/a><\/p>\r\n<p><a href=\"https:\/\/www.praha7.cz\/wp-content\/uploads\/2022\/12\/Strategie-2030-verze-19_12_22.pdf\">Strategie Prahy&nbsp;7, k&nbsp;19.&nbsp;12.&nbsp;2022<\/a><\/p>\r\n<p><a href=\"https:\/\/www.praha7.cz\/wp-content\/uploads\/2024\/01\/Strategie-2030-Prahy-7-1.-verze.pdf\">Strategie Prahy&nbsp;7, k&nbsp;24.&nbsp;1.&nbsp;2022\u00a0<\/a><\/p>\r\n                <\/div>\r\n            <\/div>\r\n        <\/div>\r\n    ","protected":false},"excerpt":{"rendered":"Zastupitelstvo M\u010c Praha&nbsp;7 na sv\u00e9m zased\u00e1n\u00ed v&nbsp;pond\u011bl\u00ed 24.&nbsp;1.&nbsp;2022 schv\u00e1lilo novou Strategii Prahy&nbsp;7. Inovativn\u011b pojat\u00fd dokument d\u00e1v\u00e1 nahl\u00e9dnout do bl\u00edzk\u00e9 budoucnosti Sedmi\u010dky a&nbsp;p\u0159edstavuje jednotliv\u00e9 oblasti d\u016fle\u017eit\u00e9 pro kvalitn\u00ed fungov\u00e1n\u00ed m\u011bstsk\u00e9 \u010d\u00e1sti a&nbsp;spokojen\u00fd \u017eivot jej\u00edch obyvatel. Strategie Prahy&nbsp;7 p\u0159ibli\u017euje hlavn\u00ed oblasti, na kter\u00e9 se bude Sedmi\u010dka v&nbsp;n\u00e1sleduj\u00edc\u00edch letech zam\u011b\u0159ovat, soust\u0159ed\u00ed se na kl\u00ed\u010dov\u00e9 aspekty strategick\u00e9ho \u0159\u00edzen\u00ed na [&hellip;]","protected":false},"author":76,"featured_media":0,"parent":6469,"menu_order":0,"comment_status":"closed","ping_status":"closed","template":"","meta":[],"_links":{"self":[{"href":"https:\/\/www.praha7.cz\/api\/wp\/v2\/pages\/51880"}],"collection":[{"href":"https:\/\/www.praha7.cz\/api\/wp\/v2\/pages"}],"about":[{"href":"https:\/\/www.praha7.cz\/api\/wp\/v2\/types\/page"}],"author":[{"embeddable":true,"href":"https:\/\/www.praha7.cz\/api\/wp\/v2\/users\/76"}],"replies":[{"embeddable":true,"href":"https:\/\/www.praha7.cz\/api\/wp\/v2\/comments?post=51880"}],"version-history":[{"count":27,"href":"https:\/\/www.praha7.cz\/api\/wp\/v2\/pages\/51880\/revisions"}],"predecessor-version":[{"id":90885,"href":"https:\/\/www.praha7.cz\/api\/wp\/v2\/pages\/51880\/revisions\/90885"}],"up":[{"embeddable":true,"href":"https:\/\/www.praha7.cz\/api\/wp\/v2\/pages\/6469"}],"wp:attachment":[{"href":"https:\/\/www.praha7.cz\/api\/wp\/v2\/media?parent=51880"}],"curies":[{"name":"wp","href":"https:\/\/api.w.org\/{rel}","templated":true}]}}

<p><strong>Zastupitelstvo MČ Praha&nbsp;7 na svém zasedání v&nbsp;pondělí 24.&nbsp;1.&nbsp;2022 schválilo novou Strategii Prahy&nbsp;7. Inovativně pojatý dokument dává nahlédnout do blízké budoucnosti Sedmičky a&nbsp;představuje jednotlivé oblasti důležité pro kvalitní fungování městské části a&nbsp;spokojený život jejích obyvatel.</strong></p>
<p>Strategie Prahy&nbsp;7 přibližuje hlavní oblasti, na které se bude Sedmička v&nbsp;následujících letech zaměřovat, soustředí se na klíčové aspekty strategického řízení na úřadě a&nbsp;nastavuje efektivní koordinaci a&nbsp;propojení projektových a&nbsp;participativních aktivit městské části od zastupitelů až po občany.</p>
<p><em>„Chceme, aby Praha&nbsp;7 byla čtvrtí na celý život. Aby se u&nbsp;nás líbilo dětem, protože tady mají hodně příležitostí, kde si hrát a&nbsp;zažívat dobrodružství. Aby to tu bavilo mladé, protože to na Sedmičce žije. Aby tu byla radost založit rodinu, protože je tu dost školek, skvělých škol a&nbsp;míst, kde trávit s dětmi volný čas. A&nbsp;aby se tu dobře žilo i&nbsp;ve stáří, protože budete mít, kam se obrátit o&nbsp;pomoc, až nebudete na všechno stačit sami. Každý z nás se může zapojit a&nbsp;pomáhat nám naplánovat, aby budoucnost Prahy&nbsp;7 byla taková, jakou si přejeme,“</em> uvedl <em><strong>starosta Prahy&nbsp;7 Jan Čižinský</strong></em>.</p>
<p>Současný přístup ke Strategii je pro Prahu 7, ale i&nbsp;v&nbsp;kontextu celé Prahy, přelomovým počinem. Místo mnohostránkového statického dokumentu schvalovaného a&nbsp;fixovaného na dlouhou dobu nyní Sedmička klade podstatně větší důraz na samotný mechanismus a&nbsp;proces strategického řízení. Díky tomu se ve Strategii Prahy&nbsp;7 bude výrazněji odrážet dynamika běžného života a&nbsp;aktuální potřeby obyvatel Prahy&nbsp;7.</p>
<p><em>Cílem je, aby Strategie Prahy&nbsp;7 nebyla pouze dokumentem, který skončí někde v&nbsp;šuplíku nebo zapadne na webu městské části. Důležitá je cesta, která povede k&nbsp;jejímu naplňování a&nbsp;která bude průběžně odrážet různé stránky života v&nbsp;Praze 7 a&nbsp;aktuální potřeby obyvatel.</em></p>
<p>Na přípravě Strategie Prahy&nbsp;7 se podíleli radní a&nbsp;zastupitelé městské části bez rozdílu politické příslušnosti, pracovníci úřadu i&nbsp;občané, kteří byli oslovování v&nbsp;rámci tematických pracovních skupin. Tím však jejich role zdaleka nekončí.</p>
<h3>S aktuální verzí Strategie Prahy&nbsp;7 se můžete seznámit <a href="https://www.praha7.cz/wp-content/uploads/2026/01/Strategie-Prahy-7-verze-5.-2025.pdf" target="_blank" rel="noopener">ZDE</a>. <br />
<br />
</h3>
        <div class="collapse-block">
            <div class="card-header" role="tab" id="headingf8a7f2fde8b34ebfac4e4e34841f7d6e4422496e">
                                        <p data-toggle="collapse" href="#collapsef8a7f2fde8b34ebfac4e4e34841f7d6e4422496e" aria-controls="collapsef8a7f2fde8b34ebfac4e4e34841f7d6e4422496e">
                            Archiv                            <i class="fa fa-2x fa-angle-down" aria-hidden="true"></i>
                        </p>
                                
            </div>

            <div id="collapsef8a7f2fde8b34ebfac4e4e34841f7d6e4422496e" class="collapse" data-id="f8a7f2fde8b34ebfac4e4e34841f7d6e4422496e" role="tabpanel" aria-labelledby="headingf8a7f2fde8b34ebfac4e4e34841f7d6e4422496e">
                <div class="card-block">
    
<p><a href="https://www.praha7.cz/wp-content/uploads/2025/12/2.-Strategie-Prahy-7-2024.pdf" target="_blank" rel="noopener">Strategie Prahy&nbsp;7, k&nbsp;16.&nbsp;12.&nbsp;2024</a></p>
<p><a href="https://www.praha7.cz/wp-content/uploads/2024/01/Strategie-Prahy-7-3.-verze-finální.pdf" target="_blank" rel="noopener">Strategie Prahy&nbsp;7, k&nbsp;18.&nbsp;12.&nbsp;2023</a></p>
<p><a href="https://www.praha7.cz/wp-content/uploads/2022/12/Strategie-2030-verze-19_12_22.pdf">Strategie Prahy&nbsp;7, k&nbsp;19.&nbsp;12.&nbsp;2022</a></p>
<p><a href="https://www.praha7.cz/wp-content/uploads/2024/01/Strategie-2030-Prahy-7-1.-verze.pdf">Strategie Prahy&nbsp;7, k&nbsp;24.&nbsp;1.&nbsp;2022 </a></p>
                </div>
            </div>
        </div>

Zastupitelstvo MČ Praha&nbsp;7 na svém zasedání v&nbsp;pondělí 24.&nbsp;1.&nbsp;2022 schválilo novou Strategii Prahy&nbsp;7. Inovativně pojatý dokument dává nahlédnout do blízké budoucnosti Sedmičky a&nbsp;představuje jednotlivé oblasti důležité pro kvalitní fungování městské části a&nbsp;spokojený život jejích obyvatel. Strategie Prahy&nbsp;7 přibližuje hlavní oblasti, na které se bude Sedmička v&nbsp;následujících letech zaměřovat, soustředí se na klíčové aspekty strategického řízení na [&hellip;]
