    
{"id":46105,"date":"2021-02-26T12:12:38","date_gmt":"2021-02-26T11:12:38","guid":{"rendered":"https:\/\/www.praha7.cz\/?page_id=46105"},"modified":"2024-10-16T10:38:23","modified_gmt":"2024-10-16T08:38:23","slug":"renovace-socialniho-bytu-jankovcova","status":"publish","type":"page","link":"https:\/\/www.praha7.cz\/temata\/programy-eu\/renovace-socialniho-bytu-jankovcova\/","title":{"rendered":"Renovace soci\u00e1ln\u00edho bytu Jankovcova"},"content":{"rendered":"<p><a href=\"https:\/\/www.praha7.cz\/sdasd\/\" rel=\"attachment wp-att-46103\"><img loading=\"lazy\" src=\"https:\/\/www.praha7.cz\/wp-content\/uploads\/2021\/02\/sdasd.png\" alt=\"\" width=\"1500\" height=\"255\" class=\"alignnone wp-image-46103 size-full\" srcset=\"https:\/\/www.praha7.cz\/wp-content\/uploads\/2021\/02\/sdasd.png 1500w, https:\/\/www.praha7.cz\/wp-content\/uploads\/2021\/02\/sdasd-600x102.png 600w, https:\/\/www.praha7.cz\/wp-content\/uploads\/2021\/02\/sdasd-768x131.png 768w\" sizes=\"(max-width: 1500px) 100vw, 1500px\" \/><\/a><\/p>\r\n<p>&nbsp;<\/p>\r\n<p><strong>N\u00e1zev projektu<\/strong>: \u201eRenovace soci\u00e1ln\u00edho bytu Jankovcova\u201c<br \/>\r\n<strong>Registra\u010dn\u00ed \u010d\u00edslo projektu<\/strong>: CZ.07.3.56\/0.0\/0.0\/20_076\/0001700<br \/>\r\n<strong>Zah\u00e1jen\u00ed projektu<\/strong>: 1.&nbsp;1.&nbsp;2020<br \/>\r\n<strong>Ukon\u010den\u00ed projektu<\/strong>: 30.&nbsp;6.&nbsp;2020<\/p>\r\n<p><strong>Z\u00e1kladn\u00ed informace o\u00a0projektu<\/strong>:<\/p>\r\n<p>V l\u00e9t\u011b roku 2019 byla pod\u00e1na \u017e\u00e1dost o&nbsp;podporu do v\u00fdzvy \u010d. 46 Opera\u010dn\u00edho programu Praha \u2013 p\u00f3l r\u016fstu \u010cR s\u00a0n\u00e1zvem \u201ePodpora soci\u00e1ln\u00edch slu\u017eeb, komunitn\u00edho \u017eivota a&nbsp;soci\u00e1ln\u00edho bydlen\u00ed\u201c, s\u00a0c\u00edlem nav\u00fd\u0161en\u00ed po\u010dtu dostupn\u00fdch byt\u016f na \u00fazem\u00ed M\u010c Praha&nbsp;7.<\/p>\r\n<p>Projektem dojde ke vzniku jednoho dostupn\u00e9ho bytu o&nbsp;velikosti 43,5 m2 pro cca 2 n\u00e1jemn\u00edky formou rekonstrukce st\u00e1vaj\u00edc\u00edho bytu ve spr\u00e1v\u011b M\u010c Praha&nbsp;7 na adrese Jankovcova 864\/45, jeho\u017e stav neumo\u017e\u0148uje dlouhodob\u00fd pron\u00e1jem bez rekonstrukce. Lokalita je zvolena tak, aby nedo\u0161lo k&nbsp;ne\u017e\u00e1douc\u00ed koncentraci obdobn\u00fdch byt\u016f na jednom m\u00edst\u011b.<\/p>\r\n<p>V provozn\u00ed f\u00e1zi projektu byl byt p\u0159id\u011blen uchaze\u010d\u016fm z\u00a0c\u00edlov\u00e9 skupiny. P\u0159id\u011blov\u00e1n\u00ed byt\u016f prob\u00edh\u00e1 standardizovanou procedurou dle jasn\u011b vymezen\u00fdch krit\u00e9ri\u00ed. C\u00edlov\u00e9 skupin\u011b m\u016f\u017ee b\u00fdt dle pot\u0159eby poskytov\u00e1na i&nbsp;soci\u00e1ln\u00ed pr\u00e1ce pracovn\u00edky \u00daM\u010c P7.<\/p>\r\n<p>Smyslem projektu je tak \u0159e\u0161it nedostate\u010dnou kapacitu byt\u016f dostupn\u00e9ho bydlen\u00ed na \u00fazem\u00ed hl. m. Prahy, konkr\u00e9tn\u011b na \u00fazem\u00ed M\u010c Prahy&nbsp;7, a&nbsp;zajistit tak p\u0159\u00edstup k&nbsp;bydlen\u00ed c\u00edlov\u00e9 skupin\u011b specifikovan\u00e9 ve v\u00fdzv\u011b:<\/p>\r\n<p><strong>C\u00edlov\u00e1 skupina projektu<\/strong>:<\/p>\r\n<p>Osoby v&nbsp;bytov\u00e9 nouzi a&nbsp;\/ nebo osoby, kter\u00e9 vynakl\u00e1daj\u00ed na bydlen\u00ed v\u00edce ne\u017e 40&nbsp;% sv\u00fdch disponibiln\u00edch p\u0159\u00edjm\u016f a&nbsp;z\u00e1rove\u0148 spadaj\u00ed do n\u011bkter\u00e9 z\u00a0t\u011bchto skupin:<\/p>\r\n<ul>\r\n\t<li>osoby se zdravotn\u00edm posti\u017een\u00edm, v\u010detn\u011b du\u0161evn\u011b nemocn\u00fdch<\/li>\r\n\t<li>rodiny s&nbsp;d\u011btmi v&nbsp;nep\u0159\u00edzniv\u00e9 soci\u00e1ln\u00ed situaci, v\u010detn\u011b rodin s&nbsp;jedn\u00edm rodi\u010dem samo\u017eivitelem \/ samo\u017eivitelkou<\/li>\r\n\t<li>senio\u0159i<\/li>\r\n\t<li>osoby bez p\u0159\u00edst\u0159e\u0161\u00ed a&nbsp;osoby ohro\u017een\u00e9 bezdomovectv\u00edm<\/li>\r\n\t<li>p\u0159\u00edslu\u0161n\u00edci etnick\u00fdch men\u0161in, v\u010detn\u011b osob z&nbsp;odli\u0161n\u00e9ho sociokulturn\u00edho prost\u0159ed\u00ed, imigrant\u016f a&nbsp;azylant\u016f<\/li>\r\n\t<li>ob\u011bti dom\u00e1c\u00edho n\u00e1sil\u00ed<\/li>\r\n\t<li>osoby po (ve) v\u00fdkonu trestu<\/li>\r\n\t<li>osoby do 26 let v\u011bku opou\u0161t\u011bj\u00edc\u00ed \u00fastavn\u00ed za\u0159\u00edzen\u00ed nebo vyr\u016fstaj\u00edc\u00ed bez rodin nebo opou\u0161t\u011bj\u00edc\u00ed p\u011bstounskou p\u00e9\u010di<\/li>\r\n<\/ul>\r\n<p>&nbsp;<\/p>","protected":false},"excerpt":{"rendered":"&nbsp; N\u00e1zev projektu: \u201eRenovace soci\u00e1ln\u00edho bytu Jankovcova\u201c Registra\u010dn\u00ed \u010d\u00edslo projektu: CZ.07.3.56\/0.0\/0.0\/20_076\/0001700 Zah\u00e1jen\u00ed projektu: 1.&nbsp;1.&nbsp;2020 Ukon\u010den\u00ed projektu: 30.&nbsp;6.&nbsp;2020 Z\u00e1kladn\u00ed informace o\u00a0projektu: V&nbsp;l\u00e9t\u011b roku 2019 byla pod\u00e1na \u017e\u00e1dost o&nbsp;podporu do v\u00fdzvy \u010d. 46 Opera\u010dn\u00edho programu Praha \u2013 p\u00f3l r\u016fstu \u010cR s\u00a0n\u00e1zvem \u201ePodpora soci\u00e1ln\u00edch slu\u017eeb, komunitn\u00edho \u017eivota a&nbsp;soci\u00e1ln\u00edho bydlen\u00ed\u201c, s\u00a0c\u00edlem nav\u00fd\u0161en\u00ed po\u010dtu dostupn\u00fdch byt\u016f na \u00fazem\u00ed M\u010c [&hellip;]","protected":false},"author":76,"featured_media":0,"parent":6116,"menu_order":0,"comment_status":"closed","ping_status":"closed","template":"","meta":[],"_links":{"self":[{"href":"https:\/\/www.praha7.cz\/api\/wp\/v2\/pages\/46105"}],"collection":[{"href":"https:\/\/www.praha7.cz\/api\/wp\/v2\/pages"}],"about":[{"href":"https:\/\/www.praha7.cz\/api\/wp\/v2\/types\/page"}],"author":[{"embeddable":true,"href":"https:\/\/www.praha7.cz\/api\/wp\/v2\/users\/76"}],"replies":[{"embeddable":true,"href":"https:\/\/www.praha7.cz\/api\/wp\/v2\/comments?post=46105"}],"version-history":[{"count":2,"href":"https:\/\/www.praha7.cz\/api\/wp\/v2\/pages\/46105\/revisions"}],"predecessor-version":[{"id":58108,"href":"https:\/\/www.praha7.cz\/api\/wp\/v2\/pages\/46105\/revisions\/58108"}],"up":[{"embeddable":true,"href":"https:\/\/www.praha7.cz\/api\/wp\/v2\/pages\/6116"}],"wp:attachment":[{"href":"https:\/\/www.praha7.cz\/api\/wp\/v2\/media?parent=46105"}],"curies":[{"name":"wp","href":"https:\/\/api.w.org\/{rel}","templated":true}]}}

Renovace sociálního bytu Jankovcova

<p><a href="https://www.praha7.cz/sdasd/" rel="attachment wp-att-46103"><img loading="lazy" src="https://www.praha7.cz/wp-content/uploads/2021/02/sdasd.png" alt="" width="1500" height="255" class="alignnone wp-image-46103 size-full" srcset="https://www.praha7.cz/wp-content/uploads/2021/02/sdasd.png 1500w, https://www.praha7.cz/wp-content/uploads/2021/02/sdasd-600x102.png 600w, https://www.praha7.cz/wp-content/uploads/2021/02/sdasd-768x131.png 768w" sizes="(max-width: 1500px) 100vw, 1500px" /></a></p>
<p>&nbsp;</p>
<p><strong>Název projektu</strong>: „Renovace sociálního bytu Jankovcova“<br />
<strong>Registrační číslo projektu</strong>: CZ.07.3.56/0.0/0.0/20_076/0001700<br />
<strong>Zahájení projektu</strong>: 1.&nbsp;1.&nbsp;2020<br />
<strong>Ukončení projektu</strong>: 30.&nbsp;6.&nbsp;2020</p>
<p><strong>Základní informace o projektu</strong>:</p>
<p>V létě roku 2019 byla podána žádost o&nbsp;podporu do výzvy č. 46 Operačního programu Praha – pól růstu ČR s názvem „Podpora sociálních služeb, komunitního života a&nbsp;sociálního bydlení“, s cílem navýšení počtu dostupných bytů na území MČ Praha&nbsp;7.</p>
<p>Projektem dojde ke vzniku jednoho dostupného bytu o&nbsp;velikosti 43,5 m2 pro cca 2 nájemníky formou rekonstrukce stávajícího bytu ve správě MČ Praha&nbsp;7 na adrese Jankovcova 864/45, jehož stav neumožňuje dlouhodobý pronájem bez rekonstrukce. Lokalita je zvolena tak, aby nedošlo k&nbsp;nežádoucí koncentraci obdobných bytů na jednom místě.</p>
<p>V provozní fázi projektu byl byt přidělen uchazečům z cílové skupiny. Přidělování bytů probíhá standardizovanou procedurou dle jasně vymezených kritérií. Cílové skupině může být dle potřeby poskytována i&nbsp;sociální práce pracovníky ÚMČ P7.</p>
<p>Smyslem projektu je tak řešit nedostatečnou kapacitu bytů dostupného bydlení na území hl. m. Prahy, konkrétně na území MČ Prahy&nbsp;7, a&nbsp;zajistit tak přístup k&nbsp;bydlení cílové skupině specifikované ve výzvě:</p>
<p><strong>Cílová skupina projektu</strong>:</p>
<p>Osoby v&nbsp;bytové nouzi a&nbsp;/ nebo osoby, které vynakládají na bydlení více než 40&nbsp;% svých disponibilních příjmů a&nbsp;zároveň spadají do některé z těchto skupin:</p>
<ul>
	<li>osoby se zdravotním postižením, včetně duševně nemocných</li>
	<li>rodiny s&nbsp;dětmi v&nbsp;nepříznivé sociální situaci, včetně rodin s&nbsp;jedním rodičem samoživitelem / samoživitelkou</li>
	<li>senioři</li>
	<li>osoby bez přístřeší a&nbsp;osoby ohrožené bezdomovectvím</li>
	<li>příslušníci etnických menšin, včetně osob z&nbsp;odlišného sociokulturního prostředí, imigrantů a&nbsp;azylantů</li>
	<li>oběti domácího násilí</li>
	<li>osoby po (ve) výkonu trestu</li>
	<li>osoby do 26 let věku opouštějící ústavní zařízení nebo vyrůstající bez rodin nebo opouštějící pěstounskou péči</li>
</ul>
<p>&nbsp;</p>

&nbsp; Název projektu: „Renovace sociálního bytu Jankovcova“ Registrační číslo projektu: CZ.07.3.56/0.0/0.0/20_076/0001700 Zahájení projektu: 1.&nbsp;1.&nbsp;2020 Ukončení projektu: 30.&nbsp;6.&nbsp;2020 Základní informace o projektu: V&nbsp;létě roku 2019 byla podána žádost o&nbsp;podporu do výzvy č. 46 Operačního programu Praha – pól růstu ČR s názvem „Podpora sociálních služeb, komunitního života a&nbsp;sociálního bydlení“, s cílem navýšení počtu dostupných bytů na území MČ [&hellip;]
