    
{"id":45934,"date":"2021-02-23T10:56:28","date_gmt":"2021-02-23T09:56:28","guid":{"rendered":"https:\/\/www.praha7.cz\/?page_id=45934"},"modified":"2024-10-16T10:20:23","modified_gmt":"2024-10-16T08:20:23","slug":"komunitni-praha-7","status":"publish","type":"page","link":"https:\/\/www.praha7.cz\/temata\/programy-eu\/komunitni-praha-7\/","title":{"rendered":"Komunitn\u00ed Praha&nbsp;7"},"content":{"rendered":"<p><a href=\"https:\/\/www.praha7.cz\/temata\/operacni-programy\/pol-rustu\/komunitni-praha-7\/logolink-op-ppr-1\/\" rel=\"attachment wp-att-45935\"><img loading=\"lazy\" src=\"https:\/\/www.praha7.cz\/wp-content\/uploads\/2021\/02\/logolink-OP-PPR-1.jpg\" alt=\"\" width=\"1162\" height=\"186\" class=\"alignnone wp-image-45935 size-full\" srcset=\"https:\/\/www.praha7.cz\/wp-content\/uploads\/2021\/02\/logolink-OP-PPR-1.jpg 1162w, https:\/\/www.praha7.cz\/wp-content\/uploads\/2021\/02\/logolink-OP-PPR-1-600x96.jpg 600w, https:\/\/www.praha7.cz\/wp-content\/uploads\/2021\/02\/logolink-OP-PPR-1-768x123.jpg 768w\" sizes=\"(max-width: 1162px) 100vw, 1162px\" \/><\/a><\/p>\r\n<p>&nbsp;<\/p>\r\n<p>&nbsp;<\/p>\r\n<p><strong>N\u00e1zev projektu<\/strong>: \u201eKomunitn\u00ed Praha&nbsp;7\u201c<br \/>\r\n<strong>Registra\u010dn\u00ed \u010d\u00edslo projektu<\/strong>: CZ.07.3.63\/0.0\/0.0\/20_077\/0001789<br \/>\r\n<strong>Zah\u00e1jen\u00ed projektu<\/strong>: 01.\u00a002.\u00a02021<br \/>\r\n<strong>Ukon\u010den\u00ed projektu<\/strong>: 31.\u00a001.\u00a02023<\/p>\r\n<p><strong>Z\u00e1kladn\u00ed informace o\u00a0projektu<\/strong>:<\/p>\r\n<p>\u017d\u00e1dost o\u00a0podporu do v\u00fdzvy \u010d. 47 Opera\u010dn\u00edho programu Praha \u2013 p\u00f3l r\u016fstu byla podan\u00e1 M\u011bstskou \u010d\u00e1st\u00ed Praha&nbsp;7 v\u00a0spolupr\u00e1ci s\u00a0jej\u00edm partnerem, organizac\u00ed \u010clov\u011bk v\u00a0t\u00edsni, o.p.s., koncem jara roku 2020. Prost\u0159ednictv\u00edm projektu \u201eKomunitn\u00ed Praha&nbsp;7\u201c roz\u0161i\u0159uje M\u011bstsk\u00e1 \u010d\u00e1st Praha&nbsp;7 sv\u00e9 dosavadn\u00ed p\u016fsoben\u00ed v&nbsp;oblasti komunitn\u00ed pr\u00e1ce s\u00a0m\u00edstn\u00edmi obyvateli.<\/p>\r\n<p>Projekt se prim\u00e1rn\u011b zam\u011b\u0159uje na specifickou c\u00edlovou skupinu d\u011bti a&nbsp;ml\u00e1de\u017e, rodiny v&nbsp;nep\u0159\u00edzniv\u00e9 soci\u00e1ln\u00ed situaci, p\u0159\u00edslu\u0161n\u00edky etnick\u00fdch men\u0161in a&nbsp;na seniory, \u017eij\u00edc\u00ed v\u00a0domech s\u00a0pe\u010dovatelskou slu\u017ebou (DPS) na \u00fazem\u00ed Prahy&nbsp;7. Jsou to ti pot\u0159ebn\u00ed obyvatel\u00e9, kte\u0159\u00ed \u010dasto nemaj\u00ed rovn\u00e9 p\u0159\u00edle\u017eitosti k\u00a0tomu, aby mohli smyslupln\u011b tr\u00e1vit sv\u016fj voln\u00fd \u010das, aby na\u0161li uplatn\u011bn\u00ed, aby byli p\u0159ij\u00edm\u00e1ni sv\u00fdm okol\u00edm a&nbsp;\u017eili plnohodnotn\u00fd \u017eivot.<\/p>\r\n<p>M\u011bstsk\u00e1 \u010d\u00e1st Praha7 proto projektem reaguje na nedostate\u010dn\u00e9 m\u00edstn\u00ed pokryt\u00ed popt\u00e1vky po n\u011bkter\u00fdch vzd\u011bl\u00e1vac\u00edch, poradensk\u00fdch a&nbsp;volno\u010dasov\u00fdch aktivit\u00e1ch, kter\u00e9 nejsou na komer\u010dn\u00edm trhu pro osoby z\u00a0c\u00edlov\u00e9 skupiny projektu b\u011b\u017en\u011b dostupn\u00e9, ale zejm\u00e9na pak na situaci n\u00edzk\u00e9 propojenosti t\u011bchto osob s&nbsp;komunitou v&nbsp;m\u00edst\u011b, kde \u017eij\u00ed \u010di studuj\u00ed.<\/p>\r\n<p>V r\u00e1mci projektu se M\u011bstsk\u00e1 \u010d\u00e1st Praha&nbsp;7 v\u00a0spolupr\u00e1ci s\u00a0Pe\u010dovatelsk\u00fdm centrem Praha&nbsp;7 zam\u011b\u0159uje na rozvoj komunitn\u00edho \u017eivota v\u00a0m\u00edstn\u00edch DPS a&nbsp;vyu\u017eit\u00ed potenci\u00e1lu, kter\u00e9 spole\u010dn\u00e9 bydlen\u00ed m\u016f\u017ee senior\u016fm nab\u00edzet. Partner projektu, \u010clov\u011bk v\u00a0t\u00edsni, o.p.s. v&nbsp;projektu realizuje p\u0159ed\u0161koln\u00ed klub pro d\u011bti, kter\u00e9 nenav\u0161t\u011bvuj\u00ed b\u011b\u017enou M\u0160, a&nbsp;poskytuje dal\u0161\u00ed podporu i&nbsp;\u0161koln\u00edm d\u011btem a&nbsp;ml\u00e1de\u017ei skrze aktivity neform\u00e1ln\u00edho vzd\u011bl\u00e1v\u00e1n\u00ed (individu\u00e1ln\u00ed dou\u010dov\u00e1n\u00ed, mentoring, workshopy), p\u0159i\u010dem\u017e pracuje i&nbsp;s\u00a0rodinami zapojen\u00fdch d\u011bt\u00ed.<\/p>\r\n<p>C\u00edlem projektu je posilov\u00e1n\u00ed soci\u00e1ln\u00edch kompetenc\u00ed zapojen\u00fdch osob a&nbsp;jejich za\u010dle\u0148ov\u00e1n\u00ed do m\u00edstn\u00edch komunit. Neform\u00e1ln\u00ed p\u0159\u00edstupy v&nbsp;aktivit\u00e1ch pomohou z\u00fa\u010dastn\u011bn\u00fdm ke zkvalitn\u011bn\u00ed vstupu do \u017eivota a&nbsp;na druh\u00e9 stran\u011b i&nbsp;pln\u011b a&nbsp;smyslupln\u011b u\u017e\u00edvat \u017eivota v&nbsp;seniorsk\u00e9m v\u011bku.<\/p>","protected":false},"excerpt":{"rendered":"&nbsp; &nbsp; N\u00e1zev projektu: \u201eKomunitn\u00ed Praha&nbsp;7\u201c Registra\u010dn\u00ed \u010d\u00edslo projektu: CZ.07.3.63\/0.0\/0.0\/20_077\/0001789 Zah\u00e1jen\u00ed projektu: 01.\u00a002.\u00a02021 Ukon\u010den\u00ed projektu: 31.\u00a001.\u00a02023 Z\u00e1kladn\u00ed informace o\u00a0projektu: \u017d\u00e1dost o\u00a0podporu do v\u00fdzvy \u010d. 47 Opera\u010dn\u00edho programu Praha \u2013 p\u00f3l r\u016fstu byla podan\u00e1 M\u011bstskou \u010d\u00e1st\u00ed Praha&nbsp;7 v\u00a0spolupr\u00e1ci s\u00a0jej\u00edm partnerem, organizac\u00ed \u010clov\u011bk v\u00a0t\u00edsni, o.p.s., koncem jara roku 2020. Prost\u0159ednictv\u00edm projektu \u201eKomunitn\u00ed Praha&nbsp;7\u201c roz\u0161i\u0159uje M\u011bstsk\u00e1 \u010d\u00e1st Praha&nbsp;7 [&hellip;]","protected":false},"author":76,"featured_media":0,"parent":6116,"menu_order":0,"comment_status":"closed","ping_status":"closed","template":"","meta":[],"_links":{"self":[{"href":"https:\/\/www.praha7.cz\/api\/wp\/v2\/pages\/45934"}],"collection":[{"href":"https:\/\/www.praha7.cz\/api\/wp\/v2\/pages"}],"about":[{"href":"https:\/\/www.praha7.cz\/api\/wp\/v2\/types\/page"}],"author":[{"embeddable":true,"href":"https:\/\/www.praha7.cz\/api\/wp\/v2\/users\/76"}],"replies":[{"embeddable":true,"href":"https:\/\/www.praha7.cz\/api\/wp\/v2\/comments?post=45934"}],"version-history":[{"count":3,"href":"https:\/\/www.praha7.cz\/api\/wp\/v2\/pages\/45934\/revisions"}],"predecessor-version":[{"id":45938,"href":"https:\/\/www.praha7.cz\/api\/wp\/v2\/pages\/45934\/revisions\/45938"}],"up":[{"embeddable":true,"href":"https:\/\/www.praha7.cz\/api\/wp\/v2\/pages\/6116"}],"wp:attachment":[{"href":"https:\/\/www.praha7.cz\/api\/wp\/v2\/media?parent=45934"}],"curies":[{"name":"wp","href":"https:\/\/api.w.org\/{rel}","templated":true}]}}

Komunitní Praha&nbsp;7

<p><a href="https://www.praha7.cz/temata/operacni-programy/pol-rustu/komunitni-praha-7/logolink-op-ppr-1/" rel="attachment wp-att-45935"><img loading="lazy" src="https://www.praha7.cz/wp-content/uploads/2021/02/logolink-OP-PPR-1.jpg" alt="" width="1162" height="186" class="alignnone wp-image-45935 size-full" srcset="https://www.praha7.cz/wp-content/uploads/2021/02/logolink-OP-PPR-1.jpg 1162w, https://www.praha7.cz/wp-content/uploads/2021/02/logolink-OP-PPR-1-600x96.jpg 600w, https://www.praha7.cz/wp-content/uploads/2021/02/logolink-OP-PPR-1-768x123.jpg 768w" sizes="(max-width: 1162px) 100vw, 1162px" /></a></p>
<p>&nbsp;</p>
<p>&nbsp;</p>
<p><strong>Název projektu</strong>: „Komunitní Praha&nbsp;7“<br />
<strong>Registrační číslo projektu</strong>: CZ.07.3.63/0.0/0.0/20_077/0001789<br />
<strong>Zahájení projektu</strong>: 01. 02. 2021<br />
<strong>Ukončení projektu</strong>: 31. 01. 2023</p>
<p><strong>Základní informace o projektu</strong>:</p>
<p>Žádost o podporu do výzvy č. 47 Operačního programu Praha – pól růstu byla podaná Městskou částí Praha&nbsp;7 v spolupráci s jejím partnerem, organizací Člověk v tísni, o.p.s., koncem jara roku 2020. Prostřednictvím projektu „Komunitní Praha&nbsp;7“ rozšiřuje Městská část Praha&nbsp;7 své dosavadní působení v&nbsp;oblasti komunitní práce s místními obyvateli.</p>
<p>Projekt se primárně zaměřuje na specifickou cílovou skupinu děti a&nbsp;mládež, rodiny v&nbsp;nepříznivé sociální situaci, příslušníky etnických menšin a&nbsp;na seniory, žijící v domech s pečovatelskou službou (DPS) na území Prahy&nbsp;7. Jsou to ti potřební obyvatelé, kteří často nemají rovné příležitosti k tomu, aby mohli smysluplně trávit svůj volný čas, aby našli uplatnění, aby byli přijímáni svým okolím a&nbsp;žili plnohodnotný život.</p>
<p>Městská část Praha7 proto projektem reaguje na nedostatečné místní pokrytí poptávky po některých vzdělávacích, poradenských a&nbsp;volnočasových aktivitách, které nejsou na komerčním trhu pro osoby z cílové skupiny projektu běžně dostupné, ale zejména pak na situaci nízké propojenosti těchto osob s&nbsp;komunitou v&nbsp;místě, kde žijí či studují.</p>
<p>V rámci projektu se Městská část Praha&nbsp;7 v spolupráci s Pečovatelským centrem Praha&nbsp;7 zaměřuje na rozvoj komunitního života v místních DPS a&nbsp;využití potenciálu, které společné bydlení může seniorům nabízet. Partner projektu, Člověk v tísni, o.p.s. v&nbsp;projektu realizuje předškolní klub pro děti, které nenavštěvují běžnou MŠ, a&nbsp;poskytuje další podporu i&nbsp;školním dětem a&nbsp;mládeži skrze aktivity neformálního vzdělávání (individuální doučování, mentoring, workshopy), přičemž pracuje i&nbsp;s rodinami zapojených dětí.</p>
<p>Cílem projektu je posilování sociálních kompetencí zapojených osob a&nbsp;jejich začleňování do místních komunit. Neformální přístupy v&nbsp;aktivitách pomohou zúčastněným ke zkvalitnění vstupu do života a&nbsp;na druhé straně i&nbsp;plně a&nbsp;smysluplně užívat života v&nbsp;seniorském věku.</p>

&nbsp; &nbsp; Název projektu: „Komunitní Praha&nbsp;7“ Registrační číslo projektu: CZ.07.3.63/0.0/0.0/20_077/0001789 Zahájení projektu: 01. 02. 2021 Ukončení projektu: 31. 01. 2023 Základní informace o projektu: Žádost o podporu do výzvy č. 47 Operačního programu Praha – pól růstu byla podaná Městskou částí Praha&nbsp;7 v spolupráci s jejím partnerem, organizací Člověk v tísni, o.p.s., koncem jara roku 2020. Prostřednictvím projektu „Komunitní Praha&nbsp;7“ rozšiřuje Městská část Praha&nbsp;7 [&hellip;]
