    
{"id":4165,"date":"2017-08-24T11:05:26","date_gmt":"2017-08-24T09:05:26","guid":{"rendered":"https:\/\/praha7.cz\/?page_id=4165"},"modified":"2024-02-28T16:33:13","modified_gmt":"2024-02-28T15:33:13","slug":"4165-2","status":"publish","type":"page","link":"https:\/\/www.praha7.cz\/radnice\/voleni-zastupci-mistni-samospravy\/rada-mc-praha-7\/archiv-komisi-a-vyboru-2014-2018\/4165-2\/","title":{"rendered":"Likvida\u010dn\u00ed komise Rady M\u010c Praha&nbsp;7 (2014-2018)"},"content":{"rendered":"<h1>\u010clenov\u00e9 komise:\u00a0<\/h1>\r\n<p><strong>P\u0159edseda:<\/strong> Mgr. Radom\u00edr \u0160pok<\/p>\r\n<p><strong>M\u00edstop\u0159edseda: <\/strong>Ing. Kamil Vav\u0159inec Mare\u0161<br \/>\r\n<strong><\/strong><\/p>\r\n<p><strong>Tajemnice:<\/strong> Martina Oplu\u0161tilov\u00e1<br \/>\r\n<strong><\/strong><\/p>\r\n<p><strong>\u010clenov\u00e9:\u00a0<\/strong>Bc. Miroslav Simon,\u00a0JUDr. Martina Hendrychov\u00e1,\u00a0Simona Hurtov\u00e1, Petra H\u00f6lzelov\u00e1<\/p>\r\n<p>&nbsp;<\/p>","protected":false},"excerpt":{"rendered":"\u010clenov\u00e9 komise:\u00a0 P\u0159edseda: Mgr. Radom\u00edr \u0160pok M\u00edstop\u0159edseda: Ing. Kamil Vav\u0159inec Mare\u0161 Tajemnice: Martina Oplu\u0161tilov\u00e1 \u010clenov\u00e9:\u00a0Bc. Miroslav Simon,\u00a0JUDr. Martina Hendrychov\u00e1,\u00a0Simona Hurtov\u00e1, Petra H\u00f6lzelov\u00e1 &nbsp;","protected":false},"author":2,"featured_media":0,"parent":21166,"menu_order":0,"comment_status":"closed","ping_status":"closed","template":"","meta":[],"_links":{"self":[{"href":"https:\/\/www.praha7.cz\/api\/wp\/v2\/pages\/4165"}],"collection":[{"href":"https:\/\/www.praha7.cz\/api\/wp\/v2\/pages"}],"about":[{"href":"https:\/\/www.praha7.cz\/api\/wp\/v2\/types\/page"}],"author":[{"embeddable":true,"href":"https:\/\/www.praha7.cz\/api\/wp\/v2\/users\/2"}],"replies":[{"embeddable":true,"href":"https:\/\/www.praha7.cz\/api\/wp\/v2\/comments?post=4165"}],"version-history":[{"count":7,"href":"https:\/\/www.praha7.cz\/api\/wp\/v2\/pages\/4165\/revisions"}],"predecessor-version":[{"id":74031,"href":"https:\/\/www.praha7.cz\/api\/wp\/v2\/pages\/4165\/revisions\/74031"}],"up":[{"embeddable":true,"href":"https:\/\/www.praha7.cz\/api\/wp\/v2\/pages\/21166"}],"wp:attachment":[{"href":"https:\/\/www.praha7.cz\/api\/wp\/v2\/media?parent=4165"}],"curies":[{"name":"wp","href":"https:\/\/api.w.org\/{rel}","templated":true}]}}

Likvidační komise Rady MČ Praha&nbsp;7 (2014-2018)

<h1>Členové komise: </h1>
<p><strong>Předseda:</strong> Mgr. Radomír Špok</p>
<p><strong>Místopředseda: </strong>Ing. Kamil Vavřinec Mareš<br />
<strong></strong></p>
<p><strong>Tajemnice:</strong> Martina Opluštilová<br />
<strong></strong></p>
<p><strong>Členové: </strong>Bc. Miroslav Simon, JUDr. Martina Hendrychová, Simona Hurtová, Petra Hölzelová</p>
<p>&nbsp;</p>

Členové komise:  Předseda: Mgr. Radomír Špok Místopředseda: Ing. Kamil Vavřinec Mareš Tajemnice: Martina Opluštilová Členové: Bc. Miroslav Simon, JUDr. Martina Hendrychová, Simona Hurtová, Petra Hölzelová &nbsp;
