    
{"id":41500,"date":"2020-09-15T14:24:04","date_gmt":"2020-09-15T12:24:04","guid":{"rendered":"https:\/\/www.praha7.cz\/?page_id=41500"},"modified":"2020-09-30T14:33:07","modified_gmt":"2020-09-30T12:33:07","slug":"vinice","status":"publish","type":"page","link":"https:\/\/www.praha7.cz\/temata\/verejny-prostor\/spolecne-pro-trojskou-kotlinu\/vinice\/","title":{"rendered":"Vinice"},"content":{"rendered":"<p><em>V\u00edtejte na str\u00e1nk\u00e1ch stezky Trojsk\u00e9 kotliny! Poznejte\u00a0historii tohoto jedine\u010dn\u00e9ho celku nebo se seznamte s\u00a0p\u0159ipravovan\u00fdmi projekty. Mapu v\u0161ech zastaven\u00ed najdete <a href=\"https:\/\/www.praha7.cz\/temata\/verejny-prostor\/spolecne-pro-trojskou-kotlinu\/\">zde<\/a>.<\/em><\/p>\r\n<p>&nbsp;<\/p>\r\n<p>\u00daval proti star\u00fdm Hole\u0161ovic\u00edm byl oded\u00e1vna os\u00e1zen ke\u0159i vinn\u00e9 r\u00e9vy. \u010c\u00e1st svahu pokr\u00fdvaly b\u011bhem st\u0159edov\u011bku chmelnice a&nbsp;\u0161t\u011bpnice (sady s\u00a0ovocn\u00fdmi stromy). V\u011bt\u0161\u00ed vinice b\u00fdvaly ohra\u017een\u00e9 zd\u00ed, fungoval u&nbsp;nich vlastn\u00ed lis na hrozny, studnu a&nbsp;chaloupku, kter\u00e9 se \u0159\u00edkalo sk\u0159\u00ednka. Z\u0159ejm\u011b nejstar\u0161\u00ed zdej\u0161\u00ed vinice se naz\u00fdvala Kozlovka a&nbsp;rozkl\u00e1dala se v\u00a0oblasti dne\u0161n\u00ed Pelc- Tyrolky.\u00a0 Pod Bulovkou se rozprost\u00edrala vinice v\u00a0B\u00edl\u00e9 sk\u00e1le d\u00e1le na sever sm\u011brem ke Kobylis\u016fm pak Z\u00e1pad\u010d\u00ed , pobl\u00ed\u017e statku Kuchy\u0148ka pak Kuchyneck\u00e1 vinice, zvan\u00e1 t\u00e9\u017e Kynclovka. Je\u0161t\u011b severn\u011bji se rozprost\u00edraly vinohrady zvan\u00e9 na Okrouhl\u00edku. P\u011bstov\u00e1n\u00ed vinn\u00e9 r\u00e9vy bylo pom\u011brn\u011b n\u00e1ro\u010dn\u00e9, majitel\u00e9 vinic tak\u00e9 \u010dasto \u010delili nep\u0159\u00edzni po\u010das\u00ed a&nbsp;tud\u00ed\u017e slab\u00e9 \u00farod\u011b. I&nbsp;kv\u016fli t\u0159icetilet\u00e9 v\u00e1lky byla v\u011bt\u0161ina vinic v\u00a0polovin\u011b 17.&nbsp;stolet\u00ed zpustl\u00e1. V\u00a0roce 1737 uv\u00e1d\u011bj\u00ed prameny v\u00a0lokalit\u011b u\u017e jen \u010dty\u0159i udr\u017eovan\u00e9 vinice \u2013 Tyrolka, \u0160afr\u00e1nka, Sedl\u00e1\u0159ka a&nbsp;Raka\u0159ka (doln\u00ed a&nbsp;horn\u00ed). Tehdy se tak\u00e9 uv\u00e1d\u00ed, \u017ee v\u00fdnos z\u00a0jednoho jitra (cca 2800&nbsp;m\u00b2) pr\u016fm\u011brn\u00e9 vinice \u010dinil cca 9 v\u011bder v\u00edna (1 v\u011bdro \u2013 60 litr\u016f).<\/p>\r\n<p><a href=\"https:\/\/www.praha7.cz\/temata\/verejny-prostor\/spolecne-pro-trojskou-kotlinu\/vinice\/37_sv-klara-vinice-a-privoz\/\" rel=\"attachment wp-att-42089\"><img loading=\"lazy\" src=\"https:\/\/www.praha7.cz\/wp-content\/uploads\/2020\/09\/37_sv.-Kl\u00e1ra-vinice-a-p\u0159\u00edvoz-1500x940.jpg\" alt=\"\" width=\"640\" height=\"401\" class=\"alignnone size-large wp-image-42089\" srcset=\"https:\/\/www.praha7.cz\/wp-content\/uploads\/2020\/09\/37_sv.-Kl\u00e1ra-vinice-a-p\u0159\u00edvoz-1500x940.jpg 1500w, https:\/\/www.praha7.cz\/wp-content\/uploads\/2020\/09\/37_sv.-Kl\u00e1ra-vinice-a-p\u0159\u00edvoz-600x376.jpg 600w, https:\/\/www.praha7.cz\/wp-content\/uploads\/2020\/09\/37_sv.-Kl\u00e1ra-vinice-a-p\u0159\u00edvoz-768x481.jpg 768w\" sizes=\"(max-width: 640px) 100vw, 640px\" \/><\/a><\/p>","protected":false},"excerpt":{"rendered":"V\u00edtejte na str\u00e1nk\u00e1ch stezky Trojsk\u00e9 kotliny! Poznejte\u00a0historii tohoto jedine\u010dn\u00e9ho celku nebo se seznamte s\u00a0p\u0159ipravovan\u00fdmi projekty. Mapu v\u0161ech zastaven\u00ed najdete zde. &nbsp; \u00daval proti star\u00fdm Hole\u0161ovic\u00edm byl oded\u00e1vna os\u00e1zen ke\u0159i vinn\u00e9 r\u00e9vy. \u010c\u00e1st svahu pokr\u00fdvaly b\u011bhem st\u0159edov\u011bku chmelnice a&nbsp;\u0161t\u011bpnice (sady s\u00a0ovocn\u00fdmi stromy). V\u011bt\u0161\u00ed vinice b\u00fdvaly ohra\u017een\u00e9 zd\u00ed, fungoval u&nbsp;nich vlastn\u00ed lis na hrozny, studnu a&nbsp;chaloupku, kter\u00e9 [&hellip;]","protected":false},"author":76,"featured_media":0,"parent":41449,"menu_order":0,"comment_status":"closed","ping_status":"closed","template":"","meta":[],"_links":{"self":[{"href":"https:\/\/www.praha7.cz\/api\/wp\/v2\/pages\/41500"}],"collection":[{"href":"https:\/\/www.praha7.cz\/api\/wp\/v2\/pages"}],"about":[{"href":"https:\/\/www.praha7.cz\/api\/wp\/v2\/types\/page"}],"author":[{"embeddable":true,"href":"https:\/\/www.praha7.cz\/api\/wp\/v2\/users\/76"}],"replies":[{"embeddable":true,"href":"https:\/\/www.praha7.cz\/api\/wp\/v2\/comments?post=41500"}],"version-history":[{"count":4,"href":"https:\/\/www.praha7.cz\/api\/wp\/v2\/pages\/41500\/revisions"}],"predecessor-version":[{"id":42260,"href":"https:\/\/www.praha7.cz\/api\/wp\/v2\/pages\/41500\/revisions\/42260"}],"up":[{"embeddable":true,"href":"https:\/\/www.praha7.cz\/api\/wp\/v2\/pages\/41449"}],"wp:attachment":[{"href":"https:\/\/www.praha7.cz\/api\/wp\/v2\/media?parent=41500"}],"curies":[{"name":"wp","href":"https:\/\/api.w.org\/{rel}","templated":true}]}}

<p><em>Vítejte na stránkách stezky Trojské kotliny! Poznejte historii tohoto jedinečného celku nebo se seznamte s připravovanými projekty. Mapu všech zastavení najdete <a href="https://www.praha7.cz/temata/verejny-prostor/spolecne-pro-trojskou-kotlinu/">zde</a>.</em></p>
<p>&nbsp;</p>
<p>Úval proti starým Holešovicím byl odedávna osázen keři vinné révy. Část svahu pokrývaly během středověku chmelnice a&nbsp;štěpnice (sady s ovocnými stromy). Větší vinice bývaly ohražené zdí, fungoval u&nbsp;nich vlastní lis na hrozny, studnu a&nbsp;chaloupku, které se říkalo skřínka. Zřejmě nejstarší zdejší vinice se nazývala Kozlovka a&nbsp;rozkládala se v oblasti dnešní Pelc- Tyrolky.  Pod Bulovkou se rozprostírala vinice v Bílé skále dále na sever směrem ke Kobylisům pak Západčí , poblíž statku Kuchyňka pak Kuchynecká vinice, zvaná též Kynclovka. Ještě severněji se rozprostíraly vinohrady zvané na Okrouhlíku. Pěstování vinné révy bylo poměrně náročné, majitelé vinic také často čelili nepřízni počasí a&nbsp;tudíž slabé úrodě. I&nbsp;kvůli třicetileté války byla většina vinic v polovině 17.&nbsp;století zpustlá. V roce 1737 uvádějí prameny v lokalitě už jen čtyři udržované vinice – Tyrolka, Šafránka, Sedlářka a&nbsp;Rakařka (dolní a&nbsp;horní). Tehdy se také uvádí, že výnos z jednoho jitra (cca 2800&nbsp;m²) průměrné vinice činil cca 9 věder vína (1 vědro – 60 litrů).</p>
<p><a href="https://www.praha7.cz/temata/verejny-prostor/spolecne-pro-trojskou-kotlinu/vinice/37_sv-klara-vinice-a-privoz/" rel="attachment wp-att-42089"><img loading="lazy" src="https://www.praha7.cz/wp-content/uploads/2020/09/37_sv.-Klára-vinice-a-přívoz-1500x940.jpg" alt="" width="640" height="401" class="alignnone size-large wp-image-42089" srcset="https://www.praha7.cz/wp-content/uploads/2020/09/37_sv.-Klára-vinice-a-přívoz-1500x940.jpg 1500w, https://www.praha7.cz/wp-content/uploads/2020/09/37_sv.-Klára-vinice-a-přívoz-600x376.jpg 600w, https://www.praha7.cz/wp-content/uploads/2020/09/37_sv.-Klára-vinice-a-přívoz-768x481.jpg 768w" sizes="(max-width: 640px) 100vw, 640px" /></a></p>

Vítejte na stránkách stezky Trojské kotliny! Poznejte historii tohoto jedinečného celku nebo se seznamte s připravovanými projekty. Mapu všech zastavení najdete zde. &nbsp; Úval proti starým Holešovicím byl odedávna osázen keři vinné révy. Část svahu pokrývaly během středověku chmelnice a&nbsp;štěpnice (sady s ovocnými stromy). Větší vinice bývaly ohražené zdí, fungoval u&nbsp;nich vlastní lis na hrozny, studnu a&nbsp;chaloupku, které [&hellip;]
