    
{"id":40653,"date":"2020-08-26T16:44:17","date_gmt":"2020-08-26T14:44:17","guid":{"rendered":"https:\/\/www.praha7.cz\/?page_id=40653"},"modified":"2020-09-02T12:19:06","modified_gmt":"2020-09-02T10:19:06","slug":"nove-jmeno-parku","status":"publish","type":"page","link":"https:\/\/www.praha7.cz\/potrebuji-zaridit\/planujte-sedmicku-s-nami\/park-u-vody\/nove-jmeno-parku\/","title":{"rendered":"Nov\u00e9 jm\u00e9no parku"},"content":{"rendered":"<h3>Hled\u00e1 se jm\u00e9no parku<\/h3>\r\n<p>Park v&nbsp;sou\u010dasn\u00e9 dob\u011b bohu\u017eel dopl\u00e1c\u00ed na dlouhodobou opu\u0161t\u011bnost a&nbsp;relativn\u011b \u0161patnou p\u0159\u00edstupnost a&nbsp;<strong>dosud nem\u00e1 sv\u016fj vlastn\u00ed n\u00e1zev<\/strong>. M\u00e1te n\u011bjak\u00fd n\u00e1pad, jak tuto oblast pojmenovat? Vhodn\u00e9 jm\u00e9no by Praha&nbsp;7 mohla p\u0159edlo\u017eit m\u00edstopisn\u00e9 komisi hlavn\u00edho m\u011bsta a&nbsp;mohlo by tak b\u00fdt ofici\u00e1ln\u011b zaps\u00e1no v&nbsp;map\u00e1ch.<\/p>\r\n<p><strong>Sv\u00e9 n\u00e1vrhy m\u016f\u017eete jednodu\u0161e poslat (do 15.&nbsp;srpna 2020):<\/strong><\/p>\r\n<ul>\r\n\t<li>p\u0159es online formul\u00e1\u0159 na adrese <strong><a href=\"https:\/\/www.praha7.cz\/jmeno-parku\" target=\"_blank\" rel=\"noopener\">praha7.cz\/jmeno-parku<\/a><\/strong> nebo<\/li>\r\n\t<li>po\u0161tou na adresu \u00fa\u0159adu U&nbsp;Pr\u016fhonu 38 nebo<\/li>\r\n\t<li>odevzdat na Podateln\u011b v&nbsp;p\u0159\u00edzem\u00ed nov\u00e9 radnice tamt\u00e9\u017e<\/li>\r\n<\/ul>","protected":false},"excerpt":{"rendered":"Hled\u00e1 se jm\u00e9no parku Park v&nbsp;sou\u010dasn\u00e9 dob\u011b bohu\u017eel dopl\u00e1c\u00ed na dlouhodobou opu\u0161t\u011bnost a&nbsp;relativn\u011b \u0161patnou p\u0159\u00edstupnost a&nbsp;dosud nem\u00e1 sv\u016fj vlastn\u00ed n\u00e1zev. M\u00e1te n\u011bjak\u00fd n\u00e1pad, jak tuto oblast pojmenovat? Vhodn\u00e9 jm\u00e9no by Praha&nbsp;7 mohla p\u0159edlo\u017eit m\u00edstopisn\u00e9 komisi hlavn\u00edho m\u011bsta a&nbsp;mohlo by tak b\u00fdt ofici\u00e1ln\u011b zaps\u00e1no v&nbsp;map\u00e1ch. Sv\u00e9 n\u00e1vrhy m\u016f\u017eete jednodu\u0161e poslat (do 15.&nbsp;srpna 2020): p\u0159es online formul\u00e1\u0159 [&hellip;]","protected":false},"author":76,"featured_media":0,"parent":37225,"menu_order":0,"comment_status":"closed","ping_status":"closed","template":"","meta":[],"_links":{"self":[{"href":"https:\/\/www.praha7.cz\/api\/wp\/v2\/pages\/40653"}],"collection":[{"href":"https:\/\/www.praha7.cz\/api\/wp\/v2\/pages"}],"about":[{"href":"https:\/\/www.praha7.cz\/api\/wp\/v2\/types\/page"}],"author":[{"embeddable":true,"href":"https:\/\/www.praha7.cz\/api\/wp\/v2\/users\/76"}],"replies":[{"embeddable":true,"href":"https:\/\/www.praha7.cz\/api\/wp\/v2\/comments?post=40653"}],"version-history":[{"count":4,"href":"https:\/\/www.praha7.cz\/api\/wp\/v2\/pages\/40653\/revisions"}],"predecessor-version":[{"id":40897,"href":"https:\/\/www.praha7.cz\/api\/wp\/v2\/pages\/40653\/revisions\/40897"}],"up":[{"embeddable":true,"href":"https:\/\/www.praha7.cz\/api\/wp\/v2\/pages\/37225"}],"wp:attachment":[{"href":"https:\/\/www.praha7.cz\/api\/wp\/v2\/media?parent=40653"}],"curies":[{"name":"wp","href":"https:\/\/api.w.org\/{rel}","templated":true}]}}

Nové jméno parku

<h3>Hledá se jméno parku</h3>
<p>Park v&nbsp;současné době bohužel doplácí na dlouhodobou opuštěnost a&nbsp;relativně špatnou přístupnost a&nbsp;<strong>dosud nemá svůj vlastní název</strong>. Máte nějaký nápad, jak tuto oblast pojmenovat? Vhodné jméno by Praha&nbsp;7 mohla předložit místopisné komisi hlavního města a&nbsp;mohlo by tak být oficiálně zapsáno v&nbsp;mapách.</p>
<p><strong>Své návrhy můžete jednoduše poslat (do 15.&nbsp;srpna 2020):</strong></p>
<ul>
	<li>přes online formulář na adrese <strong><a href="https://www.praha7.cz/jmeno-parku" target="_blank" rel="noopener">praha7.cz/jmeno-parku</a></strong> nebo</li>
	<li>poštou na adresu úřadu U&nbsp;Průhonu 38 nebo</li>
	<li>odevzdat na Podatelně v&nbsp;přízemí nové radnice tamtéž</li>
</ul>

Hledá se jméno parku Park v&nbsp;současné době bohužel doplácí na dlouhodobou opuštěnost a&nbsp;relativně špatnou přístupnost a&nbsp;dosud nemá svůj vlastní název. Máte nějaký nápad, jak tuto oblast pojmenovat? Vhodné jméno by Praha&nbsp;7 mohla předložit místopisné komisi hlavního města a&nbsp;mohlo by tak být oficiálně zapsáno v&nbsp;mapách. Své návrhy můžete jednoduše poslat (do 15.&nbsp;srpna 2020): přes online formulář [&hellip;]
