    
{"id":40327,"date":"2020-08-17T15:33:51","date_gmt":"2020-08-17T13:33:51","guid":{"rendered":"https:\/\/www.praha7.cz\/?page_id=40327"},"modified":"2025-06-06T12:27:52","modified_gmt":"2025-06-06T10:27:52","slug":"zastupitelstvo-mladych","status":"publish","type":"page","link":"https:\/\/www.praha7.cz\/temata\/participace\/zastupitelstvo-mladych\/","title":{"rendered":"Zastupitelstvo mlad\u00fdch"},"content":{"rendered":"<p>V \u0159\u00edjnu 2019 zah\u00e1jilo\u00a0svou \u010dinnost <a href=\"https:\/\/www.facebook.com\/zastupitelstvomladych\/\" target=\"_blank\" rel=\"noopener\">Zastupitelstvo mlad\u00fdch<\/a>, kter\u00e9 navazuje na dosavadn\u00ed projekt Studentsk\u00e9ho zastupitelstva a&nbsp;studentsk\u00e9ho starosty Prahy&nbsp;7. Studenti z\u00e1kladn\u00edch a&nbsp;st\u0159edn\u00edch \u0161kol si zde vyzkou\u0161\u00ed p\u0159eb\u00edrat\u00a0ob\u010danskou aktivitu a&nbsp;odpov\u011bdnost. Zastupitelstvo bude po\u0159\u00e1dat r\u016fzn\u00e9 kulturn\u00ed, sportovn\u00ed, komunitn\u00ed a&nbsp;vzd\u011bl\u00e1vac\u00ed akce, kter\u00e9 si studenti sami vymysl\u00ed a&nbsp;zrealizuj\u00ed za\u00a0pomoci zku\u0161en\u00fdch koordin\u00e1tor\u016f. Mlad\u00ed lid\u00e9 tak z\u00edskaj\u00ed \u0159adu zku\u0161enost\u00ed \u2013 s\u00a0prac\u00ed v\u00a0t\u00fdmu, s&nbsp;prosazov\u00e1n\u00edm vlastn\u00edch n\u00e1zor\u016f, respektem k\u00a0n\u00e1zor\u016fm ostatn\u00edch, um\u011bn\u00edm kompromisu a&nbsp;dosahov\u00e1n\u00ed spole\u010dn\u00fdch v\u00fdsledk\u016f. V\u00a0del\u0161\u00edm \u010dasov\u00e9m horizontu je c\u00edlem projektu otev\u00edrat rovnocenn\u00fd dialog mezi mlad\u00fdmi lidmi a&nbsp;veden\u00edm m\u011bstsk\u00e9 \u010d\u00e1sti.\u00a0<\/p>\r\n<p><em><span style=\"text-decoration: underline;\">\u010cl\u00e1nky:<\/span><\/em><\/p>\r\n<ul>\r\n\t<li><a href=\"https:\/\/www.praha7.cz\/konference-zakovskych-parlamentu-2025\/\">Konference \u017e\u00e1kovsk\u00fdch parlament\u016f 2025<\/a> *5\/2025<\/li>\r\n\t<li><a href=\"https:\/\/www.praha7.cz\/platna-casu-140-prahy-7-ve-vodarenske-vezi-7-12\/\">Pl\u00e1tna \u010dasu: 140 Prahy&nbsp;7 ve Vod\u00e1rensk\u00e9 v\u011b\u017ei<\/a> *12\/2024<\/li>\r\n\t<li><a href=\"https:\/\/www.praha7.cz\/praha-7-hostila-jiz-druhou-konferenci-zakovskych-parlamentu\/\">Praha&nbsp;7 hostila ji\u017e druhou Konferenci \u017e\u00e1kovsk\u00fdch parlament\u016f<\/a> *5\/2023<\/li>\r\n\t<li><a href=\"https:\/\/www.praha7.cz\/na-stredni-nebo-vysokou-do-zahranici\/\">Na st\u0159edn\u00ed nebo vysokou do zahrani\u010d\u00ed<\/a> *2\/2023<\/li>\r\n\t<li><a href=\"https:\/\/www.praha7.cz\/letosni-pebecka-a-zastupitelstvo-mladych\/\">Leto\u0161n\u00ed P\u00e9b\u00e9\u010dka a&nbsp;Zastupitelstvo mlad\u00fdch<\/a> *9\/2022<\/li>\r\n\t<li><a href=\"https:\/\/www.praha7.cz\/vystava-studentskych-fotografii-v-prizemi-radnice\/\">V\u00fdstava studentsk\u00fdch fotografi\u00ed v&nbsp;p\u0159\u00edzem\u00ed radnice<\/a> 6\/2022<\/li>\r\n\t<li><a href=\"https:\/\/www.praha7.cz\/v-praze-7-se-uskutecnila-konference-zakovskych-parlamentu\/\">V Praze 7 se uskute\u010dnila konference \u017e\u00e1kovsk\u00fdch parlament\u016f<\/a> *5\/2022<\/li>\r\n\t<li><a href=\"https:\/\/www.praha7.cz\/debata-o-studiu-v-zahranici\/\">Debata o\u00a0studiu v\u00a0zahrani\u010d\u00ed<\/a> *11\/2021<\/li>\r\n\t<li><a href=\"https:\/\/www.praha7.cz\/studenti-debatovali-o-distancni-vyuce\/\">Studenti debatovali o\u00a0distan\u010dn\u00ed v\u00fduce<\/a> *6\/2021<\/li>\r\n\t<li><a href=\"https:\/\/www.praha7.cz\/zastupitelstvo-mladych-sprada-plany-na-rok-2020\/\">Zastupitelstvo mlad\u00fdch sp\u0159\u00e1d\u00e1 pl\u00e1ny na rok 2020<\/a>\u00a0*12\/2019<\/li>\r\n\t<li><a href=\"https:\/\/www.praha7.cz\/studenti-a-zaci-chteji-menit-prahu-7-k-lepsimu\/\">Studenti a\u00a0\u017e\u00e1ci cht\u011bj\u00ed m\u011bnit Prahu 7 k\u00a0lep\u0161\u00edmu<\/a>\u00a0*10-11\/2019<\/li>\r\n<\/ul>\r\n<p>Projekt organiza\u010dn\u011b zaji\u0161\u0165uje spolek Mlad\u00ed Ob\u010dan\u00e9 ve spolupr\u00e1ci s\u00a0Prahou 7, Magistr\u00e1tem hlavn\u00edho m\u011bsta Praha, za podpory DDM, CEDU, \u010cesk\u00e9 st\u0159edo\u0161kolsk\u00e9 unie a&nbsp;dal\u0161\u00edch.\u00a0<\/p>","protected":false},"excerpt":{"rendered":"V \u0159\u00edjnu 2019 zah\u00e1jilo\u00a0svou \u010dinnost Zastupitelstvo mlad\u00fdch, kter\u00e9 navazuje na dosavadn\u00ed projekt Studentsk\u00e9ho zastupitelstva a&nbsp;studentsk\u00e9ho starosty Prahy&nbsp;7. Studenti z\u00e1kladn\u00edch a&nbsp;st\u0159edn\u00edch \u0161kol si zde vyzkou\u0161\u00ed p\u0159eb\u00edrat\u00a0ob\u010danskou aktivitu a&nbsp;odpov\u011bdnost. Zastupitelstvo bude po\u0159\u00e1dat r\u016fzn\u00e9 kulturn\u00ed, sportovn\u00ed, komunitn\u00ed a&nbsp;vzd\u011bl\u00e1vac\u00ed akce, kter\u00e9 si studenti sami vymysl\u00ed a&nbsp;zrealizuj\u00ed za\u00a0pomoci zku\u0161en\u00fdch koordin\u00e1tor\u016f. Mlad\u00ed lid\u00e9 tak z\u00edskaj\u00ed \u0159adu zku\u0161enost\u00ed \u2013 s\u00a0prac\u00ed v\u00a0t\u00fdmu, s&nbsp;prosazov\u00e1n\u00edm [&hellip;]","protected":false},"author":76,"featured_media":0,"parent":8421,"menu_order":0,"comment_status":"closed","ping_status":"closed","template":"","meta":[],"_links":{"self":[{"href":"https:\/\/www.praha7.cz\/api\/wp\/v2\/pages\/40327"}],"collection":[{"href":"https:\/\/www.praha7.cz\/api\/wp\/v2\/pages"}],"about":[{"href":"https:\/\/www.praha7.cz\/api\/wp\/v2\/types\/page"}],"author":[{"embeddable":true,"href":"https:\/\/www.praha7.cz\/api\/wp\/v2\/users\/76"}],"replies":[{"embeddable":true,"href":"https:\/\/www.praha7.cz\/api\/wp\/v2\/comments?post=40327"}],"version-history":[{"count":13,"href":"https:\/\/www.praha7.cz\/api\/wp\/v2\/pages\/40327\/revisions"}],"predecessor-version":[{"id":84788,"href":"https:\/\/www.praha7.cz\/api\/wp\/v2\/pages\/40327\/revisions\/84788"}],"up":[{"embeddable":true,"href":"https:\/\/www.praha7.cz\/api\/wp\/v2\/pages\/8421"}],"wp:attachment":[{"href":"https:\/\/www.praha7.cz\/api\/wp\/v2\/media?parent=40327"}],"curies":[{"name":"wp","href":"https:\/\/api.w.org\/{rel}","templated":true}]}}

Zastupitelstvo mladých

<p>V říjnu 2019 zahájilo svou činnost <a href="https://www.facebook.com/zastupitelstvomladych/" target="_blank" rel="noopener">Zastupitelstvo mladých</a>, které navazuje na dosavadní projekt Studentského zastupitelstva a&nbsp;studentského starosty Prahy&nbsp;7. Studenti základních a&nbsp;středních škol si zde vyzkouší přebírat občanskou aktivitu a&nbsp;odpovědnost. Zastupitelstvo bude pořádat různé kulturní, sportovní, komunitní a&nbsp;vzdělávací akce, které si studenti sami vymyslí a&nbsp;zrealizují za pomoci zkušených koordinátorů. Mladí lidé tak získají řadu zkušeností – s prací v týmu, s&nbsp;prosazováním vlastních názorů, respektem k názorům ostatních, uměním kompromisu a&nbsp;dosahování společných výsledků. V delším časovém horizontu je cílem projektu otevírat rovnocenný dialog mezi mladými lidmi a&nbsp;vedením městské části. </p>
<p><em><span style="text-decoration: underline;">Články:</span></em></p>
<ul>
	<li><a href="https://www.praha7.cz/konference-zakovskych-parlamentu-2025/">Konference žákovských parlamentů 2025</a> *5/2025</li>
	<li><a href="https://www.praha7.cz/platna-casu-140-prahy-7-ve-vodarenske-vezi-7-12/">Plátna času: 140 Prahy&nbsp;7 ve Vodárenské věži</a> *12/2024</li>
	<li><a href="https://www.praha7.cz/praha-7-hostila-jiz-druhou-konferenci-zakovskych-parlamentu/">Praha&nbsp;7 hostila již druhou Konferenci žákovských parlamentů</a> *5/2023</li>
	<li><a href="https://www.praha7.cz/na-stredni-nebo-vysokou-do-zahranici/">Na střední nebo vysokou do zahraničí</a> *2/2023</li>
	<li><a href="https://www.praha7.cz/letosni-pebecka-a-zastupitelstvo-mladych/">Letošní Pébéčka a&nbsp;Zastupitelstvo mladých</a> *9/2022</li>
	<li><a href="https://www.praha7.cz/vystava-studentskych-fotografii-v-prizemi-radnice/">Výstava studentských fotografií v&nbsp;přízemí radnice</a> 6/2022</li>
	<li><a href="https://www.praha7.cz/v-praze-7-se-uskutecnila-konference-zakovskych-parlamentu/">V Praze 7 se uskutečnila konference žákovských parlamentů</a> *5/2022</li>
	<li><a href="https://www.praha7.cz/debata-o-studiu-v-zahranici/">Debata o studiu v zahraničí</a> *11/2021</li>
	<li><a href="https://www.praha7.cz/studenti-debatovali-o-distancni-vyuce/">Studenti debatovali o distanční výuce</a> *6/2021</li>
	<li><a href="https://www.praha7.cz/zastupitelstvo-mladych-sprada-plany-na-rok-2020/">Zastupitelstvo mladých spřádá plány na rok 2020</a> *12/2019</li>
	<li><a href="https://www.praha7.cz/studenti-a-zaci-chteji-menit-prahu-7-k-lepsimu/">Studenti a žáci chtějí měnit Prahu 7 k lepšímu</a> *10-11/2019</li>
</ul>
<p>Projekt organizačně zajišťuje spolek Mladí Občané ve spolupráci s Prahou 7, Magistrátem hlavního města Praha, za podpory DDM, CEDU, České středoškolské unie a&nbsp;dalších. </p>

V říjnu 2019 zahájilo svou činnost Zastupitelstvo mladých, které navazuje na dosavadní projekt Studentského zastupitelstva a&nbsp;studentského starosty Prahy&nbsp;7. Studenti základních a&nbsp;středních škol si zde vyzkouší přebírat občanskou aktivitu a&nbsp;odpovědnost. Zastupitelstvo bude pořádat různé kulturní, sportovní, komunitní a&nbsp;vzdělávací akce, které si studenti sami vymyslí a&nbsp;zrealizují za pomoci zkušených koordinátorů. Mladí lidé tak získají řadu zkušeností – s prací v týmu, s&nbsp;prosazováním [&hellip;]
