    
{"id":38773,"date":"2020-06-18T09:24:43","date_gmt":"2020-06-18T07:24:43","guid":{"rendered":"https:\/\/www.praha7.cz\/?page_id=38773"},"modified":"2025-03-21T13:45:54","modified_gmt":"2025-03-21T12:45:54","slug":"sosp7","status":"publish","type":"page","link":"https:\/\/www.praha7.cz\/temata\/pomahame\/verejne-sbirky\/sosp7\/","title":{"rendered":"Solidarita od soused\u016f"},"content":{"rendered":"<p>Praha&nbsp;7 v&nbsp;\u010dervnu 2020 spustila kampa\u0148 Solidarita od soused\u016f (SOS P7). V&nbsp;r\u00e1mci ve\u0159ejn\u00e9 sb\u00edrky m\u016f\u017ee ka\u017ed\u00fd p\u0159isp\u011bt na pomoc lidem, kte\u0159\u00ed se dostali do obt\u00ed\u017en\u00fdch \u017eivotn\u00edch situac\u00ed a&nbsp;pot\u0159ebuj\u00ed zajistit sv\u00e9 z\u00e1kladn\u00ed \u017eivotn\u00ed pot\u0159eby.<\/p>\r\n<p>P\u0159isp\u011bt do ve\u0159ejn\u00e9 sb\u00edrky lze prost\u0159ednictv\u00edm transparentn\u00edho \u00fa\u010dtu SOS P7: <strong>000123-2000870339\/0800<\/strong>.\u00a0P\u0159isp\u011bn\u00edm na transparentn\u00ed \u00fa\u010det dojde k\u00a0pos\u00edlen\u00ed <a href=\"https:\/\/www.praha7.cz\/temata\/pomahame\/fondy-solidarity\/\">Humanitn\u00edho fondu M\u010c Praha&nbsp;7<\/a>, p\u0159\u00edsp\u011bvky budou vyu\u017eity na individu\u00e1ln\u00ed pomoc ob\u010dan\u016fm Prahy&nbsp;7 v&nbsp;souladu s\u00a0pravidly fondu.<\/p>\r\n<p>&nbsp;<\/p>\r\n<h3><a href=\"https:\/\/www.csas.cz\/cs\/transparentni-ucty#\/000123-2000870339\/Mestska-cast-Praha-7\">Transparentn\u00ed \u00fa\u010det \u2013 SOS P7<\/a>\u00a0\u00a0\u00a0\u00a0\u00a0\u00a0\u00a0<\/h3>\r\n<h3><span style=\"color: #ff0000;\">\u010c\u00edslo \u00fa\u010dtu: 000123-2000870339\/0800<\/span><\/h3>\r\n<p>P\u0159isp\u011bt m\u016f\u017eete tak\u00e9 prost\u0159ednictv\u00edm platby skrze QR k\u00f3d:<\/p>\r\n<p><img loading=\"lazy\" src=\"https:\/\/www.praha7.cz\/wp-content\/uploads\/2022\/12\/QR-kod_SOS-konto.png\" alt=\"\" width=\"427\" height=\"428\" class=\"alignnone size-full wp-image-62946\" srcset=\"https:\/\/www.praha7.cz\/wp-content\/uploads\/2022\/12\/QR-kod_SOS-konto.png 427w, https:\/\/www.praha7.cz\/wp-content\/uploads\/2022\/12\/QR-kod_SOS-konto-200x200.png 200w, https:\/\/www.praha7.cz\/wp-content\/uploads\/2022\/12\/QR-kod_SOS-konto-399x400.png 399w\" sizes=\"(max-width: 427px) 100vw, 427px\" \/><\/p>\r\n<p><strong>D\u011bkujeme v\u00e1m! Ka\u017ed\u00fd p\u0159\u00edsp\u011bvek m\u016f\u017ee pomoci.<\/strong><\/p>\r\n<p>Upozor\u0148ujeme d\u00e1rce, \u017ee \u00fa\u010det je transparentn\u00ed a\u00a0zasl\u00e1n\u00edm daru d\u00e1v\u00e1 z\u00e1rove\u0148 souhlas se zve\u0159ejn\u011bn\u00edm sv\u00fdch osobn\u00edch \u00fadaj\u016f.<\/p>\r\n<p>&nbsp;<\/p>","protected":false},"excerpt":{"rendered":"Praha&nbsp;7 v&nbsp;\u010dervnu 2020 spustila kampa\u0148 Solidarita od soused\u016f (SOS P7). V&nbsp;r\u00e1mci ve\u0159ejn\u00e9 sb\u00edrky m\u016f\u017ee ka\u017ed\u00fd p\u0159isp\u011bt na pomoc lidem, kte\u0159\u00ed se dostali do obt\u00ed\u017en\u00fdch \u017eivotn\u00edch situac\u00ed a&nbsp;pot\u0159ebuj\u00ed zajistit sv\u00e9 z\u00e1kladn\u00ed \u017eivotn\u00ed pot\u0159eby. P\u0159isp\u011bt do ve\u0159ejn\u00e9 sb\u00edrky lze prost\u0159ednictv\u00edm transparentn\u00edho \u00fa\u010dtu SOS P7: 000123-2000870339\/0800.\u00a0P\u0159isp\u011bn\u00edm na transparentn\u00ed \u00fa\u010det dojde k\u00a0pos\u00edlen\u00ed Humanitn\u00edho fondu M\u010c Praha&nbsp;7, p\u0159\u00edsp\u011bvky budou vyu\u017eity [&hellip;]","protected":false},"author":76,"featured_media":0,"parent":6029,"menu_order":0,"comment_status":"closed","ping_status":"closed","template":"","meta":[],"_links":{"self":[{"href":"https:\/\/www.praha7.cz\/api\/wp\/v2\/pages\/38773"}],"collection":[{"href":"https:\/\/www.praha7.cz\/api\/wp\/v2\/pages"}],"about":[{"href":"https:\/\/www.praha7.cz\/api\/wp\/v2\/types\/page"}],"author":[{"embeddable":true,"href":"https:\/\/www.praha7.cz\/api\/wp\/v2\/users\/76"}],"replies":[{"embeddable":true,"href":"https:\/\/www.praha7.cz\/api\/wp\/v2\/comments?post=38773"}],"version-history":[{"count":9,"href":"https:\/\/www.praha7.cz\/api\/wp\/v2\/pages\/38773\/revisions"}],"predecessor-version":[{"id":82978,"href":"https:\/\/www.praha7.cz\/api\/wp\/v2\/pages\/38773\/revisions\/82978"}],"up":[{"embeddable":true,"href":"https:\/\/www.praha7.cz\/api\/wp\/v2\/pages\/6029"}],"wp:attachment":[{"href":"https:\/\/www.praha7.cz\/api\/wp\/v2\/media?parent=38773"}],"curies":[{"name":"wp","href":"https:\/\/api.w.org\/{rel}","templated":true}]}}

Solidarita od sousedů

<p>Praha&nbsp;7 v&nbsp;červnu 2020 spustila kampaň Solidarita od sousedů (SOS P7). V&nbsp;rámci veřejné sbírky může každý přispět na pomoc lidem, kteří se dostali do obtížných životních situací a&nbsp;potřebují zajistit své základní životní potřeby.</p>
<p>Přispět do veřejné sbírky lze prostřednictvím transparentního účtu SOS P7: <strong>000123-2000870339/0800</strong>. Přispěním na transparentní účet dojde k posílení <a href="https://www.praha7.cz/temata/pomahame/fondy-solidarity/">Humanitního fondu MČ Praha&nbsp;7</a>, příspěvky budou využity na individuální pomoc občanům Prahy&nbsp;7 v&nbsp;souladu s pravidly fondu.</p>
<p>&nbsp;</p>
<h3><a href="https://www.csas.cz/cs/transparentni-ucty#/000123-2000870339/Mestska-cast-Praha-7">Transparentní účet – SOS P7</a>       </h3>
<h3><span style="color: #ff0000;">Číslo účtu: 000123-2000870339/0800</span></h3>
<p>Přispět můžete také prostřednictvím platby skrze QR kód:</p>
<p><img loading="lazy" src="https://www.praha7.cz/wp-content/uploads/2022/12/QR-kod_SOS-konto.png" alt="" width="427" height="428" class="alignnone size-full wp-image-62946" srcset="https://www.praha7.cz/wp-content/uploads/2022/12/QR-kod_SOS-konto.png 427w, https://www.praha7.cz/wp-content/uploads/2022/12/QR-kod_SOS-konto-200x200.png 200w, https://www.praha7.cz/wp-content/uploads/2022/12/QR-kod_SOS-konto-399x400.png 399w" sizes="(max-width: 427px) 100vw, 427px" /></p>
<p><strong>Děkujeme vám! Každý příspěvek může pomoci.</strong></p>
<p>Upozorňujeme dárce, že účet je transparentní a zasláním daru dává zároveň souhlas se zveřejněním svých osobních údajů.</p>
<p>&nbsp;</p>

Praha&nbsp;7 v&nbsp;červnu 2020 spustila kampaň Solidarita od sousedů (SOS P7). V&nbsp;rámci veřejné sbírky může každý přispět na pomoc lidem, kteří se dostali do obtížných životních situací a&nbsp;potřebují zajistit své základní životní potřeby. Přispět do veřejné sbírky lze prostřednictvím transparentního účtu SOS P7: 000123-2000870339/0800. Přispěním na transparentní účet dojde k posílení Humanitního fondu MČ Praha&nbsp;7, příspěvky budou využity [&hellip;]
