    
{"id":3187,"date":"2017-08-17T20:02:14","date_gmt":"2017-08-17T18:02:14","guid":{"rendered":"https:\/\/praha7.cz\/?page_id=3187"},"modified":"2017-11-13T08:14:33","modified_gmt":"2017-11-13T07:14:33","slug":"pestounska-pece","status":"publish","type":"page","link":"https:\/\/www.praha7.cz\/potrebuji-zaridit\/socialni-oblast\/rodiny-a-deti\/socialne-pravni-ochrana-deti\/pestounska-pece\/","title":{"rendered":"P\u011bstounsk\u00e1 p\u00e9\u010de"},"content":{"rendered":"<p>[perex]<\/p>\r\n<p>Pokud si chcete p\u0159isvojit d\u00edt\u011b nebo po\u017e\u00e1dat o&nbsp;sv\u011b\u0159en\u00ed do p\u011bstounsk\u00e9 p\u00e9\u010de, podejte \u017e\u00e1dost na odd\u011blen\u00ed soci\u00e1ln\u011b-pr\u00e1vn\u00ed ochrany d\u011bt\u00ed podle trval\u00e9ho bydli\u0161t\u011b \u017eadatel\u016f. Zde soci\u00e1ln\u00ed pracovn\u00edk n\u00e1hradn\u00ed rodinn\u00e9 p\u00e9\u010de (d\u00e1le NRP) vyd\u00e1, p\u0159\u00edpadn\u011b p\u0159\u00edjme \u017e\u00e1dost, vysv\u011btl\u00ed zp\u016fsob zprost\u0159edkov\u00e1n\u00ed a&nbsp;pod\u00e1 ve\u0161ker\u00e9 informace o&nbsp;t\u00e9to problematice.<\/p>\r\n<p>[\/perex]<\/p>\r\n<h2>Kde<\/h2>\r\n<div class=\"shortcode-container container-fluid no-bottom-padding division-detail  \"> \n    <div class=\"row\">\n\t\t <div class=\"row div-dept\">\n            <div class=\"col-xs-12 col-md-12 contact-info\">\n                <h4>Kontakt<\/h4>\n                <span>\n                    \u00da\u0159ad m\u011bstsk\u00e9 \u010d\u00e1sti Praha 7\n                <\/span><br>\n                <span>\n                    Odbor soci\u00e1ln\u00edch v\u011bc\u00ed - OSPOD\n                <\/span><br>\n                    <span>\n                        U Pr\u016fhonu 1338\/38\n                    <\/span><br>\n                    <span>\n                        Praha 7\n                    <\/span><br>\n                \n                \n            <\/div>\n        <\/div>\n    <\/div>\n<\/div>\r\n\n<div class=\"shortcode-container no-bottom-padding  \">    \n\t<div class=\"row\">\n\t\t<div class=\"col-xs-12 col-md-7\">\n\t\t\t<h3><\/h3>\n\t\t<\/div>\n\t<\/div>\n\t<div class=\"row\">\n\t\t<div class=\"col-xs-12 col-md-12 office_hours_info\">\n\t\t\t\n\t\t<\/div>\t\n\t<\/div>\n<\/div>\r\n<div class=\"shortcode-container container-fluid no-bottom-padding \">\n\t<div class=\"row shortcode-row no-bottom-border\">\n\t\t <div class=\"row contact-item\">\n\t\t\t<div class=\"col-xs-8 col-md-7 contact-info\">\n\t\t\t\t<h3>Kop\u0159ivov\u00e1 Kon\u00ed\u010dkov\u00e1 Vlasta<\/h3>\n\t\t\t\t<span>vedouc\u00ed odd\u011blen\u00ed<\/span><br>\n\t\t\t\t<span>dve\u0159e 2.03<\/span><br>\n\t\t\t\t<span>tel. <a>+420220144186<\/a><\/span><br>\n                <span>gsm. <a href=\"tel:+420732667080\">+420732667080<\/a><\/span><br>\n\t\t\t\t<a href=\"mailto:konickovav@praha7.cz\">konickovav@praha7.cz<\/a><br>\n\t\t\t<\/div>\n\t\t<\/div>\n\t<\/div>\n<\/div>\r\n<p>&nbsp;<\/p>\r\n<p><strong>Co mus\u00edm p\u0159edlo\u017eit<\/strong><\/p>\r\n<ul>\r\n\t<li>\u00a0vypln\u011bn\u00e9 dotazn\u00edky (k&nbsp;vyzvednut\u00ed u&nbsp;pracovnic odd\u011blen\u00ed soci\u00e1ln\u011b-pr\u00e1vn\u00ed ochrany d\u011bt\u00ed)<\/li>\r\n\t<li>\u00a0ob\u010dansk\u00fd pr\u016fkaz<\/li>\r\n\t<li>\u00a0rodn\u00fd list<\/li>\r\n\t<li>\u00a0oddac\u00ed list<\/li>\r\n\t<li>\u00a0fotografie<\/li>\r\n\t<li>\u00a0v\u00fdpis ze zdravotn\u00ed dokumentace<\/li>\r\n\t<li>\u00a0zpr\u00e1vu o&nbsp;zdravotn\u00edm stavu na p\u0159edepsan\u00e9m formul\u00e1\u0159i (bude vyd\u00e1n na \u00fa\u0159ad\u011b)<\/li>\r\n\t<li>\u00a0\u00fadaje o&nbsp;ekonomick\u00fdch pom\u011brech<\/li>\r\n<\/ul>\r\n<p><br \/>\r\n Pracovnice z&nbsp;odd\u011blen\u00ed soci\u00e1ln\u011b-pr\u00e1vn\u00ed ochrany d\u011bt\u00ed zajist\u00ed soci\u00e1ln\u00ed \u0161et\u0159en\u00ed v&nbsp;m\u00edst\u011b va\u0161eho bydli\u0161t\u011b, pohovor s&nbsp;v\u00e1mi, opis z&nbsp;rejst\u0159\u00edku trest\u016f. Po zkompletov\u00e1n\u00ed uveden\u00fdch doklad\u016f pracovnice za\u0161le kopie ve\u0161ker\u00e9 dokumentace p\u0159\u00edslu\u0161n\u00e9mu krajsk\u00e9mu \u00fa\u0159adu k&nbsp;odborn\u00e9mu posouzen\u00ed a&nbsp;zaji\u0161t\u011bn\u00ed odborn\u00e9 p\u0159\u00edpravy pot\u0159ebn\u00e9 pro p\u0159ijet\u00ed d\u00edt\u011bte do rodiny a&nbsp;vlastn\u00edmu zprost\u0159edkov\u00e1n\u00ed n\u00e1hradn\u00ed rodinn\u00e9 p\u00e9\u010de (&#8222;NRP&#8220;). \u017d\u00e1dost lze v&nbsp;pr\u016fb\u011bhu vy\u0159izov\u00e1n\u00ed i&nbsp;po schv\u00e1len\u00ed podle va\u0161\u00ed aktu\u00e1ln\u00ed pot\u0159eby p\u0159eru\u0161it, nebo zcela zru\u0161it. V\u00fd\u0161e uveden\u00e9 doklady p\u0159edkl\u00e1daj\u00ed jak \u017eadatel\u00e9 o&nbsp;osvojen\u00ed d\u00edt\u011bte, tak \u017eadatel\u00e9 o&nbsp;p\u011bstounskou p\u00e9\u010di i&nbsp;\u017eadatel\u00e9 o&nbsp;p\u011bstounskou p\u00e9\u010di na p\u0159echodnou dobu.<\/p>\r\n<p>&nbsp;<\/p>","protected":false},"excerpt":{"rendered":"[perex] Pokud si chcete p\u0159isvojit d\u00edt\u011b nebo po\u017e\u00e1dat o&nbsp;sv\u011b\u0159en\u00ed do p\u011bstounsk\u00e9 p\u00e9\u010de, podejte \u017e\u00e1dost na odd\u011blen\u00ed soci\u00e1ln\u011b-pr\u00e1vn\u00ed ochrany d\u011bt\u00ed podle trval\u00e9ho bydli\u0161t\u011b \u017eadatel\u016f. Zde soci\u00e1ln\u00ed pracovn\u00edk n\u00e1hradn\u00ed rodinn\u00e9 p\u00e9\u010de (d\u00e1le NRP) vyd\u00e1, p\u0159\u00edpadn\u011b p\u0159\u00edjme \u017e\u00e1dost, vysv\u011btl\u00ed zp\u016fsob zprost\u0159edkov\u00e1n\u00ed a&nbsp;pod\u00e1 ve\u0161ker\u00e9 informace o&nbsp;t\u00e9to problematice. [\/perex] Kde &nbsp; Co mus\u00edm p\u0159edlo\u017eit \u00a0vypln\u011bn\u00e9 dotazn\u00edky (k&nbsp;vyzvednut\u00ed u&nbsp;pracovnic odd\u011blen\u00ed soci\u00e1ln\u011b-pr\u00e1vn\u00ed [&hellip;]","protected":false},"author":2,"featured_media":0,"parent":3165,"menu_order":0,"comment_status":"closed","ping_status":"closed","template":"","meta":[],"_links":{"self":[{"href":"https:\/\/www.praha7.cz\/api\/wp\/v2\/pages\/3187"}],"collection":[{"href":"https:\/\/www.praha7.cz\/api\/wp\/v2\/pages"}],"about":[{"href":"https:\/\/www.praha7.cz\/api\/wp\/v2\/types\/page"}],"author":[{"embeddable":true,"href":"https:\/\/www.praha7.cz\/api\/wp\/v2\/users\/2"}],"replies":[{"embeddable":true,"href":"https:\/\/www.praha7.cz\/api\/wp\/v2\/comments?post=3187"}],"version-history":[{"count":6,"href":"https:\/\/www.praha7.cz\/api\/wp\/v2\/pages\/3187\/revisions"}],"predecessor-version":[{"id":9257,"href":"https:\/\/www.praha7.cz\/api\/wp\/v2\/pages\/3187\/revisions\/9257"}],"up":[{"embeddable":true,"href":"https:\/\/www.praha7.cz\/api\/wp\/v2\/pages\/3165"}],"wp:attachment":[{"href":"https:\/\/www.praha7.cz\/api\/wp\/v2\/media?parent=3187"}],"curies":[{"name":"wp","href":"https:\/\/api.w.org\/{rel}","templated":true}]}}

Pěstounská péče

<p>[perex]</p>
<p>Pokud si chcete přisvojit dítě nebo požádat o&nbsp;svěření do pěstounské péče, podejte žádost na oddělení sociálně-právní ochrany dětí podle trvalého bydliště žadatelů. Zde sociální pracovník náhradní rodinné péče (dále NRP) vydá, případně příjme žádost, vysvětlí způsob zprostředkování a&nbsp;podá veškeré informace o&nbsp;této problematice.</p>
<p>[/perex]</p>
<h2>Kde</h2>
<div class="shortcode-container container-fluid no-bottom-padding division-detail  "> 
    <div class="row">
		 <div class="row div-dept">
            <div class="col-xs-12 col-md-12 contact-info">
                <h4>Kontakt</h4>
                <span>
                    Úřad městské části Praha 7
                </span><br>
                <span>
                    Odbor sociálních věcí - OSPOD
                </span><br>
                    <span>
                        U Průhonu 1338/38
                    </span><br>
                    <span>
                        Praha 7
                    </span><br>
                
                
            </div>
        </div>
    </div>
</div>

<div class="shortcode-container no-bottom-padding  ">    
	<div class="row">
		<div class="col-xs-12 col-md-7">
			<h3></h3>
		</div>
	</div>
	<div class="row">
		<div class="col-xs-12 col-md-12 office_hours_info">
			
		</div>	
	</div>
</div>
<div class="shortcode-container container-fluid no-bottom-padding ">
	<div class="row shortcode-row no-bottom-border">
		 <div class="row contact-item">
			<div class="col-xs-8 col-md-7 contact-info">
				<h3>Kopřivová Koníčková Vlasta</h3>
				<span>vedoucí oddělení</span><br>
				<span>dveře 2.03</span><br>
				<span>tel. <a>+420220144186</a></span><br>
                <span>gsm. <a href="tel:+420732667080">+420732667080</a></span><br>
				<a href="mailto:konickovav@praha7.cz">konickovav@praha7.cz</a><br>
			</div>
		</div>
	</div>
</div>
<p>&nbsp;</p>
<p><strong>Co musím předložit</strong></p>
<ul>
	<li> vyplněné dotazníky (k&nbsp;vyzvednutí u&nbsp;pracovnic oddělení sociálně-právní ochrany dětí)</li>
	<li> občanský průkaz</li>
	<li> rodný list</li>
	<li> oddací list</li>
	<li> fotografie</li>
	<li> výpis ze zdravotní dokumentace</li>
	<li> zprávu o&nbsp;zdravotním stavu na předepsaném formuláři (bude vydán na úřadě)</li>
	<li> údaje o&nbsp;ekonomických poměrech</li>
</ul>
<p><br />
 Pracovnice z&nbsp;oddělení sociálně-právní ochrany dětí zajistí sociální šetření v&nbsp;místě vašeho bydliště, pohovor s&nbsp;vámi, opis z&nbsp;rejstříku trestů. Po zkompletování uvedených dokladů pracovnice zašle kopie veškeré dokumentace příslušnému krajskému úřadu k&nbsp;odbornému posouzení a&nbsp;zajištění odborné přípravy potřebné pro přijetí dítěte do rodiny a&nbsp;vlastnímu zprostředkování náhradní rodinné péče (&#8222;NRP&#8220;). Žádost lze v&nbsp;průběhu vyřizování i&nbsp;po schválení podle vaší aktuální potřeby přerušit, nebo zcela zrušit. Výše uvedené doklady předkládají jak žadatelé o&nbsp;osvojení dítěte, tak žadatelé o&nbsp;pěstounskou péči i&nbsp;žadatelé o&nbsp;pěstounskou péči na přechodnou dobu.</p>
<p>&nbsp;</p>

[perex] Pokud si chcete přisvojit dítě nebo požádat o&nbsp;svěření do pěstounské péče, podejte žádost na oddělení sociálně-právní ochrany dětí podle trvalého bydliště žadatelů. Zde sociální pracovník náhradní rodinné péče (dále NRP) vydá, případně příjme žádost, vysvětlí způsob zprostředkování a&nbsp;podá veškeré informace o&nbsp;této problematice. [/perex] Kde &nbsp; Co musím předložit  vyplněné dotazníky (k&nbsp;vyzvednutí u&nbsp;pracovnic oddělení sociálně-právní [&hellip;]
