    
{"id":30794,"date":"2019-10-30T15:56:28","date_gmt":"2019-10-30T14:56:28","guid":{"rendered":"https:\/\/www.praha7.cz\/?page_id=30794"},"modified":"2025-10-13T15:40:30","modified_gmt":"2025-10-13T13:40:30","slug":"vanocni-provoz-materskych-skol","status":"publish","type":"page","link":"https:\/\/www.praha7.cz\/potrebuji-zaridit\/skolstvi\/materske-skoly\/vanocni-provoz-materskych-skol\/","title":{"rendered":"V\u00e1no\u010dn\u00ed provoz mate\u0159sk\u00fdch \u0161kol z\u0159\u00edzen\u00fdch M\u010c Praha&nbsp;7"},"content":{"rendered":"<p>V obdob\u00ed v\u00e1no\u010dn\u00edch pr\u00e1zdnin od 22.&nbsp;12.&nbsp;2025 budou v\u0161echny M\u0160 z\u0159izovan\u00e9 m\u011bstskou \u010d\u00e1st\u00ed Praha&nbsp;7 v\u010detn\u011b v\u0161ech deta\u0161ovan\u00fdch pracovi\u0161\u0165 uzav\u0159eny. Provoz \u0161kolek bude zah\u00e1jen od pond\u011bl\u00ed 5.&nbsp;1.&nbsp;2026.<\/p>\r\n<p>Ve\u0161ker\u00e9 informace naleznete na jednotliv\u00fdch webov\u00fdch str\u00e1nk\u00e1ch M\u0160: <a href=\"https:\/\/www.praha7.cz\/potrebuji-zaridit\/skolstvi\/materske-skoly\/prehled-materskych-skol\/\" target=\"_blank\" rel=\"noopener\">www.praha7.cz\/prehled-materskych-skol\/<\/a><\/p>","protected":false},"excerpt":{"rendered":"V obdob\u00ed v\u00e1no\u010dn\u00edch pr\u00e1zdnin od 22.&nbsp;12.&nbsp;2025 budou v\u0161echny M\u0160 z\u0159izovan\u00e9 m\u011bstskou \u010d\u00e1st\u00ed Praha&nbsp;7 v\u010detn\u011b v\u0161ech deta\u0161ovan\u00fdch pracovi\u0161\u0165 uzav\u0159eny. Provoz \u0161kolek bude zah\u00e1jen od pond\u011bl\u00ed 5.&nbsp;1.&nbsp;2026. Ve\u0161ker\u00e9 informace naleznete na jednotliv\u00fdch webov\u00fdch str\u00e1nk\u00e1ch M\u0160: www.praha7.cz\/prehled-materskych-skol\/","protected":false},"author":76,"featured_media":0,"parent":2161,"menu_order":0,"comment_status":"closed","ping_status":"closed","template":"","meta":[],"_links":{"self":[{"href":"https:\/\/www.praha7.cz\/api\/wp\/v2\/pages\/30794"}],"collection":[{"href":"https:\/\/www.praha7.cz\/api\/wp\/v2\/pages"}],"about":[{"href":"https:\/\/www.praha7.cz\/api\/wp\/v2\/types\/page"}],"author":[{"embeddable":true,"href":"https:\/\/www.praha7.cz\/api\/wp\/v2\/users\/76"}],"replies":[{"embeddable":true,"href":"https:\/\/www.praha7.cz\/api\/wp\/v2\/comments?post=30794"}],"version-history":[{"count":15,"href":"https:\/\/www.praha7.cz\/api\/wp\/v2\/pages\/30794\/revisions"}],"predecessor-version":[{"id":87288,"href":"https:\/\/www.praha7.cz\/api\/wp\/v2\/pages\/30794\/revisions\/87288"}],"up":[{"embeddable":true,"href":"https:\/\/www.praha7.cz\/api\/wp\/v2\/pages\/2161"}],"wp:attachment":[{"href":"https:\/\/www.praha7.cz\/api\/wp\/v2\/media?parent=30794"}],"curies":[{"name":"wp","href":"https:\/\/api.w.org\/{rel}","templated":true}]}}

Vánoční provoz mateřských škol zřízených MČ Praha&nbsp;7

<p>V období vánočních prázdnin od 22.&nbsp;12.&nbsp;2025 budou všechny MŠ zřizované městskou částí Praha&nbsp;7 včetně všech detašovaných pracovišť uzavřeny. Provoz školek bude zahájen od pondělí 5.&nbsp;1.&nbsp;2026.</p>
<p>Veškeré informace naleznete na jednotlivých webových stránkách MŠ: <a href="https://www.praha7.cz/potrebuji-zaridit/skolstvi/materske-skoly/prehled-materskych-skol/" target="_blank" rel="noopener">www.praha7.cz/prehled-materskych-skol/</a></p>

V období vánočních prázdnin od 22.&nbsp;12.&nbsp;2025 budou všechny MŠ zřizované městskou částí Praha&nbsp;7 včetně všech detašovaných pracovišť uzavřeny. Provoz školek bude zahájen od pondělí 5.&nbsp;1.&nbsp;2026. Veškeré informace naleznete na jednotlivých webových stránkách MŠ: www.praha7.cz/prehled-materskych-skol/
