    
{"id":294,"date":"2017-06-23T07:22:09","date_gmt":"2017-06-23T05:22:09","guid":{"rendered":"https:\/\/praha7.cz\/?page_id=294"},"modified":"2018-05-25T09:10:47","modified_gmt":"2018-05-25T07:10:47","slug":"v-zahranici","status":"publish","type":"page","link":"https:\/\/www.praha7.cz\/potrebuji-zaridit\/doklady\/obcansky-prukaz\/ztrata-kradez-nebo-poskozeni\/v-zahranici\/","title":{"rendered":"Ztr\u00e1ta, kr\u00e1de\u017e nebo po\u0161kozen\u00ed ob\u010dansk\u00e9ho pr\u016fkazu v&nbsp;zahrani\u010d\u00ed"},"content":{"rendered":"<p>[perex]<\/p>\r\n<p>P\u0159i ztr\u00e1t\u011b, kr\u00e1de\u017ei, po\u0161kozen\u00ed \u010di zni\u010den\u00ed ob\u010dansk\u00e9ho pr\u016fkazu v&nbsp;zahrani\u010d\u00ed je nutn\u00e9 obr\u00e1tit se na tamn\u00ed policii, kter\u00e1 o&nbsp;tom vyd\u00e1 potvrzen\u00ed. N\u00e1sledn\u011b mus\u00edte tuto skute\u010dnost ozn\u00e1mit zastupitelsk\u00e9mu \u00fa\u0159adu \u010cesk\u00e9 republiky. V&nbsp;p\u0159\u00edpad\u011b, \u017ee nal\u00e9hav\u011b pot\u0159ebujete cestovn\u00ed doklad, po\u017e\u00e1d\u00e1te zastupitelsk\u00fd \u00fa\u0159ad o&nbsp;vystaven\u00ed cestovn\u00edho pr\u016fkazu (n\u00e1hradn\u00edho cestovn\u00edho dokladu).<\/p>\r\n<p>[\/perex]<\/p>\r\n<h2>Kde<\/h2>\r\n<p><a href=\"http:\/\/www.mzv.cz\/jnp\/cz\/o_ministerstvu\/adresar_diplomatickych_misi\/urady_ceske_republiky_v_zahranici.html\" target=\"_blank\" rel=\"noopener\">\u00da\u0159ady \u010cesk\u00e9 republiky v&nbsp;zahrani\u010d\u00ed<\/a><\/p>\r\n<p>Cestovn\u00ed pr\u016fkaz je cestovn\u00edm dokladem k&nbsp;jednotliv\u00e9 cest\u011b s&nbsp;\u00fazemn\u00ed a&nbsp;\u010dasovou platnost\u00ed omezenou \u00fa\u010delem cesty, zejm\u00e9na k&nbsp;n\u00e1vratu do \u010cesk\u00e9 republiky. Zastupitelsk\u00fd \u00fa\u0159ad sou\u010dasn\u011b vyd\u00e1 ob\u010danovi potvrzen\u00ed o&nbsp;ztr\u00e1t\u011b, odcizen\u00ed nebo zni\u010den\u00ed ob\u010dansk\u00e9ho pr\u016fkazu.<\/p>\r\n<p>Po n\u00e1vratu za\u017e\u00e1d\u00e1te o&nbsp;ob\u010dansk\u00fd pr\u016fkaz stejn\u00fdm zp\u016fsobem jako p\u0159i ztr\u00e1t\u011b, odcizen\u00ed, po\u0161kozen\u00ed nebo zni\u010den\u00ed pr\u016fkazu na \u00fazem\u00ed \u010cR.<\/p>","protected":false},"excerpt":{"rendered":"[perex] P\u0159i ztr\u00e1t\u011b, kr\u00e1de\u017ei, po\u0161kozen\u00ed \u010di zni\u010den\u00ed ob\u010dansk\u00e9ho pr\u016fkazu v&nbsp;zahrani\u010d\u00ed je nutn\u00e9 obr\u00e1tit se na tamn\u00ed policii, kter\u00e1 o&nbsp;tom vyd\u00e1 potvrzen\u00ed. N\u00e1sledn\u011b mus\u00edte tuto skute\u010dnost ozn\u00e1mit zastupitelsk\u00e9mu \u00fa\u0159adu \u010cesk\u00e9 republiky. V&nbsp;p\u0159\u00edpad\u011b, \u017ee nal\u00e9hav\u011b pot\u0159ebujete cestovn\u00ed doklad, po\u017e\u00e1d\u00e1te zastupitelsk\u00fd \u00fa\u0159ad o&nbsp;vystaven\u00ed cestovn\u00edho pr\u016fkazu (n\u00e1hradn\u00edho cestovn\u00edho dokladu). [\/perex] Kde \u00da\u0159ady \u010cesk\u00e9 republiky v&nbsp;zahrani\u010d\u00ed Cestovn\u00ed pr\u016fkaz je cestovn\u00edm [&hellip;]","protected":false},"author":2,"featured_media":0,"parent":240,"menu_order":0,"comment_status":"closed","ping_status":"closed","template":"","meta":[],"_links":{"self":[{"href":"https:\/\/www.praha7.cz\/api\/wp\/v2\/pages\/294"}],"collection":[{"href":"https:\/\/www.praha7.cz\/api\/wp\/v2\/pages"}],"about":[{"href":"https:\/\/www.praha7.cz\/api\/wp\/v2\/types\/page"}],"author":[{"embeddable":true,"href":"https:\/\/www.praha7.cz\/api\/wp\/v2\/users\/2"}],"replies":[{"embeddable":true,"href":"https:\/\/www.praha7.cz\/api\/wp\/v2\/comments?post=294"}],"version-history":[{"count":12,"href":"https:\/\/www.praha7.cz\/api\/wp\/v2\/pages\/294\/revisions"}],"predecessor-version":[{"id":16802,"href":"https:\/\/www.praha7.cz\/api\/wp\/v2\/pages\/294\/revisions\/16802"}],"up":[{"embeddable":true,"href":"https:\/\/www.praha7.cz\/api\/wp\/v2\/pages\/240"}],"wp:attachment":[{"href":"https:\/\/www.praha7.cz\/api\/wp\/v2\/media?parent=294"}],"curies":[{"name":"wp","href":"https:\/\/api.w.org\/{rel}","templated":true}]}}

Ztráta, krádež nebo poškození občanského průkazu v&nbsp;zahraničí

<p>[perex]</p>
<p>Při ztrátě, krádeži, poškození či zničení občanského průkazu v&nbsp;zahraničí je nutné obrátit se na tamní policii, která o&nbsp;tom vydá potvrzení. Následně musíte tuto skutečnost oznámit zastupitelskému úřadu České republiky. V&nbsp;případě, že naléhavě potřebujete cestovní doklad, požádáte zastupitelský úřad o&nbsp;vystavení cestovního průkazu (náhradního cestovního dokladu).</p>
<p>[/perex]</p>
<h2>Kde</h2>
<p><a href="http://www.mzv.cz/jnp/cz/o_ministerstvu/adresar_diplomatickych_misi/urady_ceske_republiky_v_zahranici.html" target="_blank" rel="noopener">Úřady České republiky v&nbsp;zahraničí</a></p>
<p>Cestovní průkaz je cestovním dokladem k&nbsp;jednotlivé cestě s&nbsp;územní a&nbsp;časovou platností omezenou účelem cesty, zejména k&nbsp;návratu do České republiky. Zastupitelský úřad současně vydá občanovi potvrzení o&nbsp;ztrátě, odcizení nebo zničení občanského průkazu.</p>
<p>Po návratu zažádáte o&nbsp;občanský průkaz stejným způsobem jako při ztrátě, odcizení, poškození nebo zničení průkazu na území ČR.</p>

[perex] Při ztrátě, krádeži, poškození či zničení občanského průkazu v&nbsp;zahraničí je nutné obrátit se na tamní policii, která o&nbsp;tom vydá potvrzení. Následně musíte tuto skutečnost oznámit zastupitelskému úřadu České republiky. V&nbsp;případě, že naléhavě potřebujete cestovní doklad, požádáte zastupitelský úřad o&nbsp;vystavení cestovního průkazu (náhradního cestovního dokladu). [/perex] Kde Úřady České republiky v&nbsp;zahraničí Cestovní průkaz je cestovním [&hellip;]
