    
{"id":26740,"date":"2019-05-29T16:07:30","date_gmt":"2019-05-29T14:07:30","guid":{"rendered":"https:\/\/www.praha7.cz\/?page_id=26740"},"modified":"2025-11-25T16:53:17","modified_gmt":"2025-11-25T15:53:17","slug":"vnitrobloky","status":"publish","type":"page","link":"https:\/\/www.praha7.cz\/potrebuji-zaridit\/planujte-sedmicku-s-nami\/vnitrobloky\/","title":{"rendered":"Vnitrobloky"},"content":{"rendered":"<p>[perex]<\/p>\r\n<p>V\u00a0m\u011bs\u00ed\u010dn\u00edku\u00a0<a href=\"https:\/\/www.praha7.cz\/hobulet\/archiv-hobuletu\/detail\/?id=48\">Hobuletu<\/a>\u00a0uve\u0159ejnila Praha&nbsp;7 dotazn\u00edk s\u00a0n\u00e1zvem Budoucnost vnitroblok\u016f. Stejn\u00fd dotazn\u00edk bylo mo\u017en\u00e9 vyplnit tak\u00e9 online na str\u00e1nk\u00e1ch m\u011bstsk\u00e9 \u010d\u00e1sti. C\u00edlem dotazn\u00edku bylo otev\u0159\u00edt t\u00e9ma vnitroblok\u016f v&nbsp;Praze 7 a&nbsp;zjistit, jak\u00fd je jejich stav pohledem jejich u\u017eivatel\u016f a&nbsp;hlavn\u011b jak\u00e9 jsou jejich p\u0159edstavy o&nbsp;tom, jak by m\u011bl vnitroblok obecn\u011b vypadat a&nbsp;k\u00a0\u010demu by m\u011bl slou\u017eit. V\u00fdsledky dotazn\u00edku naleznete <a href=\"https:\/\/www.praha7.cz\/potrebuji-zaridit\/planujte-sedmicku-s-nami\/vnitrobloky\/budoucnost-vnitrobloku-vysledky-dotazniku\/\">zde<\/a>.\u00a0<\/p>\r\n<p>[\/perex]<\/p>\r\n<p>T\u00e9ma vnitroblok\u016f budeme d\u00e1le rozv\u00edjet. Zam\u011b\u0159\u00edme se na n\u011b ze dvou r\u016fzn\u00fdch pohled\u016f:<\/p>\r\n<p>Vnitrobloky jsou jedno z\u00a0m\u00e1la p\u0159ev\u00e1\u017en\u011b soukrom\u00fdch \u010di polosoukrom\u00fdch dosud z\u00a0velk\u00e9 \u010d\u00e1sti nezastav\u011bn\u00fdch venkovn\u00edch m\u00edst v\u00a0centru m\u011bsta, kter\u00e9 se st\u00e1v\u00e1 p\u0159edm\u011btem z\u00e1jmu mnoha investor\u016f jako potencion\u00e1ln\u00ed stavebn\u00ed pozemek.<br \/>\r\n<br \/>\r\n<strong>M\u011bstsk\u00e1 \u010d\u00e1st p\u0159ipravuje jednotn\u00e1 pravidla<\/strong>, podle kter\u00fdch bude v&nbsp;r\u00e1mci \u00fazemn\u00edch \u0159\u00edzen\u00ed t\u00fdkaj\u00edc\u00edch z\u00e1m\u011br\u016f ve vnitrobloc\u00edch jako\u017eto \u00fa\u010dastn\u00edk \u0159\u00edzen\u00ed postupovat. Pravidla budou slou\u017eit pro investory jako transparentn\u00ed a&nbsp;jednozna\u010dn\u00fd p\u0159\u00edstup m\u011bstsk\u00e9 \u010d\u00e1sti a&nbsp;budou vych\u00e1zet jak z&nbsp;odborn\u00fdch materi\u00e1l\u016f a&nbsp;metodik org\u00e1n\u016f pam\u00e1tkov\u00e9 p\u00e9\u010de a&nbsp;sou\u010dasn\u00e9 legislativy, tak i&nbsp;v\u00fdstup\u016f z\u00a0v\u00fd\u0161e uveden\u00e9ho dotazn\u00edku. Jedn\u00edm z\u00a0c\u00edl\u016f pravidel bude omezit v\u00fdstavbu ve vnitrobloc\u00edch (v\u00edce ne\u017e 80% odpov\u011bd\u00ed z\u00a0dotazn\u00edku s\u00a0novou v\u00fdstavbou ve vnitrobloku nesouhlas\u00ed), s\u00a0po\u017eadavkem na obnoven\u00ed rostl\u00e9ho ter\u00e9nu v&nbsp;maxim\u00e1ln\u00ed mo\u017en\u00e9 m\u00ed\u0159e a&nbsp;podporou zlep\u0161en\u00ed reten\u010dn\u00edch schopnost\u00ed ploch.\u00a0<\/p>\r\n<p>Druh\u00fdm pohledem na t\u00e9ma vnitroblok\u016f je <strong>hled\u00e1n\u00ed mo\u017enost\u00ed, jak aktu\u00e1ln\u00ed stav vnitroblok\u016f zlep\u0161it<\/strong> (86% respondent\u016f dotazn\u00edku uvedlo, \u017ee stav vnitrobloku nen\u00ed takov\u00fd, jak\u00fd by si p\u0159edstavovali). Z\u00a0toho d\u016fvodu pl\u00e1nuje m\u011bstsk\u00e1 \u010d\u00e1st aktivn\u011b podporovat p\u0159em\u011bnu vnitroblok\u016f na rekrea\u010dn\u00ed a&nbsp;parkov\u00e9 plochy, bude pom\u00e1hat s&nbsp;koordinac\u00ed vlastn\u00edk\u016f pozemk\u016f ve vnitrobloc\u00edch za \u00fa\u010delem scelov\u00e1n\u00ed t\u011bchto pozemk\u016f, podporovat ozele\u0148ov\u00e1n\u00ed a&nbsp;zlep\u0161ov\u00e1n\u00ed vsakovac\u00edch pom\u011br\u016f povrch\u016f ve vnitrobloc\u00edch a&nbsp;participovat toto t\u00e9ma s&nbsp;ob\u010dany. <br \/>\r\n<br \/>\r\nD\u00e1le pak bude usilovat v&nbsp;n\u011bkolika konkr\u00e9tn\u00edch vnitrobloc\u00edch tuto v\u00fd\u0161e uvedenou formu p\u0159em\u011bny navrhnout a&nbsp;ve spolupr\u00e1ci s&nbsp;vlastn\u00edky tak\u00e9 realizovat. Jako p\u0159\u00edklad uv\u00e1d\u00edme revitalizaci vnitrobloku Pe\u010dovatelsk\u00e9ho centra Prahy&nbsp;7 v&nbsp;ul. Kamenick\u00e1, jeho\u017e zpracov\u00e1n\u00ed bylo zad\u00e1no spolku Bieno. V&nbsp;tuto chv\u00edli prob\u00edhaj\u00ed jedn\u00e1n\u00ed s&nbsp;vlastn\u00edky a&nbsp;p\u0159\u00edprava n\u00e1vrhu. (<a href=\"https:\/\/www.vnitrobloky.cz\/kamenicka\">www.vnitrobloky.cz\/kamenicka<\/a>)<\/p>\r\n<p>&nbsp;<\/p>\r\n\n    <div class=\"container-fluid guidelist text-center\">\n        <div class=\"row\">\n            <div class=\"col-xs-12 col-md-6 guidelist-container\">\n                <a href=\"https:\/\/www.praha7.cz\/potrebuji-zaridit\/planujte-sedmicku-s-nami\/vnitroblok-u-uranie\/\" class=\"btn btn-block\">Vnitroblok U&nbsp;Uranie<\/a>\n            <\/div>\n        <\/div>\n    <\/div>\n\n\r\n<p>&nbsp;<\/p>","protected":false},"excerpt":{"rendered":"[perex] V\u00a0m\u011bs\u00ed\u010dn\u00edku\u00a0Hobuletu\u00a0uve\u0159ejnila Praha&nbsp;7 dotazn\u00edk s\u00a0n\u00e1zvem Budoucnost vnitroblok\u016f. Stejn\u00fd dotazn\u00edk bylo mo\u017en\u00e9 vyplnit tak\u00e9 online na str\u00e1nk\u00e1ch m\u011bstsk\u00e9 \u010d\u00e1sti. C\u00edlem dotazn\u00edku bylo otev\u0159\u00edt t\u00e9ma vnitroblok\u016f v&nbsp;Praze 7 a&nbsp;zjistit, jak\u00fd je jejich stav pohledem jejich u\u017eivatel\u016f a&nbsp;hlavn\u011b jak\u00e9 jsou jejich p\u0159edstavy o&nbsp;tom, jak by m\u011bl vnitroblok obecn\u011b vypadat a&nbsp;k\u00a0\u010demu by m\u011bl slou\u017eit. V\u00fdsledky dotazn\u00edku naleznete zde.\u00a0 [\/perex] [&hellip;]","protected":false},"author":76,"featured_media":0,"parent":37223,"menu_order":5,"comment_status":"closed","ping_status":"closed","template":"","meta":[],"_links":{"self":[{"href":"https:\/\/www.praha7.cz\/api\/wp\/v2\/pages\/26740"}],"collection":[{"href":"https:\/\/www.praha7.cz\/api\/wp\/v2\/pages"}],"about":[{"href":"https:\/\/www.praha7.cz\/api\/wp\/v2\/types\/page"}],"author":[{"embeddable":true,"href":"https:\/\/www.praha7.cz\/api\/wp\/v2\/users\/76"}],"replies":[{"embeddable":true,"href":"https:\/\/www.praha7.cz\/api\/wp\/v2\/comments?post=26740"}],"version-history":[{"count":17,"href":"https:\/\/www.praha7.cz\/api\/wp\/v2\/pages\/26740\/revisions"}],"predecessor-version":[{"id":88144,"href":"https:\/\/www.praha7.cz\/api\/wp\/v2\/pages\/26740\/revisions\/88144"}],"up":[{"embeddable":true,"href":"https:\/\/www.praha7.cz\/api\/wp\/v2\/pages\/37223"}],"wp:attachment":[{"href":"https:\/\/www.praha7.cz\/api\/wp\/v2\/media?parent=26740"}],"curies":[{"name":"wp","href":"https:\/\/api.w.org\/{rel}","templated":true}]}}

<p>[perex]</p>
<p>V měsíčníku <a href="https://www.praha7.cz/hobulet/archiv-hobuletu/detail/?id=48">Hobuletu</a> uveřejnila Praha&nbsp;7 dotazník s názvem Budoucnost vnitrobloků. Stejný dotazník bylo možné vyplnit také online na stránkách městské části. Cílem dotazníku bylo otevřít téma vnitrobloků v&nbsp;Praze 7 a&nbsp;zjistit, jaký je jejich stav pohledem jejich uživatelů a&nbsp;hlavně jaké jsou jejich představy o&nbsp;tom, jak by měl vnitroblok obecně vypadat a&nbsp;k čemu by měl sloužit. Výsledky dotazníku naleznete <a href="https://www.praha7.cz/potrebuji-zaridit/planujte-sedmicku-s-nami/vnitrobloky/budoucnost-vnitrobloku-vysledky-dotazniku/">zde</a>. </p>
<p>[/perex]</p>
<p>Téma vnitrobloků budeme dále rozvíjet. Zaměříme se na ně ze dvou různých pohledů:</p>
<p>Vnitrobloky jsou jedno z mála převážně soukromých či polosoukromých dosud z velké části nezastavěných venkovních míst v centru města, které se stává předmětem zájmu mnoha investorů jako potencionální stavební pozemek.<br />
<br />
<strong>Městská část připravuje jednotná pravidla</strong>, podle kterých bude v&nbsp;rámci územních řízení týkajících záměrů ve vnitroblocích jakožto účastník řízení postupovat. Pravidla budou sloužit pro investory jako transparentní a&nbsp;jednoznačný přístup městské části a&nbsp;budou vycházet jak z&nbsp;odborných materiálů a&nbsp;metodik orgánů památkové péče a&nbsp;současné legislativy, tak i&nbsp;výstupů z výše uvedeného dotazníku. Jedním z cílů pravidel bude omezit výstavbu ve vnitroblocích (více než 80% odpovědí z dotazníku s novou výstavbou ve vnitrobloku nesouhlasí), s požadavkem na obnovení rostlého terénu v&nbsp;maximální možné míře a&nbsp;podporou zlepšení retenčních schopností ploch. </p>
<p>Druhým pohledem na téma vnitrobloků je <strong>hledání možností, jak aktuální stav vnitrobloků zlepšit</strong> (86% respondentů dotazníku uvedlo, že stav vnitrobloku není takový, jaký by si představovali). Z toho důvodu plánuje městská část aktivně podporovat přeměnu vnitrobloků na rekreační a&nbsp;parkové plochy, bude pomáhat s&nbsp;koordinací vlastníků pozemků ve vnitroblocích za účelem scelování těchto pozemků, podporovat ozeleňování a&nbsp;zlepšování vsakovacích poměrů povrchů ve vnitroblocích a&nbsp;participovat toto téma s&nbsp;občany. <br />
<br />
Dále pak bude usilovat v&nbsp;několika konkrétních vnitroblocích tuto výše uvedenou formu přeměny navrhnout a&nbsp;ve spolupráci s&nbsp;vlastníky také realizovat. Jako příklad uvádíme revitalizaci vnitrobloku Pečovatelského centra Prahy&nbsp;7 v&nbsp;ul. Kamenická, jehož zpracování bylo zadáno spolku Bieno. V&nbsp;tuto chvíli probíhají jednání s&nbsp;vlastníky a&nbsp;příprava návrhu. (<a href="https://www.vnitrobloky.cz/kamenicka">www.vnitrobloky.cz/kamenicka</a>)</p>
<p>&nbsp;</p>

    <div class="container-fluid guidelist text-center">
        <div class="row">
            <div class="col-xs-12 col-md-6 guidelist-container">
                <a href="https://www.praha7.cz/potrebuji-zaridit/planujte-sedmicku-s-nami/vnitroblok-u-uranie/" class="btn btn-block">Vnitroblok U&nbsp;Uranie</a>
            </div>
        </div>
    </div>


<p>&nbsp;</p>

[perex] V měsíčníku Hobuletu uveřejnila Praha&nbsp;7 dotazník s názvem Budoucnost vnitrobloků. Stejný dotazník bylo možné vyplnit také online na stránkách městské části. Cílem dotazníku bylo otevřít téma vnitrobloků v&nbsp;Praze 7 a&nbsp;zjistit, jaký je jejich stav pohledem jejich uživatelů a&nbsp;hlavně jaké jsou jejich představy o&nbsp;tom, jak by měl vnitroblok obecně vypadat a&nbsp;k čemu by měl sloužit. Výsledky dotazníku naleznete zde.  [/perex] [&hellip;]
