    
{"id":2569,"date":"2017-08-16T14:18:57","date_gmt":"2017-08-16T12:18:57","guid":{"rendered":"https:\/\/praha7.cz\/?page_id=2569"},"modified":"2024-11-27T11:42:44","modified_gmt":"2024-11-27T10:42:44","slug":"mestska-policie","status":"publish","type":"page","link":"https:\/\/www.praha7.cz\/temata\/bezpecnost\/mestska-policie\/","title":{"rendered":"M\u011bstsk\u00e1 policie"},"content":{"rendered":"<p>M\u011bstsk\u00e1 policie hl. m. Prahy p\u016fsob\u00ed na \u00fazem\u00ed hlavn\u00edho m\u011bsta od 11.&nbsp;5.&nbsp;1992. Byla z\u0159\u00edzena obecn\u011b z\u00e1vaznou <a href=\"http:\/\/www.praha.eu\/jnp\/cz\/test\/vyhledavani_v_pravnich_predpisech\/rok_1992-vyhlaska_cislo_5_ze_dne_26_03_1992.html\" target=\"_blank\" rel=\"noopener\">vyhl\u00e1\u0161kou hl. m. Prahy \u010d. 5\/1992<\/a>, vydanou na z\u00e1klad\u011b z\u00e1kon\u016f \u010cNR<a href=\"https:\/\/www.zakonyprolidi.cz\/cs\/1992-410\" target=\"_blank\" rel=\"noopener\"> \u010d. 410\/1992 Sb<\/a>., o&nbsp;obc\u00edch a&nbsp;<a href=\"https:\/\/www.zakonyprolidi.cz\/cs\/1991-553\" target=\"_blank\" rel=\"noopener\">\u010d. 553\/1991 Sb.<\/a>, o&nbsp;obecn\u00ed policii. Jej\u00ed \u010dinnost spo\u010d\u00edv\u00e1 p\u0159edev\u0161\u00edm v&nbsp;zabezpe\u010dov\u00e1n\u00ed m\u00edstn\u00edch z\u00e1le\u017eitost\u00ed ve\u0159ejn\u00e9ho po\u0159\u00e1dku v&nbsp;r\u00e1mci p\u016fsobnosti m\u011bsta, tedy na teritoriu cel\u00e9ho hl. m. Prahy.<\/p>\r\n<hr \/>\r\n<p><strong>Vyhledat str\u00e1\u017en\u00edka<\/strong> &#8211; okrsk\u00e1\u0159e, kter\u00fd m\u00e1 na\u00a0starosti danou lokalitu, p\u0159\u00edp. <strong>vozidlo<\/strong> (kter\u00e9 mohlo b\u00fdt odta\u017eeno) m\u016f\u017eete zad\u00e1n\u00edm n\u00e1zvu ulice\/registra\u010dn\u00ed zna\u010dky vozidla <a href=\"https:\/\/mppraha.cz\/item\/3867-najdi-sveho-straznika-vozidlo\" target=\"_blank\" rel=\"noopener\">zde<\/a>.<\/p>\r\n<hr \/>\r\n<h3>Kontaktn\u00ed \u00fadaje na obvodn\u00ed \u0159editelstv\u00ed Prahy&nbsp;7<\/h3>\r\n<p>Argentinsk\u00e1 1098\/17<br \/>\r\ntel.: 222&nbsp;02&nbsp;5970<br \/>\r\nemail:\u00a0<a href=\"mailto:operacni.p7@mppraha.cz\">operacni.p7@mppraha.cz<\/a><\/p>\r\n<p><strong>Mgr. Petr Svato\u0148<br \/>\r\n<\/strong>\u0159editel<br \/>\r\ntel.: 222&nbsp;02&nbsp;5965<br \/>\r\nemail:\u00a0svaton@mppraha.cz<\/p>\r\n<p>V\u00edce informac\u00ed na webu: <a href=\"https:\/\/mppraha.cz\/utvary-mp\/or-praha-7\" target=\"_blank\" rel=\"noopener\">mppraha.cz\/or-praha-7<\/a><\/p>\r\n<p><iframe width=\"600\" height=\"450\" style=\"border: 0;\" src=\"https:\/\/www.google.com\/maps\/embed?pb=!1m14!1m8!1m3!1d10235.191745589853!2d14.444418!3d50.108789!3m2!1i1024!2i768!4f13.1!3m3!1m2!1s0x470b94b53f260275%3A0xad952e7034744a57!2sArgentinsk%C3%A1%201098%2C%20170%2000%20Praha%207-Hole%C5%A1ovice!5e0!3m2!1scs!2scz!4v1621323678149!5m2!1scs!2scz\" allowfullscreen=\"allowfullscreen\" loading=\"lazy\"><\/iframe><\/p>","protected":false},"excerpt":{"rendered":"M\u011bstsk\u00e1 policie hl. m. Prahy p\u016fsob\u00ed na \u00fazem\u00ed hlavn\u00edho m\u011bsta od 11.&nbsp;5.&nbsp;1992. Byla z\u0159\u00edzena obecn\u011b z\u00e1vaznou vyhl\u00e1\u0161kou hl. m. Prahy \u010d. 5\/1992, vydanou na z\u00e1klad\u011b z\u00e1kon\u016f \u010cNR \u010d. 410\/1992 Sb., o&nbsp;obc\u00edch a&nbsp;\u010d. 553\/1991 Sb., o&nbsp;obecn\u00ed policii. Jej\u00ed \u010dinnost spo\u010d\u00edv\u00e1 p\u0159edev\u0161\u00edm v&nbsp;zabezpe\u010dov\u00e1n\u00ed m\u00edstn\u00edch z\u00e1le\u017eitost\u00ed ve\u0159ejn\u00e9ho po\u0159\u00e1dku v&nbsp;r\u00e1mci p\u016fsobnosti m\u011bsta, tedy na teritoriu cel\u00e9ho hl. m. Prahy. [&hellip;]","protected":false},"author":2,"featured_media":0,"parent":5290,"menu_order":0,"comment_status":"closed","ping_status":"closed","template":"","meta":[],"_links":{"self":[{"href":"https:\/\/www.praha7.cz\/api\/wp\/v2\/pages\/2569"}],"collection":[{"href":"https:\/\/www.praha7.cz\/api\/wp\/v2\/pages"}],"about":[{"href":"https:\/\/www.praha7.cz\/api\/wp\/v2\/types\/page"}],"author":[{"embeddable":true,"href":"https:\/\/www.praha7.cz\/api\/wp\/v2\/users\/2"}],"replies":[{"embeddable":true,"href":"https:\/\/www.praha7.cz\/api\/wp\/v2\/comments?post=2569"}],"version-history":[{"count":39,"href":"https:\/\/www.praha7.cz\/api\/wp\/v2\/pages\/2569\/revisions"}],"predecessor-version":[{"id":80697,"href":"https:\/\/www.praha7.cz\/api\/wp\/v2\/pages\/2569\/revisions\/80697"}],"up":[{"embeddable":true,"href":"https:\/\/www.praha7.cz\/api\/wp\/v2\/pages\/5290"}],"wp:attachment":[{"href":"https:\/\/www.praha7.cz\/api\/wp\/v2\/media?parent=2569"}],"curies":[{"name":"wp","href":"https:\/\/api.w.org\/{rel}","templated":true}]}}

Městská policie

<p>Městská policie hl. m. Prahy působí na území hlavního města od 11.&nbsp;5.&nbsp;1992. Byla zřízena obecně závaznou <a href="http://www.praha.eu/jnp/cz/test/vyhledavani_v_pravnich_predpisech/rok_1992-vyhlaska_cislo_5_ze_dne_26_03_1992.html" target="_blank" rel="noopener">vyhláškou hl. m. Prahy č. 5/1992</a>, vydanou na základě zákonů ČNR<a href="https://www.zakonyprolidi.cz/cs/1992-410" target="_blank" rel="noopener"> č. 410/1992 Sb</a>., o&nbsp;obcích a&nbsp;<a href="https://www.zakonyprolidi.cz/cs/1991-553" target="_blank" rel="noopener">č. 553/1991 Sb.</a>, o&nbsp;obecní policii. Její činnost spočívá především v&nbsp;zabezpečování místních záležitostí veřejného pořádku v&nbsp;rámci působnosti města, tedy na teritoriu celého hl. m. Prahy.</p>
<hr />
<p><strong>Vyhledat strážníka</strong> &#8211; okrskáře, který má na starosti danou lokalitu, příp. <strong>vozidlo</strong> (které mohlo být odtaženo) můžete zadáním názvu ulice/registrační značky vozidla <a href="https://mppraha.cz/item/3867-najdi-sveho-straznika-vozidlo" target="_blank" rel="noopener">zde</a>.</p>
<hr />
<h3>Kontaktní údaje na obvodní ředitelství Prahy&nbsp;7</h3>
<p>Argentinská 1098/17<br />
tel.: 222&nbsp;02&nbsp;5970<br />
email: <a href="mailto:operacni.p7@mppraha.cz">operacni.p7@mppraha.cz</a></p>
<p><strong>Mgr. Petr Svatoň<br />
</strong>ředitel<br />
tel.: 222&nbsp;02&nbsp;5965<br />
email: svaton@mppraha.cz</p>
<p>Více informací na webu: <a href="https://mppraha.cz/utvary-mp/or-praha-7" target="_blank" rel="noopener">mppraha.cz/or-praha-7</a></p>
<p><iframe width="600" height="450" style="border: 0;" src="https://www.google.com/maps/embed?pb=!1m14!1m8!1m3!1d10235.191745589853!2d14.444418!3d50.108789!3m2!1i1024!2i768!4f13.1!3m3!1m2!1s0x470b94b53f260275%3A0xad952e7034744a57!2sArgentinsk%C3%A1%201098%2C%20170%2000%20Praha%207-Hole%C5%A1ovice!5e0!3m2!1scs!2scz!4v1621323678149!5m2!1scs!2scz" allowfullscreen="allowfullscreen" loading="lazy"></iframe></p>

Městská policie hl. m. Prahy působí na území hlavního města od 11.&nbsp;5.&nbsp;1992. Byla zřízena obecně závaznou vyhláškou hl. m. Prahy č. 5/1992, vydanou na základě zákonů ČNR č. 410/1992 Sb., o&nbsp;obcích a&nbsp;č. 553/1991 Sb., o&nbsp;obecní policii. Její činnost spočívá především v&nbsp;zabezpečování místních záležitostí veřejného pořádku v&nbsp;rámci působnosti města, tedy na teritoriu celého hl. m. Prahy. [&hellip;]
