    
{"id":23789,"date":"2019-02-22T12:15:05","date_gmt":"2019-02-22T11:15:05","guid":{"rendered":"https:\/\/www.praha7.cz\/?page_id=23789"},"modified":"2024-09-03T12:10:11","modified_gmt":"2024-09-03T10:10:11","slug":"plan-radnice-umc-praha-7","status":"publish","type":"page","link":"https:\/\/www.praha7.cz\/radnice\/plan-radnice-umc-praha-7\/","title":{"rendered":"Pl\u00e1nek radnice \u00daM\u010c Praha&nbsp;7"},"content":{"rendered":"<p><a href=\"https:\/\/www.praha7.cz\/wp-content\/uploads\/2020\/03\/nova-radnice-cela-optimalizovano_planek.pdf\">Pl\u00e1nek radnice \u00daM\u010c Praha&nbsp;7<\/a><\/p>","protected":false},"excerpt":{"rendered":"Pl\u00e1nek radnice \u00daM\u010c Praha&nbsp;7","protected":false},"author":76,"featured_media":0,"parent":135,"menu_order":6,"comment_status":"closed","ping_status":"closed","template":"","meta":[],"_links":{"self":[{"href":"https:\/\/www.praha7.cz\/api\/wp\/v2\/pages\/23789"}],"collection":[{"href":"https:\/\/www.praha7.cz\/api\/wp\/v2\/pages"}],"about":[{"href":"https:\/\/www.praha7.cz\/api\/wp\/v2\/types\/page"}],"author":[{"embeddable":true,"href":"https:\/\/www.praha7.cz\/api\/wp\/v2\/users\/76"}],"replies":[{"embeddable":true,"href":"https:\/\/www.praha7.cz\/api\/wp\/v2\/comments?post=23789"}],"version-history":[{"count":6,"href":"https:\/\/www.praha7.cz\/api\/wp\/v2\/pages\/23789\/revisions"}],"predecessor-version":[{"id":34436,"href":"https:\/\/www.praha7.cz\/api\/wp\/v2\/pages\/23789\/revisions\/34436"}],"up":[{"embeddable":true,"href":"https:\/\/www.praha7.cz\/api\/wp\/v2\/pages\/135"}],"wp:attachment":[{"href":"https:\/\/www.praha7.cz\/api\/wp\/v2\/media?parent=23789"}],"curies":[{"name":"wp","href":"https:\/\/api.w.org\/{rel}","templated":true}]}}

Plánek radnice ÚMČ Praha&nbsp;7

<p><a href="https://www.praha7.cz/wp-content/uploads/2020/03/nova-radnice-cela-optimalizovano_planek.pdf">Plánek radnice ÚMČ Praha&nbsp;7</a></p>
