    
{"id":2212,"date":"2017-08-14T13:58:41","date_gmt":"2017-08-14T11:58:41","guid":{"rendered":"https:\/\/praha7.cz\/?page_id=2212"},"modified":"2017-10-25T17:56:52","modified_gmt":"2017-10-25T15:56:52","slug":"mapa-skol-na-uzemi-mestske-casti-prahy-7","status":"publish","type":"page","link":"https:\/\/www.praha7.cz\/potrebuji-zaridit\/skolstvi\/mapa-skol-na-uzemi-mestske-casti-prahy-7\/","title":{"rendered":"Mapa \u0161kol na \u00fazem\u00ed m\u011bstsk\u00e9 \u010d\u00e1sti Prahy&nbsp;7"},"content":{"rendered":"<p>[perex]<\/p><p> P\u0159ehled ve\u0161ker\u00fdch mate\u0159sk\u00fdch \u0161kol, z\u00e1kladn\u00edch \u0161kol, st\u0159edn\u00edch \u0161kol a&nbsp;gymn\u00e1zi\u00ed a&nbsp;vy\u0161\u0161\u00edch odborn\u00fdch a&nbsp;vysok\u00fdch \u0161kol na \u00fazem\u00ed m\u011bstsk\u00e9 \u010d\u00e1sti Praha&nbsp;7 i&nbsp;Praha&nbsp;7-Tr\u00f3ja. <\/p><p>[\/perex]<\/p>","protected":false},"excerpt":{"rendered":"[perex] P\u0159ehled ve\u0161ker\u00fdch mate\u0159sk\u00fdch \u0161kol, z\u00e1kladn\u00edch \u0161kol, st\u0159edn\u00edch \u0161kol a&nbsp;gymn\u00e1zi\u00ed a&nbsp;vy\u0161\u0161\u00edch odborn\u00fdch a&nbsp;vysok\u00fdch \u0161kol na \u00fazem\u00ed m\u011bstsk\u00e9 \u010d\u00e1sti Praha&nbsp;7 i&nbsp;Praha&nbsp;7-Tr\u00f3ja. [\/perex]","protected":false},"author":2,"featured_media":0,"parent":2147,"menu_order":0,"comment_status":"closed","ping_status":"closed","template":"","meta":[],"_links":{"self":[{"href":"https:\/\/www.praha7.cz\/api\/wp\/v2\/pages\/2212"}],"collection":[{"href":"https:\/\/www.praha7.cz\/api\/wp\/v2\/pages"}],"about":[{"href":"https:\/\/www.praha7.cz\/api\/wp\/v2\/types\/page"}],"author":[{"embeddable":true,"href":"https:\/\/www.praha7.cz\/api\/wp\/v2\/users\/2"}],"replies":[{"embeddable":true,"href":"https:\/\/www.praha7.cz\/api\/wp\/v2\/comments?post=2212"}],"version-history":[{"count":3,"href":"https:\/\/www.praha7.cz\/api\/wp\/v2\/pages\/2212\/revisions"}],"predecessor-version":[{"id":8509,"href":"https:\/\/www.praha7.cz\/api\/wp\/v2\/pages\/2212\/revisions\/8509"}],"up":[{"embeddable":true,"href":"https:\/\/www.praha7.cz\/api\/wp\/v2\/pages\/2147"}],"wp:attachment":[{"href":"https:\/\/www.praha7.cz\/api\/wp\/v2\/media?parent=2212"}],"curies":[{"name":"wp","href":"https:\/\/api.w.org\/{rel}","templated":true}]}}

Mapa škol na území městské části Prahy&nbsp;7

<p>[perex]</p><p> Přehled veškerých mateřských škol, základních škol, středních škol a&nbsp;gymnázií a&nbsp;vyšších odborných a&nbsp;vysokých škol na území městské části Praha&nbsp;7 i&nbsp;Praha&nbsp;7-Trója. </p><p>[/perex]</p>

[perex] Přehled veškerých mateřských škol, základních škol, středních škol a&nbsp;gymnázií a&nbsp;vyšších odborných a&nbsp;vysokých škol na území městské části Praha&nbsp;7 i&nbsp;Praha&nbsp;7-Trója. [/perex]
