    
{"id":21292,"date":"2018-11-15T11:19:37","date_gmt":"2018-11-15T10:19:37","guid":{"rendered":"https:\/\/www.praha7.cz\/?page_id=21292"},"modified":"2025-02-27T10:14:26","modified_gmt":"2025-02-27T09:14:26","slug":"komise","status":"publish","type":"page","link":"https:\/\/www.praha7.cz\/radnice\/voleni-zastupci-mistni-samospravy\/rada-mc-praha-7\/komise\/","title":{"rendered":"Komise"},"content":{"rendered":"\n    <div class=\"container-fluid guide-links-list guidelist\">\n        <div class=\"guidelist-container col-xs-12 col-md-6 grey-border-box\">\n            <h3><a href=\"https:\/\/www.praha7.cz\/radnice\/voleni-zastupci-mistni-samospravy\/rada-mc-praha-7\/komise\/bytova-komise-rady-mc-praha-7\/\">Bytov\u00e1 komise<\/a><\/h3>\n            <h3><a href=\"https:\/\/www.praha7.cz\/radnice\/voleni-zastupci-mistni-samospravy\/rada-mc-praha-7\/komise\/dopravni-komise-rady-mc-praha-7\/\">Dopravn\u00ed komise<\/a><\/h3>\n            <h3><a href=\"https:\/\/www.praha7.cz\/radnice\/voleni-zastupci-mistni-samospravy\/rada-mc-praha-7\/komise\/komise-pro-bezbarierovost-rady-mc-praha-7\/\">Komise pro bezbari\u00e9rovost<\/a><\/h3>\n            <h3><a href=\"https:\/\/www.praha7.cz\/radnice\/voleni-zastupci-mistni-samospravy\/rada-mc-praha-7\/komise\/komise-rozvoje-urbanismu-architektury-a-verejneho-prostoru-rady-mc-praha-7\/\">Komise rozvoje urbanismu, architektury a ve\u0159ejn\u00e9ho prostoru<\/a><\/h3>\n            <h3><a href=\"https:\/\/www.praha7.cz\/radnice\/voleni-zastupci-mistni-samospravy\/rada-mc-praha-7\/komise\/kulturni-komise-rady-mc-praha-7\/\">Kulturn\u00ed komise<\/a><\/h3>\n            <h3><a href=\"https:\/\/www.praha7.cz\/radnice\/voleni-zastupci-mistni-samospravy\/rada-mc-praha-7\/komise\/likvidacni-komise-rady-mc-praha-7\/\">Likvida\u010dn\u00ed komise<\/a><\/h3>\n            <h3><a href=\"https:\/\/www.praha7.cz\/radnice\/voleni-zastupci-mistni-samospravy\/rada-mc-praha-7\/komise\/majetkova-komise-rady-mc-praha-7\/\">Majetkov\u00e1 komise<\/a><\/h3>\n            <h3><a href=\"https:\/\/www.praha7.cz\/radnice\/voleni-zastupci-mistni-samospravy\/rada-mc-praha-7\/komise\/sportovni-komise-rady-mc-praha-7\/\">Sportovn\u00ed komise<\/a><\/h3>\n            <h3><a href=\"https:\/\/www.praha7.cz\/radnice\/voleni-zastupci-mistni-samospravy\/rada-mc-praha-7\/komise\/komise-pro-zivotni-prostredi-a-problematiku-klimatu-rady-mc-praha-7\/\">Komise pro \u017eivotn\u00ed prost\u0159ed\u00ed a problematiku klimatu<\/a><\/h3>\n        <\/div>\n    <\/div>   \n\n\r\n<h3><a href=\"https:\/\/www.praha7.cz\/wp-content\/uploads\/2023\/02\/JR_komise-RMC_final-ke-zverejneni-1.pdf\">Jednac\u00ed \u0159\u00e1d Komis\u00ed<\/a><\/h3>\r\n<h3><a href=\"https:\/\/www.praha7.cz\/wp-content\/uploads\/2024\/01\/2023_07_odmeny_necleni-ZMC_komisevyborRR-Hobuletu.pdf\"><strong>Pravidla pro poskytov\u00e1n\u00ed odm\u011bn<\/strong><\/a><\/h3>\r\n<hr \/>\r\n<h3><a href=\"https:\/\/www.praha7.cz\/radnice\/voleni-zastupci-mistni-samospravy\/rada-mc-praha-7\/archiv-komisi-a-vyboru-2014-2018\/\">Archiv komis\u00ed<\/a><\/h3>\r\n<hr \/>\r\n<p>&nbsp;<\/p>","protected":false},"excerpt":{"rendered":"Jednac\u00ed \u0159\u00e1d Komis\u00ed Pravidla pro poskytov\u00e1n\u00ed odm\u011bn Archiv komis\u00ed &nbsp;","protected":false},"author":76,"featured_media":0,"parent":8822,"menu_order":0,"comment_status":"closed","ping_status":"closed","template":"","meta":[],"_links":{"self":[{"href":"https:\/\/www.praha7.cz\/api\/wp\/v2\/pages\/21292"}],"collection":[{"href":"https:\/\/www.praha7.cz\/api\/wp\/v2\/pages"}],"about":[{"href":"https:\/\/www.praha7.cz\/api\/wp\/v2\/types\/page"}],"author":[{"embeddable":true,"href":"https:\/\/www.praha7.cz\/api\/wp\/v2\/users\/76"}],"replies":[{"embeddable":true,"href":"https:\/\/www.praha7.cz\/api\/wp\/v2\/comments?post=21292"}],"version-history":[{"count":15,"href":"https:\/\/www.praha7.cz\/api\/wp\/v2\/pages\/21292\/revisions"}],"predecessor-version":[{"id":82447,"href":"https:\/\/www.praha7.cz\/api\/wp\/v2\/pages\/21292\/revisions\/82447"}],"up":[{"embeddable":true,"href":"https:\/\/www.praha7.cz\/api\/wp\/v2\/pages\/8822"}],"wp:attachment":[{"href":"https:\/\/www.praha7.cz\/api\/wp\/v2\/media?parent=21292"}],"curies":[{"name":"wp","href":"https:\/\/api.w.org\/{rel}","templated":true}]}}

<div class="container-fluid guide-links-list guidelist">
        <div class="guidelist-container col-xs-12 col-md-6 grey-border-box">
            <h3><a href="https://www.praha7.cz/radnice/voleni-zastupci-mistni-samospravy/rada-mc-praha-7/komise/bytova-komise-rady-mc-praha-7/">Bytová komise</a></h3>
            <h3><a href="https://www.praha7.cz/radnice/voleni-zastupci-mistni-samospravy/rada-mc-praha-7/komise/dopravni-komise-rady-mc-praha-7/">Dopravní komise</a></h3>
            <h3><a href="https://www.praha7.cz/radnice/voleni-zastupci-mistni-samospravy/rada-mc-praha-7/komise/komise-pro-bezbarierovost-rady-mc-praha-7/">Komise pro bezbariérovost</a></h3>
            <h3><a href="https://www.praha7.cz/radnice/voleni-zastupci-mistni-samospravy/rada-mc-praha-7/komise/komise-rozvoje-urbanismu-architektury-a-verejneho-prostoru-rady-mc-praha-7/">Komise rozvoje urbanismu, architektury a veřejného prostoru</a></h3>
            <h3><a href="https://www.praha7.cz/radnice/voleni-zastupci-mistni-samospravy/rada-mc-praha-7/komise/kulturni-komise-rady-mc-praha-7/">Kulturní komise</a></h3>
            <h3><a href="https://www.praha7.cz/radnice/voleni-zastupci-mistni-samospravy/rada-mc-praha-7/komise/likvidacni-komise-rady-mc-praha-7/">Likvidační komise</a></h3>
            <h3><a href="https://www.praha7.cz/radnice/voleni-zastupci-mistni-samospravy/rada-mc-praha-7/komise/majetkova-komise-rady-mc-praha-7/">Majetková komise</a></h3>
            <h3><a href="https://www.praha7.cz/radnice/voleni-zastupci-mistni-samospravy/rada-mc-praha-7/komise/sportovni-komise-rady-mc-praha-7/">Sportovní komise</a></h3>
            <h3><a href="https://www.praha7.cz/radnice/voleni-zastupci-mistni-samospravy/rada-mc-praha-7/komise/komise-pro-zivotni-prostredi-a-problematiku-klimatu-rady-mc-praha-7/">Komise pro životní prostředí a problematiku klimatu</a></h3>
        </div>
    </div>   


<h3><a href="https://www.praha7.cz/wp-content/uploads/2023/02/JR_komise-RMC_final-ke-zverejneni-1.pdf">Jednací řád Komisí</a></h3>
<h3><a href="https://www.praha7.cz/wp-content/uploads/2024/01/2023_07_odmeny_necleni-ZMC_komisevyborRR-Hobuletu.pdf"><strong>Pravidla pro poskytování odměn</strong></a></h3>
<hr />
<h3><a href="https://www.praha7.cz/radnice/voleni-zastupci-mistni-samospravy/rada-mc-praha-7/archiv-komisi-a-vyboru-2014-2018/">Archiv komisí</a></h3>
<hr />
<p>&nbsp;</p>

Jednací řád Komisí Pravidla pro poskytování odměn Archiv komisí &nbsp;
