    
{"id":18552,"date":"2018-08-22T10:05:04","date_gmt":"2018-08-22T08:05:04","guid":{"rendered":"https:\/\/www.praha7.cz\/?page_id=18552"},"modified":"2020-08-19T15:34:32","modified_gmt":"2020-08-19T13:34:32","slug":"sedmicka-ji-zdrave","status":"publish","type":"page","link":"https:\/\/www.praha7.cz\/temata\/mistni-agenda-ma21\/sedmicka-ji-zdrave\/","title":{"rendered":"Sedmi\u010dka j\u00ed zdrav\u011b"},"content":{"rendered":"<p>[perex]<\/p>\r\n<p>Projekt se zam\u011b\u0159oval na souvislosti stravy, zdrav\u00ed a&nbsp;udr\u017eiteln\u00e9ho rozvoje. Zejm\u00e9na prozkoum\u00e1val mo\u017enosti zdrav\u00fdch lok\u00e1ln\u00edch potravin pro obyvatele Prahy&nbsp;7. Skrz aktivity ur\u010den\u00e9 pro \u0161koln\u00ed j\u00eddelny i&nbsp;z\u00e1jemce z&nbsp;\u0159ad \u0161ir\u0161\u00ed ve\u0159ejnosti nab\u00edzel obyvatel\u016fm informace o&nbsp;tom, na co v\u0161echno m\u00e1 j\u00eddlo vliv a&nbsp;jak z&nbsp;pozice spot\u0159ebitele z\u00edsk\u00e1vat pot\u0159ebn\u00e9 informace a&nbsp;rozhodovat se mezi r\u016fzn\u00fdmi mo\u017enostmi ve prosp\u011bch lep\u0161\u00edho dopadu na p\u0159\u00edrodu i&nbsp;vlastn\u00ed zdrav\u00ed.\u00a0<\/p>\r\n<p>Projekt prob\u00edhal v\u00a0roce 2017,\u00a0 n\u00e1sledn\u011b pak n\u011bkter\u00e9 aktivity pokra\u010dovaly v\u00a0roce 2018. V&nbsp;sou\u010dasn\u00e9 dob\u011b \u0161koly M\u010c Praha&nbsp;7 spolupracuj\u00ed se St\u00e1tn\u00edm zdravotn\u00edm \u00fastavem a&nbsp;vyu\u017e\u00edvaj\u00ed aktivn\u011b slu\u017eeb nutri\u010dn\u00ed specialistky.\u00a0<\/p>\r\n<p>[\/perex]<\/p>\r\n<p>Tituln\u00ed \u010dl\u00e1nek \u010dervnov\u00e9ho Hobuletu <a href=\"https:\/\/www.praha7.cz\/wp-content\/uploads\/2018\/08\/Hobulet_06-2018_WEB-odpovedne-jidlo.pdf\">Odpov\u011bdn\u00e9 j\u00eddlo, lid\u00e9 a&nbsp;m\u011bsto<\/a> byl v\u011bnov\u00e1n dopad\u016fm klimatick\u00e9 zm\u011bny na produkci potravin, spot\u0159ebu vody, erozi p\u016fdy a&nbsp;zmapoval lok\u00e1ln\u00ed a&nbsp;\u0161etrn\u00e9 mo\u017enosti pro obyvatele Prahy&nbsp;7.<\/p>\r\n<p>&nbsp;<\/p>\r\n<p><strong>PROB\u011aHL\u00c9 AKCE<\/strong><\/p>\r\n<p><em><strong>Podzimn\u00ed kurz zdrav\u00e9ho va\u0159en\u00ed z&nbsp;lok\u00e1ln\u00edch surovin\u00a0<\/strong><\/em><br \/>\r\nV&nbsp;sobotu 27.&nbsp;\u0159\u00edjna si n\u00e1v\u0161t\u011bvn\u00edci podzimn\u00edho kurzu va\u0159en\u00ed mohli vyzkou\u0161et jak jde vytvo\u0159it jednoduch\u00e1, chutn\u00e1 j\u00eddla s\u00a0ohledem na lok\u00e1lnost a&nbsp;sez\u00f3nnost surovin, zdravotn\u00ed benefity a&nbsp;koncept zero waste. Kurz byl zdarma a&nbsp;prob\u011bhl v\u00a0gastrostudiu N\u00e1rodn\u00edho zem\u011bd\u011blsk\u00e9ho muzea.\u00a0<\/p>\r\n<p><strong><em>M\u011b\u0159en\u00ed tlaku, tuk a&nbsp;cholesterolu na Dni otev\u0159en\u00fdch dve\u0159\u00ed Polikliniky Prahy&nbsp;7<\/em><br \/>\r\n<\/strong>Zam\u011bstnanci \u010cesk\u00e9ho \u010derven\u00e9ho k\u0159\u00ed\u017ee z\u00e1jemc\u016fm nam\u011b\u0159ili jednotliv\u00e9 hodnoty a&nbsp;v\u00a0p\u0159\u00edpad\u011b p\u0159ekro\u010den\u00ed normy podali doporu\u010den\u00ed ohledn\u011b \u017eivotn\u00edho stylu. M\u011b\u0159en\u00ed prob\u00edhalo 17.&nbsp;z\u00e1\u0159\u00ed od 16 do 18 hodin na Dni otev\u0159en\u00fdch dve\u0159\u00ed Polikliniky Prahy&nbsp;7 v\u00a0nov\u00e9 lokaci Franti\u0161ka K\u0159\u00ed\u017eka 22.<\/p>\r\n<p><strong><em>Poradenstv\u00ed pro \u0161koly<\/em> <br \/>\r\n<\/strong>Jednodenn\u00ed workshop pro zam\u011bstnance \u0161koln\u00edch j\u00eddelen pod veden\u00edm St\u00e1tn\u00edho zdravotn\u00edho \u00fastavu. V\u00a0r\u00e1mci akce po\u0159adatel\u00e9 uk\u00e1zali, jak jde v\u00a0r\u00e1mci norem a&nbsp;tabulek pro j\u00eddelny p\u0159ipravovat chutn\u00e1 j\u00eddla vyhovuj\u00edc\u00ed krit\u00e9ri\u00edm modern\u00ed zdrav\u00e9 v\u00fd\u017eivy. Workshop se konal 28.&nbsp;srpna v\u00a0Makro Akademii na Stod\u016flk\u00e1ch.<strong><br \/>\r\n<\/strong><\/p>\r\n<p><em><strong>Letn\u00ed kurz zdrav\u00e9ho va\u0159en\u00ed<\/strong><\/em><br \/>\r\nKurz va\u0159en\u00ed z\u00a0lok\u00e1ln\u00edch surovin, kter\u00e9 jsou k\u00a0dispozici v\u00a0letn\u00edm obdob\u00ed, prob\u011bhl v\u00a0N\u00e1rodn\u00edm zem\u011bd\u011blsk\u00e9m muzeu 16.&nbsp;\u010dervna.<\/p>\r\n<p><strong><em>Prom\u00edt\u00e1n\u00ed filmu Sustainable: Potraviny v\u00a0jin\u00e9m sv\u011btle s\u00a0diskuz\u00ed<\/em><\/strong><br \/>\r\nV&nbsp;panelov\u00e9 diskuzi byli na\u0161imi hosty v\u00fdzkumnice Dana Kapitul\u010dinov\u00e1 a&nbsp;hospod\u00e1\u0159 Pavel Moj\u017e\u00ed\u0161. T\u00e9matem byla udr\u017eitelnost v\u00a0zem\u011bd\u011blstv\u00ed a&nbsp;mo\u017enosti spot\u0159ebitel\u016f sni\u017eovat pomoc\u00ed v\u00fdb\u011bru potravin svoji environment\u00e1ln\u00ed stopu. Akce prob\u011bhla 31.&nbsp;kv\u011btna ve Studiu ALTA.<\/p>\r\n<p><strong><em>M\u011b\u0159en\u00ed tlaku, tuku a&nbsp;cholesterolu na Rodinn\u00e9m dni Prahy&nbsp;7<\/em> <\/strong><br \/>\r\nZam\u011bstnanci \u010cesk\u00e9ho \u010derven\u00e9ho k\u0159\u00ed\u017ee m\u011b\u0159ili z\u00e1jemc\u016fm jednotliv\u00e9 hodnoty a&nbsp;v\u00a0p\u0159\u00edpad\u011b, \u017ee p\u0159ekra\u010dovaly normy, d\u00e1vali doporu\u010den\u00ed ohledn\u011b \u017eivotn\u00edho stylu. M\u011b\u0159en\u00ed se konalo 20.&nbsp;kv\u011btna v\u00a0r\u00e1mci Rodinn\u00e9ho dne v&nbsp;Praze 7.\u00a0<\/p>\r\n<hr \/>\r\n<p>Projekt je podpo\u0159en \u00fa\u010delovou neinvesti\u010dn\u00ed dotac\u00ed MHMP a&nbsp;prob\u00edh\u00e1 pod z\u00e1\u0161titou radn\u00edho hl. m. Prahy pro oblast zdravotnictv\u00ed a&nbsp;bydlen\u00ed ing. Radka Lacka.<\/p>","protected":false},"excerpt":{"rendered":"[perex] Projekt se zam\u011b\u0159oval na souvislosti stravy, zdrav\u00ed a&nbsp;udr\u017eiteln\u00e9ho rozvoje. Zejm\u00e9na prozkoum\u00e1val mo\u017enosti zdrav\u00fdch lok\u00e1ln\u00edch potravin pro obyvatele Prahy&nbsp;7. Skrz aktivity ur\u010den\u00e9 pro \u0161koln\u00ed j\u00eddelny i&nbsp;z\u00e1jemce z&nbsp;\u0159ad \u0161ir\u0161\u00ed ve\u0159ejnosti nab\u00edzel obyvatel\u016fm informace o&nbsp;tom, na co v\u0161echno m\u00e1 j\u00eddlo vliv a&nbsp;jak z&nbsp;pozice spot\u0159ebitele z\u00edsk\u00e1vat pot\u0159ebn\u00e9 informace a&nbsp;rozhodovat se mezi r\u016fzn\u00fdmi mo\u017enostmi ve prosp\u011bch lep\u0161\u00edho dopadu na [&hellip;]","protected":false},"author":76,"featured_media":0,"parent":8410,"menu_order":0,"comment_status":"closed","ping_status":"closed","template":"","meta":[],"_links":{"self":[{"href":"https:\/\/www.praha7.cz\/api\/wp\/v2\/pages\/18552"}],"collection":[{"href":"https:\/\/www.praha7.cz\/api\/wp\/v2\/pages"}],"about":[{"href":"https:\/\/www.praha7.cz\/api\/wp\/v2\/types\/page"}],"author":[{"embeddable":true,"href":"https:\/\/www.praha7.cz\/api\/wp\/v2\/users\/76"}],"replies":[{"embeddable":true,"href":"https:\/\/www.praha7.cz\/api\/wp\/v2\/comments?post=18552"}],"version-history":[{"count":24,"href":"https:\/\/www.praha7.cz\/api\/wp\/v2\/pages\/18552\/revisions"}],"predecessor-version":[{"id":40400,"href":"https:\/\/www.praha7.cz\/api\/wp\/v2\/pages\/18552\/revisions\/40400"}],"up":[{"embeddable":true,"href":"https:\/\/www.praha7.cz\/api\/wp\/v2\/pages\/8410"}],"wp:attachment":[{"href":"https:\/\/www.praha7.cz\/api\/wp\/v2\/media?parent=18552"}],"curies":[{"name":"wp","href":"https:\/\/api.w.org\/{rel}","templated":true}]}}

Sedmička jí zdravě

<p>[perex]</p>
<p>Projekt se zaměřoval na souvislosti stravy, zdraví a&nbsp;udržitelného rozvoje. Zejména prozkoumával možnosti zdravých lokálních potravin pro obyvatele Prahy&nbsp;7. Skrz aktivity určené pro školní jídelny i&nbsp;zájemce z&nbsp;řad širší veřejnosti nabízel obyvatelům informace o&nbsp;tom, na co všechno má jídlo vliv a&nbsp;jak z&nbsp;pozice spotřebitele získávat potřebné informace a&nbsp;rozhodovat se mezi různými možnostmi ve prospěch lepšího dopadu na přírodu i&nbsp;vlastní zdraví. </p>
<p>Projekt probíhal v roce 2017,  následně pak některé aktivity pokračovaly v roce 2018. V&nbsp;současné době školy MČ Praha&nbsp;7 spolupracují se Státním zdravotním ústavem a&nbsp;využívají aktivně služeb nutriční specialistky. </p>
<p>[/perex]</p>
<p>Titulní článek červnového Hobuletu <a href="https://www.praha7.cz/wp-content/uploads/2018/08/Hobulet_06-2018_WEB-odpovedne-jidlo.pdf">Odpovědné jídlo, lidé a&nbsp;město</a> byl věnován dopadům klimatické změny na produkci potravin, spotřebu vody, erozi půdy a&nbsp;zmapoval lokální a&nbsp;šetrné možnosti pro obyvatele Prahy&nbsp;7.</p>
<p>&nbsp;</p>
<p><strong>PROBĚHLÉ AKCE</strong></p>
<p><em><strong>Podzimní kurz zdravého vaření z&nbsp;lokálních surovin </strong></em><br />
V&nbsp;sobotu 27.&nbsp;října si návštěvníci podzimního kurzu vaření mohli vyzkoušet jak jde vytvořit jednoduchá, chutná jídla s ohledem na lokálnost a&nbsp;sezónnost surovin, zdravotní benefity a&nbsp;koncept zero waste. Kurz byl zdarma a&nbsp;proběhl v gastrostudiu Národního zemědělského muzea. </p>
<p><strong><em>Měření tlaku, tuk a&nbsp;cholesterolu na Dni otevřených dveří Polikliniky Prahy&nbsp;7</em><br />
</strong>Zaměstnanci Českého červeného kříže zájemcům naměřili jednotlivé hodnoty a&nbsp;v případě překročení normy podali doporučení ohledně životního stylu. Měření probíhalo 17.&nbsp;září od 16 do 18 hodin na Dni otevřených dveří Polikliniky Prahy&nbsp;7 v nové lokaci Františka Křížka 22.</p>
<p><strong><em>Poradenství pro školy</em> <br />
</strong>Jednodenní workshop pro zaměstnance školních jídelen pod vedením Státního zdravotního ústavu. V rámci akce pořadatelé ukázali, jak jde v rámci norem a&nbsp;tabulek pro jídelny připravovat chutná jídla vyhovující kritériím moderní zdravé výživy. Workshop se konal 28.&nbsp;srpna v Makro Akademii na Stodůlkách.<strong><br />
</strong></p>
<p><em><strong>Letní kurz zdravého vaření</strong></em><br />
Kurz vaření z lokálních surovin, které jsou k dispozici v letním období, proběhl v Národním zemědělském muzeu 16.&nbsp;června.</p>
<p><strong><em>Promítání filmu Sustainable: Potraviny v jiném světle s diskuzí</em></strong><br />
V&nbsp;panelové diskuzi byli našimi hosty výzkumnice Dana Kapitulčinová a&nbsp;hospodář Pavel Mojžíš. Tématem byla udržitelnost v zemědělství a&nbsp;možnosti spotřebitelů snižovat pomocí výběru potravin svoji environmentální stopu. Akce proběhla 31.&nbsp;května ve Studiu ALTA.</p>
<p><strong><em>Měření tlaku, tuku a&nbsp;cholesterolu na Rodinném dni Prahy&nbsp;7</em> </strong><br />
Zaměstnanci Českého červeného kříže měřili zájemcům jednotlivé hodnoty a&nbsp;v případě, že překračovaly normy, dávali doporučení ohledně životního stylu. Měření se konalo 20.&nbsp;května v rámci Rodinného dne v&nbsp;Praze 7. </p>
<hr />
<p>Projekt je podpořen účelovou neinvestiční dotací MHMP a&nbsp;probíhá pod záštitou radního hl. m. Prahy pro oblast zdravotnictví a&nbsp;bydlení ing. Radka Lacka.</p>

[perex] Projekt se zaměřoval na souvislosti stravy, zdraví a&nbsp;udržitelného rozvoje. Zejména prozkoumával možnosti zdravých lokálních potravin pro obyvatele Prahy&nbsp;7. Skrz aktivity určené pro školní jídelny i&nbsp;zájemce z&nbsp;řad širší veřejnosti nabízel obyvatelům informace o&nbsp;tom, na co všechno má jídlo vliv a&nbsp;jak z&nbsp;pozice spotřebitele získávat potřebné informace a&nbsp;rozhodovat se mezi různými možnostmi ve prospěch lepšího dopadu na [&hellip;]
