    
{"id":16247,"date":"2018-05-02T12:27:42","date_gmt":"2018-05-02T10:27:42","guid":{"rendered":"https:\/\/www.praha7.cz\/?page_id=16247"},"modified":"2026-02-23T16:39:04","modified_gmt":"2026-02-23T15:39:04","slug":"parkovani-pro-rezidenty-na-vystavisti","status":"publish","type":"page","link":"https:\/\/www.praha7.cz\/potrebuji-zaridit\/doprava\/parkovani\/parkovani-pro-rezidenty-na-vystavisti\/","title":{"rendered":"Ve\u010dern\u00ed parkov\u00e1n\u00ed na V\u00fdstavi\u0161ti zdarma"},"content":{"rendered":"<p>[perex]<\/p>\r\n<p>Upozor\u0148ujeme, \u017ee parkovi\u0161t\u011b na V\u00fdstavi\u0161ti proch\u00e1z\u00ed v&nbsp;roce 2026 postupnou rekonstrukc\u00ed a&nbsp;kapacita parkov\u00e1n\u00ed je omezen\u00e1. Aktu\u00e1ln\u00ed provozn\u00ed dobu a&nbsp;cenu parkovn\u00e9ho pro parkovi\u0161t\u011b P1 v&nbsp;ulici U&nbsp;V\u00fdstavi\u0161t\u011b i&nbsp;dal\u0161\u00edch parkovi\u0161\u0165 v&nbsp;are\u00e1lu V\u00fdstavi\u0161t\u011b najdete na str\u00e1nk\u00e1ch: <a href=\"https:\/\/navystavisti.cz\/parkovani\/\" target=\"_blank\" rel=\"noopener\">navystavisti.cz\/parkovani<\/a><\/p>\r\n<p>[\/perex]<\/p>\r\n<p><img loading=\"lazy\" src=\"https:\/\/www.praha7.cz\/wp-content\/uploads\/2020\/11\/parkovi\u0161t\u011b-V\u00fdstavi\u0161t\u011b-1500x692.jpg\" alt=\"\" width=\"640\" height=\"295\" class=\"alignnone size-large wp-image-43773\" srcset=\"https:\/\/www.praha7.cz\/wp-content\/uploads\/2020\/11\/parkovi\u0161t\u011b-V\u00fdstavi\u0161t\u011b-1500x692.jpg 1500w, https:\/\/www.praha7.cz\/wp-content\/uploads\/2020\/11\/parkovi\u0161t\u011b-V\u00fdstavi\u0161t\u011b-600x277.jpg 600w, https:\/\/www.praha7.cz\/wp-content\/uploads\/2020\/11\/parkovi\u0161t\u011b-V\u00fdstavi\u0161t\u011b-768x354.jpg 768w\" sizes=\"(max-width: 640px) 100vw, 640px\" \/><\/p>\r\n<p>&nbsp;<\/p>","protected":false},"excerpt":{"rendered":"[perex] Upozor\u0148ujeme, \u017ee parkovi\u0161t\u011b na V\u00fdstavi\u0161ti proch\u00e1z\u00ed v&nbsp;roce 2026 postupnou rekonstrukc\u00ed a&nbsp;kapacita parkov\u00e1n\u00ed je omezen\u00e1. Aktu\u00e1ln\u00ed provozn\u00ed dobu a&nbsp;cenu parkovn\u00e9ho pro parkovi\u0161t\u011b P1 v&nbsp;ulici U&nbsp;V\u00fdstavi\u0161t\u011b i&nbsp;dal\u0161\u00edch parkovi\u0161\u0165 v&nbsp;are\u00e1lu V\u00fdstavi\u0161t\u011b najdete na str\u00e1nk\u00e1ch: navystavisti.cz\/parkovani [\/perex] &nbsp;","protected":false},"author":4,"featured_media":0,"parent":3465,"menu_order":6,"comment_status":"closed","ping_status":"closed","template":"","meta":[],"_links":{"self":[{"href":"https:\/\/www.praha7.cz\/api\/wp\/v2\/pages\/16247"}],"collection":[{"href":"https:\/\/www.praha7.cz\/api\/wp\/v2\/pages"}],"about":[{"href":"https:\/\/www.praha7.cz\/api\/wp\/v2\/types\/page"}],"author":[{"embeddable":true,"href":"https:\/\/www.praha7.cz\/api\/wp\/v2\/users\/4"}],"replies":[{"embeddable":true,"href":"https:\/\/www.praha7.cz\/api\/wp\/v2\/comments?post=16247"}],"version-history":[{"count":33,"href":"https:\/\/www.praha7.cz\/api\/wp\/v2\/pages\/16247\/revisions"}],"predecessor-version":[{"id":89947,"href":"https:\/\/www.praha7.cz\/api\/wp\/v2\/pages\/16247\/revisions\/89947"}],"up":[{"embeddable":true,"href":"https:\/\/www.praha7.cz\/api\/wp\/v2\/pages\/3465"}],"wp:attachment":[{"href":"https:\/\/www.praha7.cz\/api\/wp\/v2\/media?parent=16247"}],"curies":[{"name":"wp","href":"https:\/\/api.w.org\/{rel}","templated":true}]}}

Večerní parkování na Výstavišti zdarma

<p>[perex]</p>
<p>Upozorňujeme, že parkoviště na Výstavišti prochází v&nbsp;roce 2026 postupnou rekonstrukcí a&nbsp;kapacita parkování je omezená. Aktuální provozní dobu a&nbsp;cenu parkovného pro parkoviště P1 v&nbsp;ulici U&nbsp;Výstaviště i&nbsp;dalších parkovišť v&nbsp;areálu Výstaviště najdete na stránkách: <a href="https://navystavisti.cz/parkovani/" target="_blank" rel="noopener">navystavisti.cz/parkovani</a></p>
<p>[/perex]</p>
<p><img loading="lazy" src="https://www.praha7.cz/wp-content/uploads/2020/11/parkoviště-Výstaviště-1500x692.jpg" alt="" width="640" height="295" class="alignnone size-large wp-image-43773" srcset="https://www.praha7.cz/wp-content/uploads/2020/11/parkoviště-Výstaviště-1500x692.jpg 1500w, https://www.praha7.cz/wp-content/uploads/2020/11/parkoviště-Výstaviště-600x277.jpg 600w, https://www.praha7.cz/wp-content/uploads/2020/11/parkoviště-Výstaviště-768x354.jpg 768w" sizes="(max-width: 640px) 100vw, 640px" /></p>
<p>&nbsp;</p>

[perex] Upozorňujeme, že parkoviště na Výstavišti prochází v&nbsp;roce 2026 postupnou rekonstrukcí a&nbsp;kapacita parkování je omezená. Aktuální provozní dobu a&nbsp;cenu parkovného pro parkoviště P1 v&nbsp;ulici U&nbsp;Výstaviště i&nbsp;dalších parkovišť v&nbsp;areálu Výstaviště najdete na stránkách: navystavisti.cz/parkovani [/perex] &nbsp;
