    
{"id":13501,"date":"2018-03-01T07:20:19","date_gmt":"2018-03-01T06:20:19","guid":{"rendered":"https:\/\/praha7.cz\/?page_id=13501"},"modified":"2023-04-21T09:51:30","modified_gmt":"2023-04-21T07:51:30","slug":"pavel-zelenka","status":"publish","type":"page","link":"https:\/\/www.praha7.cz\/radnice\/voleni-zastupci-mistni-samospravy\/rada-mc-praha-7\/clenove-rady\/pavel-zelenka\/","title":{"rendered":"Pavel Zelenka"},"content":{"rendered":"<p style=\"text-align: left;\">M\u00edstostarosta m\u011bstsk\u00e9 \u010d\u00e1sti Praha&nbsp;7, kompetence: doprava, strategick\u00e9 projekty, ve\u0159ejn\u00e9 zak\u00e1zky.<\/p>\r\n<p style=\"text-align: left;\"><div class=\"shortcode-container container-fluid no-bottom-padding \">\n\t<div class=\"row shortcode-row no-bottom-border\">\n\t\t <div class=\"row contact-item\">\n\t\t\t<div class=\"col-xs-4 col-md-2 contact-photo\">\t\t\n\t\t\t\t<img src=\"https:\/\/www.praha7.cz\/wp-content\/uploads\/2022\/11\/zelenka-pavel-RV1_4433-400x400.jpg\" alt=\"placeholder\">\n\t\t\t<\/div>\n\t\t\t<div class=\"col-xs-8 col-md-5 contact-info\">\n\t\t\t\t<h3>Zelenka Pavel<\/h3>\n\t\t\t\t<span>m\u00edstostarosta<\/span><br>\n\t\t\t\t<span>dve\u0159e 5.08<\/span><br>\n\t\t\t\t\n                <span>gsm. <a href=\"tel:+420770147594\">+420770147594<\/a><\/span><br>\n\t\t\t\t<a href=\"mailto:ZelenkaP@praha7.cz\">ZelenkaP@praha7.cz<\/a><br>\n\t\t\t<\/div>\n\t\t<\/div>\n\t<\/div>\n<\/div><\/p>\r\n<p style=\"text-align: justify;\">Jeho p\u016fvodn\u00ed profes\u00ed je grafick\u00fd design, p\u0159ed v\u00edce ne\u017e 25 lety zalo\u017eil grafick\u00e9 Studio Marvil, vedl projekty rebrandingu, tedy zm\u011bny vizu\u00e1lu velk\u00fdch renomovan\u00fdch spole\u010dnost\u00ed a&nbsp;p\u0159edn\u00e1\u0161el na UMPRUM. Pod\u00edl\u00ed se na veden\u00ed Prahy&nbsp;7 ji\u017e v\u00edce ne\u017e 8 let, \u010dty\u0159i roky byl tak\u00e9 ve veden\u00ed hl. m. Prahy. V\u00a0minul\u00e9m volebn\u00edm obdob\u00ed se pod\u00edlel na dokon\u010den\u00ed rekonstrukce nov\u00e9 radnice Prahy&nbsp;7 (v\u00a0roce 2021 radnice z\u00edskala N\u00e1rodn\u00ed\u00a0cenu\u00a0za architekturu v&nbsp;kategorii renovace v&nbsp;Grand Prix Architekt\u016f) a&nbsp;v\u00fdstavb\u011b nov\u00e9 z\u00e1kladn\u00ed \u0161koly Jana Vod\u0148ansk\u00e9ho \u010di zaji\u0161t\u011bn\u00ed dostupn\u00e9ho m\u011bstsk\u00e9ho bydlen\u00ed v\u00a0ulici Za Pap\u00edrnou. Je ne\u00fanavn\u00fd a&nbsp;v\u00e1\u0161niv\u00fd diskut\u00e9r se z\u00e1jmem o&nbsp;architekturu a&nbsp;v\u00fdtvarn\u00e9 um\u011bn\u00ed.<\/p>\r\n<div class=\"shortcode-container container-fluid no-bottom-padding \">\n\t<div class=\"row shortcode-row no-bottom-border\">\n\t\t <div class=\"row contact-item\">\n\t\t\t<div class=\"col-xs-8 col-md-7 contact-info\">\n\t\t\t\t<h3>\u0160torch Petra, Bc.<\/h3>\n\t\t\t\t<span>asistentka m\u00edstostarosty P. Zelenky a m\u00edstostarostky H. \u0160i\u0161kov\u00e9<\/span><br>\n\t\t\t\t<span>dve\u0159e 5.11<\/span><br>\n\t\t\t\t<span>tel. <a>+420220144017<\/a><\/span><br>\n                <span>gsm. <a href=\"tel:+420603574690\">+420603574690<\/a><\/span><br>\n\t\t\t\t<a href=\"mailto:storchp@praha7.cz\">storchp@praha7.cz<\/a><br>\n\t\t\t<\/div>\n\t\t<\/div>\n\t<\/div>\n<\/div>","protected":false},"excerpt":{"rendered":"M\u00edstostarosta m\u011bstsk\u00e9 \u010d\u00e1sti Praha&nbsp;7, kompetence: doprava, strategick\u00e9 projekty, ve\u0159ejn\u00e9 zak\u00e1zky. Jeho p\u016fvodn\u00ed profes\u00ed je grafick\u00fd design, p\u0159ed v\u00edce ne\u017e 25 lety zalo\u017eil grafick\u00e9 Studio Marvil, vedl projekty rebrandingu, tedy zm\u011bny vizu\u00e1lu velk\u00fdch renomovan\u00fdch spole\u010dnost\u00ed a&nbsp;p\u0159edn\u00e1\u0161el na UMPRUM. Pod\u00edl\u00ed se na veden\u00ed Prahy&nbsp;7 ji\u017e v\u00edce ne\u017e 8 let, \u010dty\u0159i roky byl tak\u00e9 ve veden\u00ed hl. m. [&hellip;]","protected":false},"author":4,"featured_media":0,"parent":8825,"menu_order":0,"comment_status":"closed","ping_status":"closed","template":"","meta":[],"_links":{"self":[{"href":"https:\/\/www.praha7.cz\/api\/wp\/v2\/pages\/13501"}],"collection":[{"href":"https:\/\/www.praha7.cz\/api\/wp\/v2\/pages"}],"about":[{"href":"https:\/\/www.praha7.cz\/api\/wp\/v2\/types\/page"}],"author":[{"embeddable":true,"href":"https:\/\/www.praha7.cz\/api\/wp\/v2\/users\/4"}],"replies":[{"embeddable":true,"href":"https:\/\/www.praha7.cz\/api\/wp\/v2\/comments?post=13501"}],"version-history":[{"count":14,"href":"https:\/\/www.praha7.cz\/api\/wp\/v2\/pages\/13501\/revisions"}],"predecessor-version":[{"id":66144,"href":"https:\/\/www.praha7.cz\/api\/wp\/v2\/pages\/13501\/revisions\/66144"}],"up":[{"embeddable":true,"href":"https:\/\/www.praha7.cz\/api\/wp\/v2\/pages\/8825"}],"wp:attachment":[{"href":"https:\/\/www.praha7.cz\/api\/wp\/v2\/media?parent=13501"}],"curies":[{"name":"wp","href":"https:\/\/api.w.org\/{rel}","templated":true}]}}

<p style="text-align: left;">Místostarosta městské části Praha&nbsp;7, kompetence: doprava, strategické projekty, veřejné zakázky.</p>
<p style="text-align: left;"><div class="shortcode-container container-fluid no-bottom-padding ">
	<div class="row shortcode-row no-bottom-border">
		 <div class="row contact-item">
			<div class="col-xs-4 col-md-2 contact-photo">		
				<img src="https://www.praha7.cz/wp-content/uploads/2022/11/zelenka-pavel-RV1_4433-400x400.jpg" alt="placeholder">
			</div>
			<div class="col-xs-8 col-md-5 contact-info">
				<h3>Zelenka Pavel</h3>
				<span>místostarosta</span><br>
				<span>dveře 5.08</span><br>
				
                <span>gsm. <a href="tel:+420770147594">+420770147594</a></span><br>
				<a href="mailto:ZelenkaP@praha7.cz">ZelenkaP@praha7.cz</a><br>
			</div>
		</div>
	</div>
</div></p>
<p style="text-align: justify;">Jeho původní profesí je grafický design, před více než 25 lety založil grafické Studio Marvil, vedl projekty rebrandingu, tedy změny vizuálu velkých renomovaných společností a&nbsp;přednášel na UMPRUM. Podílí se na vedení Prahy&nbsp;7 již více než 8 let, čtyři roky byl také ve vedení hl. m. Prahy. V minulém volebním období se podílel na dokončení rekonstrukce nové radnice Prahy&nbsp;7 (v roce 2021 radnice získala Národní cenu za architekturu v&nbsp;kategorii renovace v&nbsp;Grand Prix Architektů) a&nbsp;výstavbě nové základní školy Jana Vodňanského či zajištění dostupného městského bydlení v ulici Za Papírnou. Je neúnavný a&nbsp;vášnivý diskutér se zájmem o&nbsp;architekturu a&nbsp;výtvarné umění.</p>
<div class="shortcode-container container-fluid no-bottom-padding ">
	<div class="row shortcode-row no-bottom-border">
		 <div class="row contact-item">
			<div class="col-xs-8 col-md-7 contact-info">
				<h3>Štorch Petra, Bc.</h3>
				<span>asistentka místostarosty P. Zelenky a místostarostky H. Šiškové</span><br>
				<span>dveře 5.11</span><br>
				<span>tel. <a>+420220144017</a></span><br>
                <span>gsm. <a href="tel:+420603574690">+420603574690</a></span><br>
				<a href="mailto:storchp@praha7.cz">storchp@praha7.cz</a><br>
			</div>
		</div>
	</div>
</div>

Místostarosta městské části Praha&nbsp;7, kompetence: doprava, strategické projekty, veřejné zakázky. Jeho původní profesí je grafický design, před více než 25 lety založil grafické Studio Marvil, vedl projekty rebrandingu, tedy změny vizuálu velkých renomovaných společností a&nbsp;přednášel na UMPRUM. Podílí se na vedení Prahy&nbsp;7 již více než 8 let, čtyři roky byl také ve vedení hl. m. [&hellip;]
