    
{"id":13028,"date":"2018-01-30T07:59:58","date_gmt":"2018-01-30T06:59:58","guid":{"rendered":"https:\/\/praha7.cz\/?page_id=13028"},"modified":"2023-11-22T14:19:08","modified_gmt":"2023-11-22T13:19:08","slug":"souvisejici-pravni-predpisy","status":"publish","type":"page","link":"https:\/\/www.praha7.cz\/potrebuji-zaridit\/podnikani\/souvisejici-pravni-predpisy\/","title":{"rendered":"Souvisej\u00edc\u00ed pr\u00e1vn\u00ed p\u0159edpisy"},"content":{"rendered":"<p><a href=\"https:\/\/www.zakonyprolidi.cz\/cs\/1991-455\" target=\"_blank\" rel=\"noopener\">Z\u00e1kon \u010d. 455\/1991 Sb.,<\/a> o&nbsp;\u017eivnostensk\u00e9m podnik\u00e1n\u00ed (\u017eivnostensk\u00fd z\u00e1kon), ve zn\u011bn\u00ed pozd\u011bj\u0161\u00edch p\u0159edpis\u016f;<\/p>\r\n<p><a href=\"https:\/\/www.zakonyprolidi.cz\/cs\/2008-278\" target=\"_blank\" rel=\"noopener\">Na\u0159\u00edzen\u00ed vl\u00e1dy \u010d. 278\/2008 Sb<\/a>., o&nbsp;obsahov\u00fdch n\u00e1pln\u00edch jednotliv\u00fdch \u017eivnost\u00ed, ve zn\u011bn\u00ed pozd\u011bj\u0161\u00edch p\u0159edpis\u016f;<\/p>\r\n<p><a href=\"https:\/\/www.zakonyprolidi.cz\/cs\/1997-252\" target=\"_blank\" rel=\"noopener\">Z\u00e1kon \u010d. 252\/1997 Sb.,<\/a> o&nbsp;zem\u011bd\u011blstv\u00ed, ve zn\u011bn\u00ed pozd\u011bj\u0161\u00edch p\u0159edpis\u016f;<\/p>\r\n<h3>\u017divnostensk\u00fd z\u00e1kon je t\u011bsn\u011b spjat s&nbsp;dal\u0161\u00edmi z\u00e1kony a&nbsp;pr\u00e1vn\u00edmi p\u0159edpisy:<\/h3>\r\n<p><a href=\"https:\/\/www.zakonyprolidi.cz\/cs\/2012-89\" target=\"_blank\" rel=\"noopener\">Z\u00e1kon \u010d. 89\/2012 Sb<\/a>., ob\u010dansk\u00fd z\u00e1kon\u00edk, ve zn\u011bn\u00ed pozd\u011bj\u0161\u00edch p\u0159edpis\u016f;<\/p>\r\n<p><a href=\"https:\/\/www.zakonyprolidi.cz\/cs\/2012-90\" target=\"_blank\" rel=\"noopener\">Z\u00e1kon \u010d. 90\/2012 Sb<\/a>., o&nbsp;obchodn\u00edch spole\u010dnostech a&nbsp;dru\u017estvech (z\u00e1kon o&nbsp;obchodn\u00edch korporac\u00edch) ve zn\u011bn\u00ed pozd\u011bj\u0161\u00edch p\u0159edpis\u016f;<\/p>\r\n<p><a href=\"https:\/\/www.zakonyprolidi.cz\/cs\/2013-304\" target=\"_blank\" rel=\"noopener\">Z\u00e1kon \u010d. 304\/2013 Sb<\/a>., o&nbsp;ve\u0159ejn\u00fdch rejst\u0159\u00edc\u00edch pr\u00e1vnick\u00fdch a&nbsp;fyzick\u00fdch osob a&nbsp;o&nbsp;evidenci sv\u011b\u0159eneck\u00fdch fond\u016f, ve zn\u011bn\u00ed pozd\u011bj\u0161\u00edch p\u0159edpis\u016f;<\/p>\r\n<p><a href=\"https:\/\/www.zakonyprolidi.cz\/cs\/2009-40\" target=\"_blank\" rel=\"noopener\">Z\u00e1kon \u010d. 40\/2009 Sb<\/a>., trestn\u00ed z\u00e1kon\u00edk, ve zn\u011bn\u00ed pozd\u011bj\u0161\u00edch p\u0159edpis\u016f;<\/p>\r\n<p><a href=\"https:\/\/www.zakonyprolidi.cz\/cs\/2004-500\" target=\"_blank\" rel=\"noopener\">Z\u00e1kon \u010d. 500\/2004 Sb.<\/a>, spr\u00e1vn\u00ed \u0159\u00e1d, ve zn\u011bn\u00ed pozd\u011bj\u0161\u00edch p\u0159edpis\u016f;<\/p>\r\n<p><a href=\"https:\/\/www.zakonyprolidi.cz\/cs\/2004-634\" target=\"_blank\" rel=\"noopener\">Z\u00e1kon \u010d. 634\/2004 Sb.<\/a>, o&nbsp;spr\u00e1vn\u00edch poplatc\u00edch, ve zn\u011bn\u00ed pozd\u011bj\u0161\u00edch p\u0159edpis\u016f;<\/p>\r\n<p><a href=\"https:\/\/www.zakonyprolidi.cz\/cs\/2009-280\" target=\"_blank\" rel=\"noopener\">Z\u00e1kon \u010d. 280\/2009 Sb<\/a>., da\u0148ov\u00fd \u0159\u00e1d, ve zn\u011bn\u00ed pozd\u011bj\u0161\u00edch p\u0159edpis\u016f;<\/p>\r\n<p><a href=\"https:\/\/www.zakonyprolidi.cz\/cs\/1992-589\" target=\"_blank\" rel=\"noopener\">Z\u00e1kon \u010d. 589\/1992 Sb.<\/a>, o&nbsp;pojistn\u00e9m na soci\u00e1ln\u00ed zabezpe\u010den\u00ed a&nbsp;p\u0159\u00edsp\u011bvku na st\u00e1tn\u00ed politiku zam\u011bstnanosti, ve zn\u011bn\u00ed pozd\u011bj\u0161\u00edch p\u0159edpis\u016f;<\/p>\r\n<p><a href=\"https:\/\/www.zakonyprolidi.cz\/cs\/1992-586\" target=\"_blank\" rel=\"noopener\">Z\u00e1kon \u010d. 586\/1992 Sb.<\/a>, o&nbsp;dan\u00edch z&nbsp;p\u0159\u00edjm\u016f, ve zn\u011bn\u00ed pozd\u011bj\u0161\u00edch p\u0159edpis\u016f;<\/p>\r\n<p><a href=\"https:\/\/www.zakonyprolidi.cz\/cs\/2004-18\" target=\"_blank\" rel=\"noopener\">Z\u00e1kon \u010d. 18\/2004 Sb<\/a>., o&nbsp;uzn\u00e1v\u00e1n\u00ed odborn\u00e9 kvalifikace a&nbsp;jin\u00e9 zp\u016fsobilosti st\u00e1tn\u00edch p\u0159\u00edslu\u0161n\u00edk\u016f \u010dlensk\u00fdch st\u00e1t\u016f Evropsk\u00e9 unie a&nbsp;o&nbsp;zm\u011bn\u011b n\u011bkter\u00fdch z\u00e1kon\u016f (z\u00e1kon o&nbsp;uzn\u00e1v\u00e1n\u00ed odborn\u00e9 kvalifikace), ve zn\u011bn\u00ed pozd\u011bj\u0161\u00edch p\u0159edpis\u016f;<\/p>\r\n<p><a href=\"https:\/\/www.zakonyprolidi.cz\/cs\/2004-435\" target=\"_blank\" rel=\"noopener\">Z\u00e1kon \u010d. 435\/2004 Sb<\/a>., o&nbsp;zam\u011bstnanosti, ve zn\u011bn\u00ed pozd\u011bj\u0161\u00edch p\u0159edpis\u016f;<\/p>\r\n<p><a href=\"https:\/\/www.zakonyprolidi.cz\/cs\/2006-182\" target=\"_blank\" rel=\"noopener\">Z\u00e1kon \u010d. 182\/2006 Sb.<\/a>, o&nbsp;\u00fapadku a&nbsp;zp\u016fsobech jeho \u0159e\u0161en\u00ed (insolven\u010dn\u00ed z\u00e1kon), ve zn\u011bn\u00ed pozd\u011bj\u0161\u00edch p\u0159edpis\u016f;<\/p>\r\n<p><a href=\"https:\/\/www.zakonyprolidi.cz\/cs\/2006-179\" target=\"_blank\" rel=\"noopener\">Z\u00e1kon \u010d. 179\/2006 Sb.<\/a> o&nbsp;ov\u011b\u0159ov\u00e1n\u00ed a&nbsp;uzn\u00e1v\u00e1n\u00ed v\u00fdsledk\u016f dal\u0161\u00edho vzd\u011bl\u00e1v\u00e1n\u00ed a&nbsp;o&nbsp;zm\u011bn\u011b n\u011bkter\u00fdch z\u00e1kon\u016f (z\u00e1kon o&nbsp;uzn\u00e1v\u00e1n\u00ed v\u00fdsledk\u016f dal\u0161\u00edho vzd\u011bl\u00e1v\u00e1n\u00ed), ve zn\u011bn\u00ed pozd\u011bj\u0161\u00edch p\u0159edpis\u016f);<\/p>\r\n<p><a href=\"https:\/\/www.zakonyprolidi.cz\/cs\/2000-365\" target=\"_blank\" rel=\"noopener\">Z\u00e1kon \u010d. 365\/2000 Sb.,<\/a> o&nbsp;informa\u010dn\u00edch syst\u00e9mech ve\u0159ejn\u00e9 spr\u00e1vy, ve zn\u011bn\u00ed pozd\u011bj\u0161\u00edch p\u0159edpis\u016f;<\/p>\r\n<p><a href=\"https:\/\/www.zakonyprolidi.cz\/cs\/2008-300\" target=\"_blank\" rel=\"noopener\">Z\u00e1kon \u010d. 300\/2008 Sb.<\/a>, o&nbsp;elektronick\u00fdch \u00fakonech a&nbsp;autorizovan\u00e9 konverzi dokument\u016f, ve zn\u011bn\u00ed pozd\u011bj\u0161\u00edch p\u0159edpis\u016f;<\/p>\r\n<p><a href=\"https:\/\/www.zakonyprolidi.cz\/cs\/2009-111\" target=\"_blank\" rel=\"noopener\">Z\u00e1kon \u010d. 111\/2009 Sb<\/a>., o&nbsp;z\u00e1kladn\u00edch registrech, ve zn\u011bn\u00ed pozd\u011bj\u0161\u00edch p\u0159edpis\u016f;<\/p>\r\n<p><a href=\"https:\/\/www.zakonyprolidi.cz\/cs\/1999-326\" target=\"_blank\" rel=\"noopener\">Z\u00e1kon \u010d. 326\/1999 Sb<\/a>., o&nbsp;pobytu cizinc\u016f na \u00fazem\u00ed \u010cesk\u00e9 republiky a&nbsp;o&nbsp;zm\u011bn\u011b n\u011bkter\u00fdch z\u00e1kon\u016f, ve zn\u011bn\u00ed pozd\u011bj\u0161\u00edch p\u0159edpis\u016f;<\/p>\r\n<p>\u010cetn\u00e9 pr\u00e1vn\u00ed p\u0159edpisy technick\u00e9ho charakteru podle druhu provozovan\u00e9 \u017eivnosti.<\/p>\r\n<p>&nbsp;<\/p>\r\n<p>&nbsp;<\/p>","protected":false},"excerpt":{"rendered":"Z\u00e1kon \u010d. 455\/1991 Sb., o&nbsp;\u017eivnostensk\u00e9m podnik\u00e1n\u00ed (\u017eivnostensk\u00fd z\u00e1kon), ve zn\u011bn\u00ed pozd\u011bj\u0161\u00edch p\u0159edpis\u016f; Na\u0159\u00edzen\u00ed vl\u00e1dy \u010d. 278\/2008 Sb., o&nbsp;obsahov\u00fdch n\u00e1pln\u00edch jednotliv\u00fdch \u017eivnost\u00ed, ve zn\u011bn\u00ed pozd\u011bj\u0161\u00edch p\u0159edpis\u016f; Z\u00e1kon \u010d. 252\/1997 Sb., o&nbsp;zem\u011bd\u011blstv\u00ed, ve zn\u011bn\u00ed pozd\u011bj\u0161\u00edch p\u0159edpis\u016f; \u017divnostensk\u00fd z\u00e1kon je t\u011bsn\u011b spjat s&nbsp;dal\u0161\u00edmi z\u00e1kony a&nbsp;pr\u00e1vn\u00edmi p\u0159edpisy: Z\u00e1kon \u010d. 89\/2012 Sb., ob\u010dansk\u00fd z\u00e1kon\u00edk, ve zn\u011bn\u00ed pozd\u011bj\u0161\u00edch p\u0159edpis\u016f; Z\u00e1kon \u010d. [&hellip;]","protected":false},"author":4,"featured_media":0,"parent":6329,"menu_order":0,"comment_status":"closed","ping_status":"closed","template":"","meta":[],"_links":{"self":[{"href":"https:\/\/www.praha7.cz\/api\/wp\/v2\/pages\/13028"}],"collection":[{"href":"https:\/\/www.praha7.cz\/api\/wp\/v2\/pages"}],"about":[{"href":"https:\/\/www.praha7.cz\/api\/wp\/v2\/types\/page"}],"author":[{"embeddable":true,"href":"https:\/\/www.praha7.cz\/api\/wp\/v2\/users\/4"}],"replies":[{"embeddable":true,"href":"https:\/\/www.praha7.cz\/api\/wp\/v2\/comments?post=13028"}],"version-history":[{"count":6,"href":"https:\/\/www.praha7.cz\/api\/wp\/v2\/pages\/13028\/revisions"}],"predecessor-version":[{"id":13113,"href":"https:\/\/www.praha7.cz\/api\/wp\/v2\/pages\/13028\/revisions\/13113"}],"up":[{"embeddable":true,"href":"https:\/\/www.praha7.cz\/api\/wp\/v2\/pages\/6329"}],"wp:attachment":[{"href":"https:\/\/www.praha7.cz\/api\/wp\/v2\/media?parent=13028"}],"curies":[{"name":"wp","href":"https:\/\/api.w.org\/{rel}","templated":true}]}}

Související právní předpisy

<p><a href="https://www.zakonyprolidi.cz/cs/1991-455" target="_blank" rel="noopener">Zákon č. 455/1991 Sb.,</a> o&nbsp;živnostenském podnikání (živnostenský zákon), ve znění pozdějších předpisů;</p>
<p><a href="https://www.zakonyprolidi.cz/cs/2008-278" target="_blank" rel="noopener">Nařízení vlády č. 278/2008 Sb</a>., o&nbsp;obsahových náplních jednotlivých živností, ve znění pozdějších předpisů;</p>
<p><a href="https://www.zakonyprolidi.cz/cs/1997-252" target="_blank" rel="noopener">Zákon č. 252/1997 Sb.,</a> o&nbsp;zemědělství, ve znění pozdějších předpisů;</p>
<h3>Živnostenský zákon je těsně spjat s&nbsp;dalšími zákony a&nbsp;právními předpisy:</h3>
<p><a href="https://www.zakonyprolidi.cz/cs/2012-89" target="_blank" rel="noopener">Zákon č. 89/2012 Sb</a>., občanský zákoník, ve znění pozdějších předpisů;</p>
<p><a href="https://www.zakonyprolidi.cz/cs/2012-90" target="_blank" rel="noopener">Zákon č. 90/2012 Sb</a>., o&nbsp;obchodních společnostech a&nbsp;družstvech (zákon o&nbsp;obchodních korporacích) ve znění pozdějších předpisů;</p>
<p><a href="https://www.zakonyprolidi.cz/cs/2013-304" target="_blank" rel="noopener">Zákon č. 304/2013 Sb</a>., o&nbsp;veřejných rejstřících právnických a&nbsp;fyzických osob a&nbsp;o&nbsp;evidenci svěřeneckých fondů, ve znění pozdějších předpisů;</p>
<p><a href="https://www.zakonyprolidi.cz/cs/2009-40" target="_blank" rel="noopener">Zákon č. 40/2009 Sb</a>., trestní zákoník, ve znění pozdějších předpisů;</p>
<p><a href="https://www.zakonyprolidi.cz/cs/2004-500" target="_blank" rel="noopener">Zákon č. 500/2004 Sb.</a>, správní řád, ve znění pozdějších předpisů;</p>
<p><a href="https://www.zakonyprolidi.cz/cs/2004-634" target="_blank" rel="noopener">Zákon č. 634/2004 Sb.</a>, o&nbsp;správních poplatcích, ve znění pozdějších předpisů;</p>
<p><a href="https://www.zakonyprolidi.cz/cs/2009-280" target="_blank" rel="noopener">Zákon č. 280/2009 Sb</a>., daňový řád, ve znění pozdějších předpisů;</p>
<p><a href="https://www.zakonyprolidi.cz/cs/1992-589" target="_blank" rel="noopener">Zákon č. 589/1992 Sb.</a>, o&nbsp;pojistném na sociální zabezpečení a&nbsp;příspěvku na státní politiku zaměstnanosti, ve znění pozdějších předpisů;</p>
<p><a href="https://www.zakonyprolidi.cz/cs/1992-586" target="_blank" rel="noopener">Zákon č. 586/1992 Sb.</a>, o&nbsp;daních z&nbsp;příjmů, ve znění pozdějších předpisů;</p>
<p><a href="https://www.zakonyprolidi.cz/cs/2004-18" target="_blank" rel="noopener">Zákon č. 18/2004 Sb</a>., o&nbsp;uznávání odborné kvalifikace a&nbsp;jiné způsobilosti státních příslušníků členských států Evropské unie a&nbsp;o&nbsp;změně některých zákonů (zákon o&nbsp;uznávání odborné kvalifikace), ve znění pozdějších předpisů;</p>
<p><a href="https://www.zakonyprolidi.cz/cs/2004-435" target="_blank" rel="noopener">Zákon č. 435/2004 Sb</a>., o&nbsp;zaměstnanosti, ve znění pozdějších předpisů;</p>
<p><a href="https://www.zakonyprolidi.cz/cs/2006-182" target="_blank" rel="noopener">Zákon č. 182/2006 Sb.</a>, o&nbsp;úpadku a&nbsp;způsobech jeho řešení (insolvenční zákon), ve znění pozdějších předpisů;</p>
<p><a href="https://www.zakonyprolidi.cz/cs/2006-179" target="_blank" rel="noopener">Zákon č. 179/2006 Sb.</a> o&nbsp;ověřování a&nbsp;uznávání výsledků dalšího vzdělávání a&nbsp;o&nbsp;změně některých zákonů (zákon o&nbsp;uznávání výsledků dalšího vzdělávání), ve znění pozdějších předpisů);</p>
<p><a href="https://www.zakonyprolidi.cz/cs/2000-365" target="_blank" rel="noopener">Zákon č. 365/2000 Sb.,</a> o&nbsp;informačních systémech veřejné správy, ve znění pozdějších předpisů;</p>
<p><a href="https://www.zakonyprolidi.cz/cs/2008-300" target="_blank" rel="noopener">Zákon č. 300/2008 Sb.</a>, o&nbsp;elektronických úkonech a&nbsp;autorizované konverzi dokumentů, ve znění pozdějších předpisů;</p>
<p><a href="https://www.zakonyprolidi.cz/cs/2009-111" target="_blank" rel="noopener">Zákon č. 111/2009 Sb</a>., o&nbsp;základních registrech, ve znění pozdějších předpisů;</p>
<p><a href="https://www.zakonyprolidi.cz/cs/1999-326" target="_blank" rel="noopener">Zákon č. 326/1999 Sb</a>., o&nbsp;pobytu cizinců na území České republiky a&nbsp;o&nbsp;změně některých zákonů, ve znění pozdějších předpisů;</p>
<p>Četné právní předpisy technického charakteru podle druhu provozované živnosti.</p>
<p>&nbsp;</p>
<p>&nbsp;</p>

Zákon č. 455/1991 Sb., o&nbsp;živnostenském podnikání (živnostenský zákon), ve znění pozdějších předpisů; Nařízení vlády č. 278/2008 Sb., o&nbsp;obsahových náplních jednotlivých živností, ve znění pozdějších předpisů; Zákon č. 252/1997 Sb., o&nbsp;zemědělství, ve znění pozdějších předpisů; Živnostenský zákon je těsně spjat s&nbsp;dalšími zákony a&nbsp;právními předpisy: Zákon č. 89/2012 Sb., občanský zákoník, ve znění pozdějších předpisů; Zákon č. [&hellip;]
